{"id":10,"date":"2011-11-21T17:37:02","date_gmt":"2011-11-21T17:37:02","guid":{"rendered":"https:\/\/blogs.ua.es\/gitefideua\/?page_id=10"},"modified":"2020-05-06T06:13:06","modified_gmt":"2020-05-06T06:13:06","slug":"components","status":"publish","type":"page","link":"https:\/\/blogs.ua.es\/gitefideua\/bloc-gite-fideua\/components\/","title":{"rendered":"Components"},"content":{"rendered":"<p>El personal docent i investigador (PDI) que pertany al GITE-FIDEUA \u00e9s:<\/p>\n<ul>\n<li>Benav\u00eddez, Paula Gabriela<\/li>\n<li>Calzado Estepa, Eva Mar\u00eda<\/li>\n<li>Campo Bagat\u00edn, Adriano<\/li>\n<li>Franc\u00e9s Monllor, Jorge<\/li>\n<li>Heredia Avalos, Santiago<\/li>\n<li>Moreno Mar\u00edn, Juan Carlos<\/li>\n<li><a href=\"http:\/\/josejoaquinrodesroca.host22.com\">Rodes Roca, Jos\u00e9 Joaqu\u00edn<\/a> (Coordinador)<\/li>\n<li>Rosa Herranz, Julio<\/li>\n<li>Torrej\u00f3n V\u00e1zquez, Jos\u00e9 Miguel<\/li>\n<li>Vera Guarinos, Jenaro<\/li>\n<li>Yebra Calleja, M\u00aa Soledad<\/li>\n<\/ul>\n","protected":false},"excerpt":{"rendered":"<p>El personal docent i investigador (PDI) que pertany al GITE-FIDEUA \u00e9s: Benav\u00eddez, Paula Gabriela Calzado Estepa, Eva Mar\u00eda Campo Bagat\u00edn, Adriano Franc\u00e9s Monllor, Jorge Heredia Avalos, Santiago Moreno Mar\u00edn, Juan Carlos Rodes Roca, Jos\u00e9 Joaqu\u00edn (Coordinador) Rosa Herranz, Julio Torrej\u00f3n V\u00e1zquez, Jos\u00e9 Miguel Vera Guarinos, Jenaro Yebra Calleja, M\u00aa Soledad<\/p>\n","protected":false},"author":2285,"featured_media":0,"parent":2,"menu_order":0,"comment_status":"open","ping_status":"open","template":"","meta":{"footnotes":""},"class_list":["post-10","page","type-page","status-publish","hentry"],"_links":{"self":[{"href":"https:\/\/blogs.ua.es\/gitefideua\/wp-json\/wp\/v2\/pages\/10","targetHints":{"allow":["GET"]}}],"collection":[{"href":"https:\/\/blogs.ua.es\/gitefideua\/wp-json\/wp\/v2\/pages"}],"about":[{"href":"https:\/\/blogs.ua.es\/gitefideua\/wp-json\/wp\/v2\/types\/page"}],"author":[{"embeddable":true,"href":"https:\/\/blogs.ua.es\/gitefideua\/wp-json\/wp\/v2\/users\/2285"}],"replies":[{"embeddable":true,"href":"https:\/\/blogs.ua.es\/gitefideua\/wp-json\/wp\/v2\/comments?post=10"}],"version-history":[{"count":8,"href":"https:\/\/blogs.ua.es\/gitefideua\/wp-json\/wp\/v2\/pages\/10\/revisions"}],"predecessor-version":[{"id":544,"href":"https:\/\/blogs.ua.es\/gitefideua\/wp-json\/wp\/v2\/pages\/10\/revisions\/544"}],"up":[{"embeddable":true,"href":"https:\/\/blogs.ua.es\/gitefideua\/wp-json\/wp\/v2\/pages\/2"}],"wp:attachment":[{"href":"https:\/\/blogs.ua.es\/gitefideua\/wp-json\/wp\/v2\/media?parent=10"}],"curies":[{"name":"wp","href":"https:\/\/api.w.org\/{rel}","templated":true}]}}