{"id":17,"date":"2011-11-21T17:58:08","date_gmt":"2011-11-21T17:58:08","guid":{"rendered":"https:\/\/blogs.ua.es\/gitefideua\/?page_id=17"},"modified":"2011-11-21T18:06:58","modified_gmt":"2011-11-21T18:06:58","slug":"arquitectura","status":"publish","type":"page","link":"https:\/\/blogs.ua.es\/gitefideua\/docencia\/arquitectura\/","title":{"rendered":"Arquitectura"},"content":{"rendered":"<p><span style=\"color: #003366\"><strong>Assignatures<br \/>\n<\/strong><\/span><\/p>\n<ul>\n<li>Ac\u00fastica Mediambiental (optativa)<\/li>\n<li>A\u00efllament i Condicionament Ac\u00fastic (optativa)<\/li>\n<\/ul>\n","protected":false},"excerpt":{"rendered":"<p>Assignatures Ac\u00fastica Mediambiental (optativa) A\u00efllament i Condicionament Ac\u00fastic (optativa)<\/p>\n","protected":false},"author":2285,"featured_media":0,"parent":13,"menu_order":0,"comment_status":"open","ping_status":"open","template":"","meta":{"footnotes":""},"class_list":["post-17","page","type-page","status-publish","hentry"],"_links":{"self":[{"href":"https:\/\/blogs.ua.es\/gitefideua\/wp-json\/wp\/v2\/pages\/17","targetHints":{"allow":["GET"]}}],"collection":[{"href":"https:\/\/blogs.ua.es\/gitefideua\/wp-json\/wp\/v2\/pages"}],"about":[{"href":"https:\/\/blogs.ua.es\/gitefideua\/wp-json\/wp\/v2\/types\/page"}],"author":[{"embeddable":true,"href":"https:\/\/blogs.ua.es\/gitefideua\/wp-json\/wp\/v2\/users\/2285"}],"replies":[{"embeddable":true,"href":"https:\/\/blogs.ua.es\/gitefideua\/wp-json\/wp\/v2\/comments?post=17"}],"version-history":[{"count":3,"href":"https:\/\/blogs.ua.es\/gitefideua\/wp-json\/wp\/v2\/pages\/17\/revisions"}],"predecessor-version":[{"id":31,"href":"https:\/\/blogs.ua.es\/gitefideua\/wp-json\/wp\/v2\/pages\/17\/revisions\/31"}],"up":[{"embeddable":true,"href":"https:\/\/blogs.ua.es\/gitefideua\/wp-json\/wp\/v2\/pages\/13"}],"wp:attachment":[{"href":"https:\/\/blogs.ua.es\/gitefideua\/wp-json\/wp\/v2\/media?parent=17"}],"curies":[{"name":"wp","href":"https:\/\/api.w.org\/{rel}","templated":true}]}}