{"id":19,"date":"2009-01-21T17:32:08","date_gmt":"2009-01-21T16:32:08","guid":{"rendered":"https:\/\/blogs.ua.es\/gonzalo\/?page_id=19"},"modified":"2009-08-10T15:24:01","modified_gmt":"2009-08-10T14:24:01","slug":"videos-sobre-las-tics","status":"publish","type":"page","link":"https:\/\/blogs.ua.es\/gonzalo\/videos-sobre-las-tics\/","title":{"rendered":"Videos TICS"},"content":{"rendered":"<p><strong><br \/>\n<\/strong>A continuaci\u00f3n se presentan algunos videos interesantes sobre la tem\u00e1tica que se esta tratando en este blog.  Son videos y algunas presentaciones de aspecto te\u00f3rica.<strong><br \/>\n<strong><br \/>\n<code>[kml_flashembed movie=\"http:\/\/www.youtube.com\/v\/6uPHgyTS2ww\" width=\"400\" height=\"300\" wmode=\"transparent\" \/]<\/code><br \/>\n<strong><br \/>\n<code>[kml_flashembed movie=\"http:\/\/www.youtube.com\/v\/mAt7fctReQs\" width=\"400\" height=\"300\" wmode=\"transparent\" \/]<\/code><br \/>\n<strong><br \/>\n<code>[kml_flashembed movie=\"http:\/\/www.youtube.com\/v\/9xX9cKMQ4hw\" width=\"400\" height=\"300\" wmode=\"transparent\" \/]<\/code><br \/>\n<strong><br \/>\n<code>[kml_flashembed movie=\"http:\/\/www.youtube.com\/v\/D2wqC6__6dA\" width=\"400\" height=\"300\" wmode=\"transparent\" \/]<\/code><br \/>\n<strong><br \/>\n<code>[kml_flashembed movie=\"http:\/\/www.youtube.com\/v\/y8F7tArcEKw\" width=\"400\" height=\"300\" wmode=\"transparent\" \/]<\/code><\/strong><\/strong><\/strong><\/strong><\/strong><\/strong><\/p>\n","protected":false},"excerpt":{"rendered":"<p>A continuaci\u00f3n se presentan algunos videos interesantes sobre la tem\u00e1tica que se esta tratando en este blog. Son videos y algunas presentaciones de aspecto te\u00f3rica. [kml_flashembed movie=&#8221;http:\/\/www.youtube.com\/v\/6uPHgyTS2ww&#8221; width=&#8221;400&#8243; height=&#8221;300&#8243; wmode=&#8221;transparent&#8221; \/] [kml_flashembed movie=&#8221;http:\/\/www.youtube.com\/v\/mAt7fctReQs&#8221; width=&#8221;400&#8243; height=&#8221;300&#8243; wmode=&#8221;transparent&#8221; \/] [kml_flashembed movie=&#8221;http:\/\/www.youtube.com\/v\/9xX9cKMQ4hw&#8221; width=&#8221;400&#8243; height=&#8221;300&#8243; wmode=&#8221;transparent&#8221; \/] [kml_flashembed movie=&#8221;http:\/\/www.youtube.com\/v\/D2wqC6__6dA&#8221; width=&#8221;400&#8243; height=&#8221;300&#8243; wmode=&#8221;transparent&#8221; \/] [kml_flashembed movie=&#8221;http:\/\/www.youtube.com\/v\/y8F7tArcEKw&#8221; width=&#8221;400&#8243; height=&#8221;300&#8243; wmode=&#8221;transparent&#8221; \/]<\/p>\n","protected":false},"author":1090,"featured_media":0,"parent":0,"menu_order":0,"comment_status":"open","ping_status":"open","template":"","meta":{"footnotes":""},"class_list":["post-19","page","type-page","status-publish","hentry"],"_links":{"self":[{"href":"https:\/\/blogs.ua.es\/gonzalo\/wp-json\/wp\/v2\/pages\/19","targetHints":{"allow":["GET"]}}],"collection":[{"href":"https:\/\/blogs.ua.es\/gonzalo\/wp-json\/wp\/v2\/pages"}],"about":[{"href":"https:\/\/blogs.ua.es\/gonzalo\/wp-json\/wp\/v2\/types\/page"}],"author":[{"embeddable":true,"href":"https:\/\/blogs.ua.es\/gonzalo\/wp-json\/wp\/v2\/users\/1090"}],"replies":[{"embeddable":true,"href":"https:\/\/blogs.ua.es\/gonzalo\/wp-json\/wp\/v2\/comments?post=19"}],"version-history":[{"count":20,"href":"https:\/\/blogs.ua.es\/gonzalo\/wp-json\/wp\/v2\/pages\/19\/revisions"}],"predecessor-version":[{"id":812,"href":"https:\/\/blogs.ua.es\/gonzalo\/wp-json\/wp\/v2\/pages\/19\/revisions\/812"}],"wp:attachment":[{"href":"https:\/\/blogs.ua.es\/gonzalo\/wp-json\/wp\/v2\/media?parent=19"}],"curies":[{"name":"wp","href":"https:\/\/api.w.org\/{rel}","templated":true}]}}