{"id":18,"date":"2009-10-20T15:55:36","date_gmt":"2009-10-20T13:55:36","guid":{"rendered":"https:\/\/blogs.ua.es\/grancapitan\/?page_id=18"},"modified":"2010-01-07T13:57:12","modified_gmt":"2010-01-07T11:57:12","slug":"carrera-militar","status":"publish","type":"page","link":"https:\/\/blogs.ua.es\/grancapitan\/carrera-militar\/","title":{"rendered":"Carrera militar"},"content":{"rendered":"<p><strong>Inicios<\/strong><img loading=\"lazy\" decoding=\"async\" class=\"alignleft size-medium wp-image-74\" title=\"Monumento al Gran Capit\u00e1n en la Plaza de las Tendillas en C\u00f3rdoba\" src=\"https:\/\/blogs.ua.es\/grancapitan\/files\/2009\/10\/gran-capitan-tendillas-287x300.jpg\" alt=\"Monumento al Gran Capit\u00e1n en la Plaza de las Tendillas en C\u00f3rdoba\" width=\"287\" height=\"300\" srcset=\"https:\/\/blogs.ua.es\/grancapitan\/files\/2009\/10\/gran-capitan-tendillas-287x300.jpg 287w, https:\/\/blogs.ua.es\/grancapitan\/files\/2009\/10\/gran-capitan-tendillas.jpg 488w\" sizes=\"auto, (max-width: 287px) 100vw, 287px\" \/><\/p>\n<p>La reina Isabel la Cat\u00f3lica, que acababa de casarse, se dispon\u00eda a defender sus derechos contra los partidarios de Juana la <em>Beltraneja<\/em> en la Guerra Civil castellana, y le llam\u00f3 a su lado para que luchara con sus tropas. A partir de entonces, se distingui\u00f3 en la  Corte por su apostura, magnificiencia y generosidad.<\/p>\n<p><strong>Su papel en la Guerra de Granada<\/strong><\/p>\n<p>Sus cualidades empezaron a ser conocidas durante la Guerra de Granada, en la toma de Loja (ciudad que le confiaron los Reyes Cat\u00f3licos) en 1486, y se distingui\u00f3 en el sitio de T\u00e1jara y en la conquista de \u00cdllora. Tambi\u00e9n tom\u00f3 parte en las negociaciones con Boabdil para lograr la capitulaci\u00f3n de la ciudad. Por eso recibi\u00f3 una ecomienda de la Orden de Santiago, el se\u00f1or\u00edo de \u00d3rgiva (provincia de Granada) y determinadas rentas sobre la seda granadina.<\/p>\n<p><strong>En Italia<\/strong><\/p>\n<p><strong> <\/strong><\/p>\n<p><em>La primera expedici\u00f3n a Italia<\/em><\/p>\n<p><em> <\/em><\/p>\n<p>Don Gonzalo era fiel a Isabel I de Castilla. Cuando los Reyes Cat\u00f3licos decidieron ayudar a su pariente Alfonso II de Napol\u00e9s contra Carlos VIII de Francia, Fern\u00e1ndez de C\u00f3rdoba fue elegido para capitanear la expedici\u00f3n espa\u00f1ola en Italia.<img loading=\"lazy\" decoding=\"async\" class=\"alignright size-medium wp-image-73\" title=\"Rosa de Oro\" src=\"https:\/\/blogs.ua.es\/grancapitan\/files\/2009\/10\/rosa-de-oro-150x300.jpg\" alt=\"Rosa de Oro\" width=\"120\" height=\"240\" srcset=\"https:\/\/blogs.ua.es\/grancapitan\/files\/2009\/10\/rosa-de-oro-150x300.jpg 150w, https:\/\/blogs.ua.es\/grancapitan\/files\/2009\/10\/rosa-de-oro-512x1024.jpg 512w, https:\/\/blogs.ua.es\/grancapitan\/files\/2009\/10\/rosa-de-oro.jpg 1300w\" sizes=\"auto, (max-width: 120px) 100vw, 120px\" \/><\/p>\n<p>Don Gonzalo zarp\u00f3 para Sicilia en 1495. En la Primera  Campa\u00f1a de Italia Fern\u00e1ndez de C\u00f3rdoba muestr\u00f3 sus grandes dotes militares como jefe de un ej\u00e9rcito. Con escasas fuerzas y mucha movilidad se hizo con toda la Calabria en 1495. Al a\u00f1o siguiente efectu\u00f3 una marcha rel\u00e1mpago para acudir al sitio de Atella y ponerse al frente de las fuerzas aliadas de la Santa Liga. En algo m\u00e1s de un mes logr\u00f3 la capitulaci\u00f3n del ej\u00e9rcito franc\u00e9s, la repatriaci\u00f3n a Francia de la mayor\u00eda de sus efectivos y la entrega de la mayor parte de las plazas fuertes en su poder. Su \u00e9xito tuvo una gran repercusi\u00f3n internacional y se gan\u00f3 el t\u00edtulo de <strong>El Gran Capit\u00e1n <\/strong>y el t\u00edtulo de Duque de Sant\u00e1ngelo. Tambi\u00e9n entr\u00f3 el triunfador de Napol\u00e9s y por su ayuda, el Papa Alejandro VI concedi\u00f3 a Fern\u00e1ndez de C\u00f3rdoba la  <em>Rosa<\/em><em> de Oro<\/em>. Despu\u00e9s de tres a\u00f1os de campa\u00f1a, en 1498 regresaron a Espa\u00f1a las tropas espa\u00f1olas, dejando el reino de N\u00e1poles en manos de Don Fadrique III, de la Casa de Arag\u00f3n (hered\u00f3 el trono de su t\u00edo, Farrente II de Napol\u00e9s). Volviendo la gente celebraron al Gran Capit\u00e1n como un h\u00e9roe nacional.<\/p>\n<p><em>La segunda expedici\u00f3n a Italia<\/em><\/p>\n<p><em> <\/em><\/p>\n<p>En 1500 Fernando I de Arag\u00f3n pact\u00f3 con Luis XII, rey de Francia, sobre el reparto de Napol\u00e9s. Desde el principio se produjeron roces entre espa\u00f1oles y franceses por ese motivo, que desembocaron en la reapertura de las hostilidades. La superioridad num\u00e9rica francesa oblig\u00f3 a Fern\u00e1nd<img loading=\"lazy\" decoding=\"async\" class=\"alignleft size-medium wp-image-72\" title=\"Gran Capit\u00e1n en Ceri\u00f1ola\" src=\"https:\/\/blogs.ua.es\/grancapitan\/files\/2009\/10\/325-gran_capitan_en_cerinyola1-300x225.jpg\" alt=\"Gran Capit\u00e1n en Ceri\u00f1ola\" width=\"300\" height=\"225\" srcset=\"https:\/\/blogs.ua.es\/grancapitan\/files\/2009\/10\/325-gran_capitan_en_cerinyola1-300x225.jpg 300w, https:\/\/blogs.ua.es\/grancapitan\/files\/2009\/10\/325-gran_capitan_en_cerinyola1.jpg 360w\" sizes=\"auto, (max-width: 300px) 100vw, 300px\" \/>ez de C\u00f3rdoba a utilizar su genio como estratega, concentr\u00e1ndose en la defensa de plazas fuertes a la espera de refuerzos; eso dio lugar a la Segunda  Campa\u00f1a de Italia.<\/p>\n<p>En abril de 1503 Gran Capit\u00e1n derrot\u00f3 el ej\u00e9rcito franc\u00e9s en la batalla de Ceri\u00f1ola, as\u00ed el ej\u00e9rcito espa\u00f1ol se hizo due\u00f1o de todo el reino napolitanio. En diciembre del mismo a\u00f1o el ej\u00e9rcito de don Gonzalo venci\u00f3 de nuevo en la batalla de Garellano. Los franceses tuvieron que entregar la plaza de Gaeta y dejar el terreno libre a los espa\u00f1oles.<\/p>\n<p>Finalizada la guerra gracias al tratado de paz entre Francia y Espa\u0144a del 11 de febrero de 1504, N\u00e1poles pas\u00f3 a la corona de Espa\u00f1a. Fern\u00e1ndez de C\u00f3rdoba gobern\u00f3 como virrey en N\u00e1poles durante cuatro a\u00f1os.<\/p>\n<p>Fuentes:<\/p>\n<ul>\n<li><a href=\"http:\/\/es.wikipedia.org\/wiki\/Gonzalo_Fern%C3%A1ndez_de_C%C3%B3rdoba#Carrera_militar\">http:\/\/es.wikipedia.org\/wiki\/Gonzalo_Fern%C3%A1ndez_de_C%C3%B3rdoba#Carrera_militar<\/a><\/li>\n<li><a href=\"http:\/\/www.ingenierosdelrey.com\/personajes\/s_16\/fernandez_cordoba.htm\">http:\/\/www.ingenierosdelrey.com\/personajes\/s_16\/fernandez_cordoba.htm<\/a><\/li>\n<\/ul>\n","protected":false},"excerpt":{"rendered":"<p>Inicios La reina Isabel la Cat\u00f3lica, que acababa de casarse, se dispon\u00eda a defender sus derechos contra los partidarios de Juana la Beltraneja en la Guerra Civil castellana, y le llam\u00f3 a su lado para que luchara con sus tropas. A partir de entonces, se distingui\u00f3 en la Corte por su apostura, magnificiencia y generosidad. [&hellip;]<\/p>\n","protected":false},"author":1321,"featured_media":0,"parent":0,"menu_order":0,"comment_status":"open","ping_status":"open","template":"","meta":{"footnotes":""},"class_list":["post-18","page","type-page","status-publish","hentry"],"_links":{"self":[{"href":"https:\/\/blogs.ua.es\/grancapitan\/wp-json\/wp\/v2\/pages\/18","targetHints":{"allow":["GET"]}}],"collection":[{"href":"https:\/\/blogs.ua.es\/grancapitan\/wp-json\/wp\/v2\/pages"}],"about":[{"href":"https:\/\/blogs.ua.es\/grancapitan\/wp-json\/wp\/v2\/types\/page"}],"author":[{"embeddable":true,"href":"https:\/\/blogs.ua.es\/grancapitan\/wp-json\/wp\/v2\/users\/1321"}],"replies":[{"embeddable":true,"href":"https:\/\/blogs.ua.es\/grancapitan\/wp-json\/wp\/v2\/comments?post=18"}],"version-history":[{"count":16,"href":"https:\/\/blogs.ua.es\/grancapitan\/wp-json\/wp\/v2\/pages\/18\/revisions"}],"predecessor-version":[{"id":82,"href":"https:\/\/blogs.ua.es\/grancapitan\/wp-json\/wp\/v2\/pages\/18\/revisions\/82"}],"wp:attachment":[{"href":"https:\/\/blogs.ua.es\/grancapitan\/wp-json\/wp\/v2\/media?parent=18"}],"curies":[{"name":"wp","href":"https:\/\/api.w.org\/{rel}","templated":true}]}}