{"id":171,"date":"2010-06-21T11:01:05","date_gmt":"2010-06-21T11:01:05","guid":{"rendered":"https:\/\/blogs.ua.es\/gresmes\/?page_id=171"},"modified":"2015-03-12T13:27:44","modified_gmt":"2015-03-12T13:27:44","slug":"estudios-dinamicos","status":"publish","type":"page","link":"https:\/\/blogs.ua.es\/gresmes\/empresa\/estudios-dinamicos\/","title":{"rendered":"Estudios Din\u00e1micos"},"content":{"rendered":"<p><strong>ESTUDIOS DIN\u00c1MICOS DE ESTRUCTURAS, <\/strong><strong>tanto para ingenier\u00eda civil, arquitectura o      ingenier\u00eda mec\u00e1nica.<\/strong><\/p>\n<p>Evaluaci\u00f3n num\u00e9rica y\/o experimental de estados l\u00edmites de servicio. Control de vibraciones de acuerdo a las normativas vigentes. Control de pruebas de carga din\u00e1micas, voladuras, equipos vibratorios, transmisi\u00f3n y\/o aislamiento de vibraciones, cimentaciones de m\u00e1quinas, etc.<\/p>\n<p><strong>Muestra de algunos estudios realizados en esta l\u00ednea:<\/strong><\/p>\n<table style=\"height: 150px;width: 450px\" border=\"0\" cellspacing=\"0\" cellpadding=\"0\">\n<tbody>\n<tr>\n<td><a href=\"https:\/\/blogs.ua.es\/gresmes\/files\/2010\/06\/D_campana01.jpg\" target=\"_blank\"><img loading=\"lazy\" decoding=\"async\" class=\"size-thumbnail wp-image-176 aligncenter\" style=\"border: 0pt none;margin-top: 0px;margin-bottom: 0px\" title=\"D_campana01\" src=\"https:\/\/blogs.ua.es\/gresmes\/files\/2010\/06\/D_campana01-150x150.jpg\" alt=\"\" width=\"150\" height=\"150\" srcset=\"https:\/\/blogs.ua.es\/gresmes\/files\/2010\/06\/D_campana01-150x150.jpg 150w, https:\/\/blogs.ua.es\/gresmes\/files\/2010\/06\/D_campana01.jpg 300w\" sizes=\"auto, (max-width: 150px) 100vw, 150px\" \/><\/a><\/td>\n<td><a href=\"https:\/\/blogs.ua.es\/gresmes\/files\/2010\/06\/D_campana02.jpg\"><img loading=\"lazy\" decoding=\"async\" class=\"size-thumbnail wp-image-177 aligncenter\" title=\"D_campana02\" src=\"https:\/\/blogs.ua.es\/gresmes\/files\/2010\/06\/D_campana02-150x150.jpg\" alt=\"\" width=\"150\" height=\"150\" srcset=\"https:\/\/blogs.ua.es\/gresmes\/files\/2010\/06\/D_campana02-150x150.jpg 150w, https:\/\/blogs.ua.es\/gresmes\/files\/2010\/06\/D_campana02.jpg 300w\" sizes=\"auto, (max-width: 150px) 100vw, 150px\" \/><\/a><\/td>\n<td style=\"text-align: left\"><em>Estudio del comportamiento estructural de una campana frente a cargas din\u00e1micas.<\/em><\/td>\n<\/tr>\n<\/tbody>\n<\/table>\n<table style=\"height: 150px;width: 450px\" border=\"0\" cellspacing=\"0\" cellpadding=\"0\">\n<tbody>\n<tr>\n<td><a href=\"https:\/\/blogs.ua.es\/gresmes\/files\/2010\/06\/D_campanarioorihuela02.jpg\"><img loading=\"lazy\" decoding=\"async\" class=\"size-thumbnail wp-image-184 aligncenter\" title=\"D_campanarioorihuela02\" src=\"https:\/\/blogs.ua.es\/gresmes\/files\/2010\/06\/D_campanarioorihuela02-150x150.jpg\" alt=\"\" width=\"150\" height=\"150\" srcset=\"https:\/\/blogs.ua.es\/gresmes\/files\/2010\/06\/D_campanarioorihuela02-150x150.jpg 150w, https:\/\/blogs.ua.es\/gresmes\/files\/2010\/06\/D_campanarioorihuela02.jpg 300w\" sizes=\"auto, (max-width: 150px) 100vw, 150px\" \/><\/a><\/td>\n<td><a href=\"https:\/\/blogs.ua.es\/gresmes\/files\/2010\/06\/D_campanarioorihuela01.jpg\"><img loading=\"lazy\" decoding=\"async\" class=\"size-thumbnail wp-image-185 aligncenter\" title=\"D_campanarioorihuela01\" src=\"https:\/\/blogs.ua.es\/gresmes\/files\/2010\/06\/D_campanarioorihuela01-150x150.jpg\" alt=\"\" width=\"150\" height=\"150\" srcset=\"https:\/\/blogs.ua.es\/gresmes\/files\/2010\/06\/D_campanarioorihuela01-150x150.jpg 150w, https:\/\/blogs.ua.es\/gresmes\/files\/2010\/06\/D_campanarioorihuela01.jpg 300w\" sizes=\"auto, (max-width: 150px) 100vw, 150px\" \/><\/a><\/td>\n<td style=\"text-align: left\"><em>Estudio del comportamiento estructural de un campanario en Orihuela, Alicante, frente a cargas din\u00e1micas.<\/em><\/td>\n<\/tr>\n<\/tbody>\n<\/table>\n<table style=\"height: 300px;width: 450px\" border=\"0\" cellspacing=\"0\" cellpadding=\"0\">\n<tbody>\n<tr>\n<td><a href=\"https:\/\/blogs.ua.es\/gresmes\/files\/2010\/06\/D_impacto031.jpg\"><img loading=\"lazy\" decoding=\"async\" class=\"size-thumbnail wp-image-187 aligncenter\" title=\"D_impacto03\" src=\"https:\/\/blogs.ua.es\/gresmes\/files\/2010\/06\/D_impacto031-150x150.jpg\" alt=\"\" width=\"150\" height=\"150\" srcset=\"https:\/\/blogs.ua.es\/gresmes\/files\/2010\/06\/D_impacto031-150x150.jpg 150w, https:\/\/blogs.ua.es\/gresmes\/files\/2010\/06\/D_impacto031.jpg 300w\" sizes=\"auto, (max-width: 150px) 100vw, 150px\" \/><\/a><\/td>\n<td><a href=\"https:\/\/blogs.ua.es\/gresmes\/files\/2010\/06\/D_impacto02.jpg\"><img loading=\"lazy\" decoding=\"async\" class=\"size-thumbnail wp-image-188 aligncenter\" title=\"D_impacto02\" src=\"https:\/\/blogs.ua.es\/gresmes\/files\/2010\/06\/D_impacto02-150x150.jpg\" alt=\"\" width=\"150\" height=\"150\" srcset=\"https:\/\/blogs.ua.es\/gresmes\/files\/2010\/06\/D_impacto02-150x150.jpg 150w, https:\/\/blogs.ua.es\/gresmes\/files\/2010\/06\/D_impacto02.jpg 300w\" sizes=\"auto, (max-width: 150px) 100vw, 150px\" \/><\/a><\/td>\n<td><em>Estudio del comportamiento estructural de un pilar frente a impacto.<\/em><\/td>\n<\/tr>\n<tr>\n<td><a href=\"https:\/\/blogs.ua.es\/gresmes\/files\/2010\/06\/D_impacto00.jpg\"><img loading=\"lazy\" decoding=\"async\" class=\"size-thumbnail wp-image-189 aligncenter\" title=\"D_impacto00\" src=\"https:\/\/blogs.ua.es\/gresmes\/files\/2010\/06\/D_impacto00-150x150.jpg\" alt=\"\" width=\"150\" height=\"150\" srcset=\"https:\/\/blogs.ua.es\/gresmes\/files\/2010\/06\/D_impacto00-150x150.jpg 150w, https:\/\/blogs.ua.es\/gresmes\/files\/2010\/06\/D_impacto00.jpg 300w\" sizes=\"auto, (max-width: 150px) 100vw, 150px\" \/><\/a><\/td>\n<td><a href=\"https:\/\/blogs.ua.es\/gresmes\/files\/2010\/06\/D_impacto01.jpg\" target=\"_blank\"><img loading=\"lazy\" decoding=\"async\" class=\"size-thumbnail wp-image-191 aligncenter\" style=\"border: 0pt none;margin-top: 0px;margin-bottom: 0px\" title=\"D_impacto01\" src=\"https:\/\/blogs.ua.es\/gresmes\/files\/2010\/06\/D_impacto01-150x150.jpg\" alt=\"\" width=\"150\" height=\"150\" srcset=\"https:\/\/blogs.ua.es\/gresmes\/files\/2010\/06\/D_impacto01-150x150.jpg 150w, https:\/\/blogs.ua.es\/gresmes\/files\/2010\/06\/D_impacto01.jpg 300w\" sizes=\"auto, (max-width: 150px) 100vw, 150px\" \/><\/a><\/td>\n<td><em>Ensayos de impacto.<\/em><\/td>\n<\/tr>\n<\/tbody>\n<\/table>\n<table style=\"height: 150px;width: 450px\" border=\"0\" cellspacing=\"0\" cellpadding=\"0\">\n<tbody>\n<tr>\n<td><a href=\"https:\/\/blogs.ua.es\/gresmes\/files\/2010\/06\/D_campanariovedat00.jpg\" target=\"_blank\"><img loading=\"lazy\" decoding=\"async\" class=\"size-thumbnail wp-image-194 aligncenter\" style=\"border: 0pt none;margin-top: 0px;margin-bottom: 0px\" title=\"D_campanariovedat00\" src=\"https:\/\/blogs.ua.es\/gresmes\/files\/2010\/06\/D_campanariovedat00-150x150.jpg\" alt=\"\" width=\"150\" height=\"150\" srcset=\"https:\/\/blogs.ua.es\/gresmes\/files\/2010\/06\/D_campanariovedat00-150x150.jpg 150w, https:\/\/blogs.ua.es\/gresmes\/files\/2010\/06\/D_campanariovedat00.jpg 300w\" sizes=\"auto, (max-width: 150px) 100vw, 150px\" \/><\/a><\/td>\n<td><a href=\"https:\/\/blogs.ua.es\/gresmes\/files\/2010\/06\/D_campanariovedat01.jpg\" target=\"_blank\"><img loading=\"lazy\" decoding=\"async\" class=\"size-thumbnail wp-image-195 aligncenter\" style=\"border: 0pt none;margin-top: 0px;margin-bottom: 0px\" title=\"D_campanariovedat01\" src=\"https:\/\/blogs.ua.es\/gresmes\/files\/2010\/06\/D_campanariovedat01-150x150.jpg\" alt=\"\" width=\"150\" height=\"150\" srcset=\"https:\/\/blogs.ua.es\/gresmes\/files\/2010\/06\/D_campanariovedat01-150x150.jpg 150w, https:\/\/blogs.ua.es\/gresmes\/files\/2010\/06\/D_campanariovedat01.jpg 300w\" sizes=\"auto, (max-width: 150px) 100vw, 150px\" \/><\/a><\/td>\n<td style=\"text-align: left\"><em>Estudio del comportamiento estructural del campanario del Vedat frente a cargas din\u00e1micas.<\/em><\/td>\n<\/tr>\n<\/tbody>\n<\/table>\n<table style=\"height: 150px;width: 450px\" border=\"0\" cellspacing=\"0\" cellpadding=\"0\">\n<tbody>\n<tr>\n<td><a href=\"https:\/\/blogs.ua.es\/gresmes\/files\/2010\/06\/D_campanariovalencia00.jpg\" target=\"_blank\"><img loading=\"lazy\" decoding=\"async\" class=\"size-thumbnail wp-image-198 aligncenter\" style=\"border: 0pt none;margin-top: 0px;margin-bottom: 0px\" title=\"D_campanariovalencia00\" src=\"https:\/\/blogs.ua.es\/gresmes\/files\/2010\/06\/D_campanariovalencia00-150x150.jpg\" alt=\"\" width=\"150\" height=\"150\" srcset=\"https:\/\/blogs.ua.es\/gresmes\/files\/2010\/06\/D_campanariovalencia00-150x150.jpg 150w, https:\/\/blogs.ua.es\/gresmes\/files\/2010\/06\/D_campanariovalencia00.jpg 300w\" sizes=\"auto, (max-width: 150px) 100vw, 150px\" \/><\/a><\/td>\n<td><a href=\"https:\/\/blogs.ua.es\/gresmes\/files\/2010\/06\/D_campanariovalencia01.jpg\" target=\"_blank\"><img loading=\"lazy\" decoding=\"async\" class=\"size-thumbnail wp-image-199 aligncenter\" style=\"border: 0pt none;margin-top: 0px;margin-bottom: 0px\" title=\"D_campanariovalencia01\" src=\"https:\/\/blogs.ua.es\/gresmes\/files\/2010\/06\/D_campanariovalencia01-150x150.jpg\" alt=\"\" width=\"150\" height=\"150\" srcset=\"https:\/\/blogs.ua.es\/gresmes\/files\/2010\/06\/D_campanariovalencia01-150x150.jpg 150w, https:\/\/blogs.ua.es\/gresmes\/files\/2010\/06\/D_campanariovalencia01.jpg 300w\" sizes=\"auto, (max-width: 150px) 100vw, 150px\" \/><\/a><\/td>\n<td style=\"text-align: left\"><em>Estudio del comportamiento estructural frente a cargas din\u00e1micas.<\/em><\/td>\n<\/tr>\n<\/tbody>\n<\/table>\n<table style=\"height: 150px;width: 450px\" border=\"0\" cellspacing=\"0\" cellpadding=\"0\">\n<tbody>\n<tr>\n<td><a href=\"https:\/\/blogs.ua.es\/gresmes\/files\/2010\/06\/D_altavoces01.jpg\" target=\"_blank\"><img loading=\"lazy\" decoding=\"async\" class=\"aligncenter size-thumbnail wp-image-396\" style=\"border: 0pt none;margin: 0px\" title=\"D_altavoces01\" src=\"https:\/\/blogs.ua.es\/gresmes\/files\/2010\/06\/D_altavoces01-150x150.jpg\" alt=\"\" width=\"150\" height=\"150\" srcset=\"https:\/\/blogs.ua.es\/gresmes\/files\/2010\/06\/D_altavoces01-150x150.jpg 150w, https:\/\/blogs.ua.es\/gresmes\/files\/2010\/06\/D_altavoces01.jpg 300w\" sizes=\"auto, (max-width: 150px) 100vw, 150px\" \/><\/a><\/td>\n<td><a href=\"https:\/\/blogs.ua.es\/gresmes\/files\/2010\/06\/D_altavoces02.jpg\" target=\"_blank\"><img loading=\"lazy\" decoding=\"async\" class=\"aligncenter size-thumbnail wp-image-397\" style=\"border: 0pt none;margin: 0px\" title=\"D_altavoces02\" src=\"https:\/\/blogs.ua.es\/gresmes\/files\/2010\/06\/D_altavoces02-150x150.jpg\" alt=\"\" width=\"150\" height=\"150\" srcset=\"https:\/\/blogs.ua.es\/gresmes\/files\/2010\/06\/D_altavoces02-150x150.jpg 150w, https:\/\/blogs.ua.es\/gresmes\/files\/2010\/06\/D_altavoces02.jpg 300w\" sizes=\"auto, (max-width: 150px) 100vw, 150px\" \/><\/a><\/td>\n<td style=\"text-align: left\"><em>Estudio del comportamiento estructural de un altavoz frente a cargas din\u00e1micas.<\/em><\/td>\n<\/tr>\n<\/tbody>\n<\/table>\n","protected":false},"excerpt":{"rendered":"<p>ESTUDIOS DIN\u00c1MICOS DE ESTRUCTURAS, tanto para ingenier\u00eda civil, arquitectura o ingenier\u00eda mec\u00e1nica. Evaluaci\u00f3n num\u00e9rica y\/o experimental de estados l\u00edmites de servicio. Control de vibraciones de acuerdo a las normativas vigentes. Control de pruebas de carga din\u00e1micas, voladuras, equipos vibratorios, transmisi\u00f3n y\/o aislamiento de vibraciones, cimentaciones de m\u00e1quinas, etc. Muestra de algunos estudios realizados en esta [&hellip;]<\/p>\n","protected":false},"author":3077,"featured_media":0,"parent":24,"menu_order":0,"comment_status":"closed","ping_status":"closed","template":"","meta":{"footnotes":""},"class_list":["post-171","page","type-page","status-publish","hentry"],"_links":{"self":[{"href":"https:\/\/blogs.ua.es\/gresmes\/wp-json\/wp\/v2\/pages\/171","targetHints":{"allow":["GET"]}}],"collection":[{"href":"https:\/\/blogs.ua.es\/gresmes\/wp-json\/wp\/v2\/pages"}],"about":[{"href":"https:\/\/blogs.ua.es\/gresmes\/wp-json\/wp\/v2\/types\/page"}],"author":[{"embeddable":true,"href":"https:\/\/blogs.ua.es\/gresmes\/wp-json\/wp\/v2\/users\/3077"}],"replies":[{"embeddable":true,"href":"https:\/\/blogs.ua.es\/gresmes\/wp-json\/wp\/v2\/comments?post=171"}],"version-history":[{"count":24,"href":"https:\/\/blogs.ua.es\/gresmes\/wp-json\/wp\/v2\/pages\/171\/revisions"}],"predecessor-version":[{"id":418,"href":"https:\/\/blogs.ua.es\/gresmes\/wp-json\/wp\/v2\/pages\/171\/revisions\/418"}],"up":[{"embeddable":true,"href":"https:\/\/blogs.ua.es\/gresmes\/wp-json\/wp\/v2\/pages\/24"}],"wp:attachment":[{"href":"https:\/\/blogs.ua.es\/gresmes\/wp-json\/wp\/v2\/media?parent=171"}],"curies":[{"name":"wp","href":"https:\/\/api.w.org\/{rel}","templated":true}]}}