{"id":246,"date":"2010-06-21T23:59:38","date_gmt":"2010-06-21T23:59:38","guid":{"rendered":"https:\/\/blogs.ua.es\/gresmes\/?page_id=246"},"modified":"2015-03-12T13:28:03","modified_gmt":"2015-03-12T13:28:03","slug":"prevencion-de-riesgos-laborales","status":"publish","type":"page","link":"https:\/\/blogs.ua.es\/gresmes\/empresa\/prevencion-de-riesgos-laborales\/","title":{"rendered":"Prevenci\u00f3n de Riesgos Laborales"},"content":{"rendered":"<p><strong>PREVENCI\u00d3N DE RIESGOS LABORALES<\/strong><strong>.<\/strong><\/p>\n<p>Evaluaci\u00f3n num\u00e9rica y experimental de sistemas estructurales para la protecci\u00f3n individual y\/o colectiva en construcciones de ingenier\u00eda civil y arquitectura.<\/p>\n<p><strong>Muestra de algunos estudios realizados en esta l\u00ednea:<\/strong><\/p>\n<table style=\"width: 450px;height: 150px\" border=\"0\" cellspacing=\"0\" cellpadding=\"0\">\n<tbody>\n<tr>\n<td><a href=\"https:\/\/blogs.ua.es\/gresmes\/files\/2010\/06\/P_ARRANCAMIENTO00.jpg\"><img loading=\"lazy\" decoding=\"async\" class=\"size-thumbnail wp-image-247 aligncenter\" title=\"P_ARRANCAMIENTO00\" src=\"https:\/\/blogs.ua.es\/gresmes\/files\/2010\/06\/P_ARRANCAMIENTO00-150x150.jpg\" alt=\"\" width=\"150\" height=\"150\" srcset=\"https:\/\/blogs.ua.es\/gresmes\/files\/2010\/06\/P_ARRANCAMIENTO00-150x150.jpg 150w, https:\/\/blogs.ua.es\/gresmes\/files\/2010\/06\/P_ARRANCAMIENTO00.jpg 300w\" sizes=\"auto, (max-width: 150px) 100vw, 150px\" \/><\/a><\/td>\n<td><a href=\"https:\/\/blogs.ua.es\/gresmes\/files\/2010\/06\/P_ARRANCAMIENTO02.jpg\"><img loading=\"lazy\" decoding=\"async\" class=\"size-thumbnail wp-image-248 aligncenter\" title=\"P_ARRANCAMIENTO02\" src=\"https:\/\/blogs.ua.es\/gresmes\/files\/2010\/06\/P_ARRANCAMIENTO02-150x150.jpg\" alt=\"\" width=\"150\" height=\"150\" srcset=\"https:\/\/blogs.ua.es\/gresmes\/files\/2010\/06\/P_ARRANCAMIENTO02-150x150.jpg 150w, https:\/\/blogs.ua.es\/gresmes\/files\/2010\/06\/P_ARRANCAMIENTO02.jpg 300w\" sizes=\"auto, (max-width: 150px) 100vw, 150px\" \/><\/a><\/td>\n<td style=\"text-align: left\"><em>Ensayos de arrancamiento.<\/em><\/td>\n<\/tr>\n<\/tbody>\n<\/table>\n<table style=\"width: 450px;height: 150px\" border=\"0\" cellspacing=\"0\" cellpadding=\"0\">\n<tbody>\n<tr>\n<td><a href=\"https:\/\/blogs.ua.es\/gresmes\/files\/2010\/06\/P_ARRANCAMIENTO04.jpg\" target=\"_blank\"><img loading=\"lazy\" decoding=\"async\" class=\"size-thumbnail wp-image-249 aligncenter\" style=\"border: 0pt none;margin-top: 0px;margin-bottom: 0px\" title=\"P_ARRANCAMIENTO04\" src=\"https:\/\/blogs.ua.es\/gresmes\/files\/2010\/06\/P_ARRANCAMIENTO04-150x150.jpg\" alt=\"\" width=\"150\" height=\"150\" srcset=\"https:\/\/blogs.ua.es\/gresmes\/files\/2010\/06\/P_ARRANCAMIENTO04-150x150.jpg 150w, https:\/\/blogs.ua.es\/gresmes\/files\/2010\/06\/P_ARRANCAMIENTO04.jpg 300w\" sizes=\"auto, (max-width: 150px) 100vw, 150px\" \/><\/a><\/td>\n<td><a href=\"https:\/\/blogs.ua.es\/gresmes\/files\/2010\/06\/P_ARRANCAMIENTO.jpg\" target=\"_blank\"><img loading=\"lazy\" decoding=\"async\" class=\"size-thumbnail wp-image-250 aligncenter\" style=\"border: 0pt none;margin-top: 0px;margin-bottom: 0px\" title=\"P_ARRANCAMIENTO\" src=\"https:\/\/blogs.ua.es\/gresmes\/files\/2010\/06\/P_ARRANCAMIENTO-150x150.jpg\" alt=\"\" width=\"150\" height=\"150\" srcset=\"https:\/\/blogs.ua.es\/gresmes\/files\/2010\/06\/P_ARRANCAMIENTO-150x150.jpg 150w, https:\/\/blogs.ua.es\/gresmes\/files\/2010\/06\/P_ARRANCAMIENTO.jpg 300w\" sizes=\"auto, (max-width: 150px) 100vw, 150px\" \/><\/a><\/td>\n<td style=\"text-align: left\"><em>Ensayos de arrancamiento.<\/em><\/td>\n<\/tr>\n<\/tbody>\n<\/table>\n<table style=\"width: 450px;height: 150px\" border=\"0\" cellspacing=\"0\" cellpadding=\"0\">\n<tbody>\n<tr>\n<td><a href=\"https:\/\/blogs.ua.es\/gresmes\/files\/2010\/06\/P_REDES00.jpg\" target=\"_blank\"><img loading=\"lazy\" decoding=\"async\" class=\"size-thumbnail wp-image-251 aligncenter\" style=\"border: 0pt none;margin-top: 0px;margin-bottom: 0px\" title=\"P_REDES00\" src=\"https:\/\/blogs.ua.es\/gresmes\/files\/2010\/06\/P_REDES00-150x150.jpg\" alt=\"\" width=\"150\" height=\"150\" srcset=\"https:\/\/blogs.ua.es\/gresmes\/files\/2010\/06\/P_REDES00-150x150.jpg 150w, https:\/\/blogs.ua.es\/gresmes\/files\/2010\/06\/P_REDES00.jpg 300w\" sizes=\"auto, (max-width: 150px) 100vw, 150px\" \/><\/a><\/td>\n<td><a href=\"https:\/\/blogs.ua.es\/gresmes\/files\/2010\/06\/P_REDES.jpg\" target=\"_blank\"><img loading=\"lazy\" decoding=\"async\" class=\"size-thumbnail wp-image-252 aligncenter\" style=\"border: 0pt none;margin-top: 0px;margin-bottom: 0px\" title=\"P_REDES\" src=\"https:\/\/blogs.ua.es\/gresmes\/files\/2010\/06\/P_REDES-150x150.jpg\" alt=\"\" width=\"150\" height=\"150\" srcset=\"https:\/\/blogs.ua.es\/gresmes\/files\/2010\/06\/P_REDES-150x150.jpg 150w, https:\/\/blogs.ua.es\/gresmes\/files\/2010\/06\/P_REDES.jpg 300w\" sizes=\"auto, (max-width: 150px) 100vw, 150px\" \/><\/a><\/td>\n<td style=\"text-align: left\"><em>Ensayos de redes de seguridad.<br \/>\n<\/em><\/td>\n<\/tr>\n<\/tbody>\n<\/table>\n<table style=\"width: 450px;height: 150px\" border=\"0\" cellspacing=\"0\" cellpadding=\"0\">\n<tbody>\n<tr>\n<td><a href=\"https:\/\/blogs.ua.es\/gresmes\/files\/2010\/06\/P_redpantalla01.jpg\" target=\"_blank\"><img loading=\"lazy\" decoding=\"async\" class=\"aligncenter size-thumbnail wp-image-386\" style=\"border: 0pt none;margin: 0px\" title=\"P_redpantalla01\" src=\"https:\/\/blogs.ua.es\/gresmes\/files\/2010\/06\/P_redpantalla01-150x150.jpg\" alt=\"\" width=\"150\" height=\"150\" srcset=\"https:\/\/blogs.ua.es\/gresmes\/files\/2010\/06\/P_redpantalla01-150x150.jpg 150w, https:\/\/blogs.ua.es\/gresmes\/files\/2010\/06\/P_redpantalla01.jpg 300w\" sizes=\"auto, (max-width: 150px) 100vw, 150px\" \/><\/a><\/td>\n<td><a href=\"https:\/\/blogs.ua.es\/gresmes\/files\/2010\/06\/P_redpantalla02.jpg\" target=\"_blank\"><img loading=\"lazy\" decoding=\"async\" class=\"aligncenter size-thumbnail wp-image-387\" style=\"border: 0pt none;margin: 0px\" title=\"P_redpantalla02\" src=\"https:\/\/blogs.ua.es\/gresmes\/files\/2010\/06\/P_redpantalla02-150x150.jpg\" alt=\"\" width=\"150\" height=\"150\" srcset=\"https:\/\/blogs.ua.es\/gresmes\/files\/2010\/06\/P_redpantalla02-150x150.jpg 150w, https:\/\/blogs.ua.es\/gresmes\/files\/2010\/06\/P_redpantalla02.jpg 300w\" sizes=\"auto, (max-width: 150px) 100vw, 150px\" \/><\/a><\/td>\n<td style=\"text-align: left\"><em>Simulaci\u00f3n del comportamiento estructural de redes de seguridad.<\/em><\/td>\n<\/tr>\n<\/tbody>\n<\/table>\n<table style=\"width: 450px;height: 150px\" border=\"0\" cellspacing=\"0\" cellpadding=\"0\">\n<tbody>\n<tr>\n<td><a href=\"https:\/\/blogs.ua.es\/gresmes\/files\/2010\/06\/P_redpantalla03.jpg\" target=\"_blank\"><img loading=\"lazy\" decoding=\"async\" class=\"aligncenter size-thumbnail wp-image-389\" style=\"border: 0pt none;margin: 0px\" title=\"P_redpantalla03\" src=\"https:\/\/blogs.ua.es\/gresmes\/files\/2010\/06\/P_redpantalla03-150x150.jpg\" alt=\"\" width=\"150\" height=\"150\" srcset=\"https:\/\/blogs.ua.es\/gresmes\/files\/2010\/06\/P_redpantalla03-150x150.jpg 150w, https:\/\/blogs.ua.es\/gresmes\/files\/2010\/06\/P_redpantalla03.jpg 300w\" sizes=\"auto, (max-width: 150px) 100vw, 150px\" \/><\/a><\/td>\n<td><a href=\"https:\/\/blogs.ua.es\/gresmes\/files\/2010\/06\/P_redpantalla04.jpg\" target=\"_blank\"><img loading=\"lazy\" decoding=\"async\" class=\"aligncenter size-thumbnail wp-image-390\" style=\"border: 0pt none;margin: 0px\" title=\"P_redpantalla04\" src=\"https:\/\/blogs.ua.es\/gresmes\/files\/2010\/06\/P_redpantalla04-150x150.jpg\" alt=\"\" width=\"150\" height=\"150\" srcset=\"https:\/\/blogs.ua.es\/gresmes\/files\/2010\/06\/P_redpantalla04-150x150.jpg 150w, https:\/\/blogs.ua.es\/gresmes\/files\/2010\/06\/P_redpantalla04.jpg 300w\" sizes=\"auto, (max-width: 150px) 100vw, 150px\" \/><\/a><\/td>\n<td style=\"text-align: left\"><em>Simulaci\u00f3n del comportamiento estructural de redes de seguridad.<\/em><\/td>\n<\/tr>\n<\/tbody>\n<\/table>\n<table style=\"width: 450px;height: 150px\" border=\"0\" cellspacing=\"0\" cellpadding=\"0\">\n<tbody>\n<tr>\n<td><a href=\"https:\/\/blogs.ua.es\/gresmes\/files\/2010\/06\/P_redpantalla05.jpg\" target=\"_blank\"><img loading=\"lazy\" decoding=\"async\" class=\"aligncenter size-thumbnail wp-image-392\" style=\"border: 0pt none;margin: 0px\" title=\"P_redpantalla05\" src=\"https:\/\/blogs.ua.es\/gresmes\/files\/2010\/06\/P_redpantalla05-150x150.jpg\" alt=\"\" width=\"150\" height=\"150\" srcset=\"https:\/\/blogs.ua.es\/gresmes\/files\/2010\/06\/P_redpantalla05-150x150.jpg 150w, https:\/\/blogs.ua.es\/gresmes\/files\/2010\/06\/P_redpantalla05.jpg 300w\" sizes=\"auto, (max-width: 150px) 100vw, 150px\" \/><\/a><\/td>\n<td><a href=\"https:\/\/blogs.ua.es\/gresmes\/files\/2010\/06\/P_redpantalla06.jpg\" target=\"_blank\"><img loading=\"lazy\" decoding=\"async\" class=\"aligncenter size-thumbnail wp-image-393\" style=\"border: 0pt none;margin: 0px\" title=\"P_redpantalla06\" src=\"https:\/\/blogs.ua.es\/gresmes\/files\/2010\/06\/P_redpantalla06-150x150.jpg\" alt=\"\" width=\"150\" height=\"150\" srcset=\"https:\/\/blogs.ua.es\/gresmes\/files\/2010\/06\/P_redpantalla06-150x150.jpg 150w, https:\/\/blogs.ua.es\/gresmes\/files\/2010\/06\/P_redpantalla06.jpg 300w\" sizes=\"auto, (max-width: 150px) 100vw, 150px\" \/><\/a><\/td>\n<td style=\"text-align: left\"><em>Simulaci\u00f3n del comportamiento estructural de redes de seguridad.<\/em><\/td>\n<\/tr>\n<\/tbody>\n<\/table>\n","protected":false},"excerpt":{"rendered":"<p>PREVENCI\u00d3N DE RIESGOS LABORALES. Evaluaci\u00f3n num\u00e9rica y experimental de sistemas estructurales para la protecci\u00f3n individual y\/o colectiva en construcciones de ingenier\u00eda civil y arquitectura. Muestra de algunos estudios realizados en esta l\u00ednea: Ensayos de arrancamiento. Ensayos de arrancamiento. Ensayos de redes de seguridad. Simulaci\u00f3n del comportamiento estructural de redes de seguridad. Simulaci\u00f3n del comportamiento estructural [&hellip;]<\/p>\n","protected":false},"author":3077,"featured_media":0,"parent":24,"menu_order":4,"comment_status":"closed","ping_status":"closed","template":"","meta":{"footnotes":""},"class_list":["post-246","page","type-page","status-publish","hentry"],"_links":{"self":[{"href":"https:\/\/blogs.ua.es\/gresmes\/wp-json\/wp\/v2\/pages\/246","targetHints":{"allow":["GET"]}}],"collection":[{"href":"https:\/\/blogs.ua.es\/gresmes\/wp-json\/wp\/v2\/pages"}],"about":[{"href":"https:\/\/blogs.ua.es\/gresmes\/wp-json\/wp\/v2\/types\/page"}],"author":[{"embeddable":true,"href":"https:\/\/blogs.ua.es\/gresmes\/wp-json\/wp\/v2\/users\/3077"}],"replies":[{"embeddable":true,"href":"https:\/\/blogs.ua.es\/gresmes\/wp-json\/wp\/v2\/comments?post=246"}],"version-history":[{"count":14,"href":"https:\/\/blogs.ua.es\/gresmes\/wp-json\/wp\/v2\/pages\/246\/revisions"}],"predecessor-version":[{"id":255,"href":"https:\/\/blogs.ua.es\/gresmes\/wp-json\/wp\/v2\/pages\/246\/revisions\/255"}],"up":[{"embeddable":true,"href":"https:\/\/blogs.ua.es\/gresmes\/wp-json\/wp\/v2\/pages\/24"}],"wp:attachment":[{"href":"https:\/\/blogs.ua.es\/gresmes\/wp-json\/wp\/v2\/media?parent=246"}],"curies":[{"name":"wp","href":"https:\/\/api.w.org\/{rel}","templated":true}]}}