{"id":36,"date":"2010-06-08T10:28:44","date_gmt":"2010-06-08T10:28:44","guid":{"rendered":"https:\/\/blogs.ua.es\/gresmes\/?page_id=36"},"modified":"2015-03-12T13:28:43","modified_gmt":"2015-03-12T13:28:43","slug":"conferencias","status":"publish","type":"page","link":"https:\/\/blogs.ua.es\/gresmes\/investigacion\/conferencias\/","title":{"rendered":"Patentes"},"content":{"rendered":"<p>Para m\u00e1s informaci\u00f3n, <a href=\"http:\/\/cv1.cpd.ua.es\/consplanesestudio\/ConsGrpInv\/portal\/datosGrupo.asp?desplegar=8&amp;codGrupo=2870477\" target=\"_blank\">pinchar aqui.<\/a><\/p>\n<p>1.\u00a0\u00a0\u00a0\u00a0 <strong>&#8220;Procedimiento para la ejecuci\u00f3n de t\u00faneles o perforaciones en obra civil mediante t\u00faneles de sacrificio&#8221;<\/strong>. PATENTE, (P200902300), Garc\u00eda Barba, J., 09\/12\/2009<\/p>\n","protected":false},"excerpt":{"rendered":"<p>Para m\u00e1s informaci\u00f3n, pinchar aqui. 1.\u00a0\u00a0\u00a0\u00a0 &#8220;Procedimiento para la ejecuci\u00f3n de t\u00faneles o perforaciones en obra civil mediante t\u00faneles de sacrificio&#8221;. PATENTE, (P200902300), Garc\u00eda Barba, J., 09\/12\/2009<\/p>\n","protected":false},"author":3077,"featured_media":0,"parent":514,"menu_order":5,"comment_status":"closed","ping_status":"closed","template":"","meta":{"footnotes":""},"class_list":["post-36","page","type-page","status-publish","hentry"],"_links":{"self":[{"href":"https:\/\/blogs.ua.es\/gresmes\/wp-json\/wp\/v2\/pages\/36","targetHints":{"allow":["GET"]}}],"collection":[{"href":"https:\/\/blogs.ua.es\/gresmes\/wp-json\/wp\/v2\/pages"}],"about":[{"href":"https:\/\/blogs.ua.es\/gresmes\/wp-json\/wp\/v2\/types\/page"}],"author":[{"embeddable":true,"href":"https:\/\/blogs.ua.es\/gresmes\/wp-json\/wp\/v2\/users\/3077"}],"replies":[{"embeddable":true,"href":"https:\/\/blogs.ua.es\/gresmes\/wp-json\/wp\/v2\/comments?post=36"}],"version-history":[{"count":5,"href":"https:\/\/blogs.ua.es\/gresmes\/wp-json\/wp\/v2\/pages\/36\/revisions"}],"predecessor-version":[{"id":440,"href":"https:\/\/blogs.ua.es\/gresmes\/wp-json\/wp\/v2\/pages\/36\/revisions\/440"}],"up":[{"embeddable":true,"href":"https:\/\/blogs.ua.es\/gresmes\/wp-json\/wp\/v2\/pages\/514"}],"wp:attachment":[{"href":"https:\/\/blogs.ua.es\/gresmes\/wp-json\/wp\/v2\/media?parent=36"}],"curies":[{"name":"wp","href":"https:\/\/api.w.org\/{rel}","templated":true}]}}