{"id":182,"date":"2012-12-24T20:09:55","date_gmt":"2012-12-24T20:09:55","guid":{"rendered":"https:\/\/blogs.ua.es\/grisoliasantiago\/?page_id=182"},"modified":"2013-02-09T10:41:28","modified_gmt":"2013-02-09T10:41:28","slug":"valoracion","status":"publish","type":"page","link":"https:\/\/blogs.ua.es\/grisoliasantiago\/valoracion\/","title":{"rendered":"Valoraci\u00f3n"},"content":{"rendered":"<p style=\"text-align: justify\">La valoraci\u00f3n que podemos proporcionar relativamente a la obtenci\u00f3n de informaci\u00f3n sobre la labor de D. Santiago Grisol\u00eda puede considerarse de dificultosa, siendo sus publicaciones dilatadas desde la segunda mitad del siglo XX hasta el presente. La escasez de fondos en las bibliotecas de la Universidad de Alicante es patente y, para lo que concierne los recursos electr\u00f3nicos, la mayor\u00eda de publicaciones est\u00e1n contenidas en bases de datos muy especializadas y concretas o en revistas cient\u00edficas de dif\u00edcil alcance a los profanos por la tem\u00e1tica tratada. Nos hemos encontrado con cierta cantidad de art\u00edculos de imposible visionado, siendo las consultas exclusivamente de pago y sin poder tener acceso a los abstracts, hecho que ha dificultado mayormente nuestra tarea. Otro aspecto a tener en cuenta es el curr\u00edculo profesional del cient\u00edfico en cuesti\u00f3n: la mayor\u00eda de sus investigaciones han sido realizadas en los EEUU y sus publicaciones no han sido traducidas al castellano. Concluyendo, nos hemos encontrado frente a un reto considerable que nos ha llevado a profundizar en un campo totalmente desconocido.<\/p>\n","protected":false},"excerpt":{"rendered":"<p>La valoraci\u00f3n que podemos proporcionar relativamente a la obtenci\u00f3n de informaci\u00f3n sobre la labor de D. Santiago Grisol\u00eda puede considerarse de dificultosa, siendo sus publicaciones dilatadas desde la segunda mitad del siglo XX hasta el presente. La escasez de fondos &hellip; <a href=\"https:\/\/blogs.ua.es\/grisoliasantiago\/valoracion\/\">Continue reading <span class=\"meta-nav\">&rarr;<\/span><\/a><\/p>\n","protected":false},"author":2884,"featured_media":0,"parent":0,"menu_order":5,"comment_status":"open","ping_status":"open","template":"","meta":{"footnotes":""},"class_list":["post-182","page","type-page","status-publish","hentry"],"_links":{"self":[{"href":"https:\/\/blogs.ua.es\/grisoliasantiago\/wp-json\/wp\/v2\/pages\/182","targetHints":{"allow":["GET"]}}],"collection":[{"href":"https:\/\/blogs.ua.es\/grisoliasantiago\/wp-json\/wp\/v2\/pages"}],"about":[{"href":"https:\/\/blogs.ua.es\/grisoliasantiago\/wp-json\/wp\/v2\/types\/page"}],"author":[{"embeddable":true,"href":"https:\/\/blogs.ua.es\/grisoliasantiago\/wp-json\/wp\/v2\/users\/2884"}],"replies":[{"embeddable":true,"href":"https:\/\/blogs.ua.es\/grisoliasantiago\/wp-json\/wp\/v2\/comments?post=182"}],"version-history":[{"count":6,"href":"https:\/\/blogs.ua.es\/grisoliasantiago\/wp-json\/wp\/v2\/pages\/182\/revisions"}],"predecessor-version":[{"id":402,"href":"https:\/\/blogs.ua.es\/grisoliasantiago\/wp-json\/wp\/v2\/pages\/182\/revisions\/402"}],"wp:attachment":[{"href":"https:\/\/blogs.ua.es\/grisoliasantiago\/wp-json\/wp\/v2\/media?parent=182"}],"curies":[{"name":"wp","href":"https:\/\/api.w.org\/{rel}","templated":true}]}}