{"id":4,"date":"2013-11-15T11:50:20","date_gmt":"2013-11-15T11:50:20","guid":{"rendered":"https:\/\/blogs.ua.es\/guardamar1\/?page_id=4"},"modified":"2013-12-12T11:31:49","modified_gmt":"2013-12-12T11:31:49","slug":"presentacion","status":"publish","type":"page","link":"https:\/\/blogs.ua.es\/guardamar1\/presentacion\/","title":{"rendered":"Presentaci\u00f3n"},"content":{"rendered":"<p>Somos los alumnos <strong>Leila Mart\u00ednez Penalva <\/strong>y <strong>Domingo Bernal G\u00e1lvez<\/strong>, cursando el primer a\u00f1o del grado de Historia en la <a href=\"http:\/\/www.ua.es\" target=\"_blank\">Universidad de Alicante<\/a>. Este blog forma parte de un trabajo de la asignatura <em>Fuentes y Documentos para la Historia<\/em>, con el objetivo de mostrar distintos ejemplos de escrituras expuestas en la localidad de Guardamar, clasificadas en diversas categorias:<\/p>\n<p>&#8211; Carteles y pancartas (sociales y pol\u00edticas)<\/p>\n<p>&#8211; Inscripciones y placas en registros religiosos<\/p>\n<p>&#8211; Inscripciones y placas en cementerios<\/p>\n<p>-Inscripciones y placas oficiales<\/p>\n<p>-Grafitis textuales<\/p>\n<p>-Grafitis iconog\u00e1ficos<\/p>\n<p>-Letreros y anuncios de comercios<\/p>\n<p>-Publicidad fija<\/p>\n<p>-Letreros de mercadillos<\/p>\n<p>-Publicidad ef\u00edmera<\/p>\n","protected":false},"excerpt":{"rendered":"<p>Somos los alumnos Leila Mart\u00ednez Penalva y Domingo Bernal G\u00e1lvez, cursando el primer a\u00f1o del grado de Historia en la Universidad de Alicante. Este blog forma parte de un trabajo de la asignatura Fuentes y Documentos para la Historia, con el objetivo de mostrar distintos ejemplos de escrituras expuestas en la localidad de Guardamar, clasificadas [&hellip;]<\/p>\n","protected":false},"author":3302,"featured_media":0,"parent":0,"menu_order":0,"comment_status":"open","ping_status":"open","template":"","meta":{"footnotes":""},"class_list":["post-4","page","type-page","status-publish","hentry"],"_links":{"self":[{"href":"https:\/\/blogs.ua.es\/guardamar1\/wp-json\/wp\/v2\/pages\/4","targetHints":{"allow":["GET"]}}],"collection":[{"href":"https:\/\/blogs.ua.es\/guardamar1\/wp-json\/wp\/v2\/pages"}],"about":[{"href":"https:\/\/blogs.ua.es\/guardamar1\/wp-json\/wp\/v2\/types\/page"}],"author":[{"embeddable":true,"href":"https:\/\/blogs.ua.es\/guardamar1\/wp-json\/wp\/v2\/users\/3302"}],"replies":[{"embeddable":true,"href":"https:\/\/blogs.ua.es\/guardamar1\/wp-json\/wp\/v2\/comments?post=4"}],"version-history":[{"count":3,"href":"https:\/\/blogs.ua.es\/guardamar1\/wp-json\/wp\/v2\/pages\/4\/revisions"}],"predecessor-version":[{"id":22,"href":"https:\/\/blogs.ua.es\/guardamar1\/wp-json\/wp\/v2\/pages\/4\/revisions\/22"}],"wp:attachment":[{"href":"https:\/\/blogs.ua.es\/guardamar1\/wp-json\/wp\/v2\/media?parent=4"}],"curies":[{"name":"wp","href":"https:\/\/api.w.org\/{rel}","templated":true}]}}