{"id":15,"date":"2010-11-10T19:41:58","date_gmt":"2010-11-10T19:41:58","guid":{"rendered":"https:\/\/blogs.ua.es\/guerraflandes\/"},"modified":"2011-01-11T19:35:03","modified_gmt":"2011-01-11T19:35:03","slug":"pagina-de-prueba","status":"publish","type":"page","link":"https:\/\/blogs.ua.es\/guerraflandes\/pagina-de-prueba\/","title":{"rendered":"Introducci\u00f3n"},"content":{"rendered":"<p>Este blog trata sobre las distintos conflictos que se desarrollaron en las regiones de los Pa\u00edses Bajos, m\u00e1s conocidos por el nombre de la regi\u00f3n principal en la \u00e9poca, Flandes. Se hablar\u00e1 sobre los conflictos m\u00e1s importantes, las fortificaciones, los personajes relevantes <a href=\"https:\/\/blogs.ua.es\/guerraflandes\/files\/2010\/11\/mapa_paises_bajos2.gif\"><img loading=\"lazy\" decoding=\"async\" class=\"alignright size-medium wp-image-23\" src=\"https:\/\/blogs.ua.es\/guerraflandes\/files\/2010\/11\/mapa_paises_bajos2-256x300.gif\" alt=\"\" width=\"256\" height=\"300\" srcset=\"https:\/\/blogs.ua.es\/guerraflandes\/files\/2010\/11\/mapa_paises_bajos2-256x300.gif 256w, https:\/\/blogs.ua.es\/guerraflandes\/files\/2010\/11\/mapa_paises_bajos2.gif 671w\" sizes=\"auto, (max-width: 256px) 100vw, 256px\" \/><\/a>y las curiosidades del escenario b\u00e9lico m\u00e1s destacado en la Europa continental durante los siglos XVI y XVII.<\/p>\n<p><a href=\"https:\/\/blogs.ua.es\/guerraflandes\/2010\/11\/10\/entrada-de-prueba-2\/\">Ver: Situaci\u00f3n previa de los Pa\u00edses Bajos en el siglo XVI<\/a><\/p>\n","protected":false},"excerpt":{"rendered":"<p>Este blog trata sobre las distintos conflictos que se desarrollaron en las regiones de los Pa\u00edses Bajos, m\u00e1s conocidos por el nombre de la regi\u00f3n principal en la \u00e9poca, Flandes. Se hablar\u00e1 sobre los conflictos m\u00e1s importantes, las fortificaciones, los personajes relevantes y las curiosidades del escenario b\u00e9lico m\u00e1s destacado en la Europa continental durante [&hellip;]<\/p>\n","protected":false},"author":1922,"featured_media":0,"parent":0,"menu_order":0,"comment_status":"open","ping_status":"open","template":"","meta":{"footnotes":""},"class_list":["post-15","page","type-page","status-publish","hentry"],"_links":{"self":[{"href":"https:\/\/blogs.ua.es\/guerraflandes\/wp-json\/wp\/v2\/pages\/15","targetHints":{"allow":["GET"]}}],"collection":[{"href":"https:\/\/blogs.ua.es\/guerraflandes\/wp-json\/wp\/v2\/pages"}],"about":[{"href":"https:\/\/blogs.ua.es\/guerraflandes\/wp-json\/wp\/v2\/types\/page"}],"author":[{"embeddable":true,"href":"https:\/\/blogs.ua.es\/guerraflandes\/wp-json\/wp\/v2\/users\/1922"}],"replies":[{"embeddable":true,"href":"https:\/\/blogs.ua.es\/guerraflandes\/wp-json\/wp\/v2\/comments?post=15"}],"version-history":[{"count":6,"href":"https:\/\/blogs.ua.es\/guerraflandes\/wp-json\/wp\/v2\/pages\/15\/revisions"}],"predecessor-version":[{"id":17,"href":"https:\/\/blogs.ua.es\/guerraflandes\/wp-json\/wp\/v2\/pages\/15\/revisions\/17"}],"wp:attachment":[{"href":"https:\/\/blogs.ua.es\/guerraflandes\/wp-json\/wp\/v2\/media?parent=15"}],"curies":[{"name":"wp","href":"https:\/\/api.w.org\/{rel}","templated":true}]}}