{"id":261,"date":"2013-11-15T13:29:40","date_gmt":"2013-11-15T13:29:40","guid":{"rendered":"https:\/\/blogs.ua.es\/historiaalicante18\/?page_id=261"},"modified":"2014-01-15T13:44:10","modified_gmt":"2014-01-15T13:44:10","slug":"bibliografia-2","status":"publish","type":"page","link":"https:\/\/blogs.ua.es\/historiaalicante18\/bibliografia-2\/","title":{"rendered":"Bibliograf\u00eda"},"content":{"rendered":"<p style=\"text-align: Justify\"><strong>AG\u00dcERO D\u00cdEZ, M\u00aa Teresa.<\/strong>\u00a0 Alicante, 1998. &#8220;El municipio alicantino durante el reinado de Carlos III&#8221;.<\/p>\n<p style=\"text-align: Justify\">Libro muy completo sobre todas las medidas tomadas en el municipio alicante durante el reinado de Carlos III. \u00a0Fue de mucha ayuda para completar las entradas sobre Administraci\u00f3n, ya que contiene bastante informaci\u00f3n sobre componentes del municipio, leyes y medidas.<\/p>\n<p style=\"text-align: Justify\"><b>ALBEROLA ROM\u00c1, Armando<\/b>. Alicante, 1986. &#8220;Una enfermedad de car\u00e1cter end\u00e9mico en el alicante del XVIII: Las fiebres terciarias&#8221;. Revista de historia moderna. N. 5, universidad de Alicante. Disponible en:\u00a0<a href=\"http:\/\/rua.ua.es\/dspace\/bitstream\/10045\/5022\/1\/RHM_05_03.pdf\">http:\/\/rua.ua.es\/dspace\/bitstream\/10045\/5022\/1\/RHM_05_03.pdf<\/a><\/p>\n<p style=\"text-align: Justify\">Libro sobre las fiebres terciarias en Alicante durante el siglo XVIII. Aqu\u00ed podemos ver causas, consecuencias de esta enfermedad y de que manera afecto a la poblaci\u00f3n alicantina.<\/p>\n<p style=\"text-align: Justify\">Destaca la opci\u00f3n de consultarlo v\u00eda Internet mediante la RUA.<\/p>\n<p style=\"text-align: Justify\"><b>BENNASAR, B.M.\u00a0<\/b>Madrid,\u00a01998. &#8220;Historia Moderna&#8221;, Ed. Akal, pp 679 y siguientes.<\/p>\n<p style=\"text-align: Justify\">Manual general sobre Historia Moderna utilizado para englobar el contexto hist\u00f3rico del siglo XVIII.<\/p>\n<p style=\"text-align: Justify\"><b>GIM\u00c9NEZ L\u00d3PEZ, Enrique<\/b>. Alicante, 1987. &#8220;Los Corregidores de Alicante: perfil sociol\u00f3gico y pol\u00edtico de una \u00e9lite militar&#8221;. Revista de historia moderna: Anales de la Universidad de Alicante, n\u00ba 6-7. P\u00e1gs. 67-86. Disponible en:\u00a0<a href=\"http:\/\/rua.ua.es\/dspace\/bitstream\/10045\/5005\/1\/RHM_06-07_03.pdf\">http:\/\/rua.ua.es\/dspace\/bitstream\/10045\/5005\/1\/RHM_06-07_03.pdf<\/a><\/p>\n<p style=\"text-align: Justify\">Art\u00edculo \u00edntegro sobre los Corregidores de Alicante. Mediante este art\u00edculo, ubicado en la Revista de Historia Moderna: Anales de la Ua, nos permite conocer el cargo de Corregidor en la ciudad de Alicante, tanto sus competencias como su perfil.<\/p>\n<p style=\"text-align: Justify\">Podemos consultarlo v\u00eda Internet.<\/p>\n<p style=\"text-align: Justify\"><strong>GIM\u00c9NEZ L\u00d3PEZ, Enrique<\/strong>. 1990. \u201cEl Municipio Borb\u00f3nico\u201d, Historia de Alicante, tomo III, concejal\u00eda de cultura; Universidad de Alicante. Disponible en:\u00a0<a href=\"http:\/\/www.alicante.es\/documentos\/cultura\/publicaciones\/historia_alc_3\/09.pdf\">http:\/\/www.alicante.es\/documentos\/cultura\/publicaciones\/historia_alc_3\/09.pdf<\/a><\/p>\n<p style=\"text-align: Justify\">Libro sobre el Municipio Borb\u00f3nico muy \u00fatil para conocer el funcionamiento de la ciudad de Alicante. Nos sirvi\u00f3 para las entradas tanto paras las entradas de Administraci\u00f3n como para las de Pol\u00edtica.<\/p>\n<p style=\"text-align: Justify\">Tambi\u00e9n puede ser consultado v\u00eda Internet.<\/p>\n<p style=\"text-align: Justify\"><strong>GIM\u00c9NEZ L\u00d3PEZ, Enrique.\u00a0<\/strong>1990. &#8220;El puerto en la edad moderna&#8221;. Historia de Alicante, tomo I; Ayuntamiento de Alicante.<\/p>\n<p style=\"text-align: Justify\">Este libro trata sobre el puerto de Alicante en la edad moderna. Mediante este libro podemos conocer el funcionamiento del puerto, sus caracter\u00edsticas y su evoluci\u00f3n. Gracias a \u00e9l pudimos comprender la importancia del puerto en Alicante.<\/p>\n<p style=\"text-align: Justify\"><strong>LLORET ESQUERRO, Jaume.\u00a0<\/strong>2001. &#8220;La Casa de les Com\u00e8dies d&#8217;Alacant (1616-1793)&#8221;, En: El teatre catal\u00e0: dels or\u00edgens al segle XVIII. Disponible en:\u00a0<a href=\"http:\/\/rua.ua.es\/dspace\/bitstream\/10045\/4614\/3\/EC_5_Lloret.pdf\">http:\/\/rua.ua.es\/dspace\/bitstream\/10045\/4614\/3\/EC_5_Lloret.pdf<\/a><\/p>\n<p style=\"text-align: Justify\">Este libro nos permiti\u00f3 conocer la Casa de les Com\u00e8dies de Alicante y la influencia que tuvo en la sociedad. Mediante el podemos conocer aspectos b\u00e1sicos de los inicios del teatro alicantino, como precios, tipo de obras y horarios.<\/p>\n<p style=\"text-align: Justify\">Esta disponible en Internet en el Rua.<\/p>\n<p style=\"text-align: Justify\"><strong>MALLOL FERR\u00c1NDIZ, Jos\u00e9.<\/strong>\u00a0Alicante,\u00a01990. &#8220;Alicante y el comercio de la nieve en la edad moderna&#8221;. Universidad de Alicante; Caja de Ahorros Provincial de Alicante.<\/p>\n<p style=\"text-align: Justify\">Con este libro podemos conocer el interesante y a la vez sorprendente comercio de la nieve en la Alicante de la Edad Moderna. Mediante datos espec\u00edficos conocemos el consumo medio de la poblaci\u00f3n, adem\u00e1s de precios y consumidores. Demuestra la importancia de este producto.<\/p>\n<p style=\"text-align: Justify\"><strong>MART\u00cdNEZ GOMIS, Mario.\u00a0<\/strong>1990.&#8221;Rasgos de la Cultura ciudadana&#8221;. Historia de Alicante, tomo III, concejal\u00eda de cultura; Universidad de Alicante.<\/p>\n<p style=\"text-align: Justify\">Libro sobre los rasgos de la cultura ciudadana alicantina en la Edad Moderna. Aqu\u00ed podemos encontrar secciones culturales como Renacimiento, Barroco, Ilustraci\u00f3n,etc. Mediante el libro podemos conocer la evoluci\u00f3n cultural de la sociedad alicantina, adem\u00e1s de los principales personajes.<\/p>\n<p style=\"text-align: Justify\"><strong>M\u00c1S GALVA\u00d1, Cayetano.\u00a0<\/strong>1990. &#8220;La sociedad en el siglo XVIII&#8221;. Historia de Alicante, tomo I; Ayuntamiento de Alicante.<\/p>\n<p style=\"text-align: Justify\">Libro general sobre la sociedad alicantina del siglo XVIII. Mediante secciones podemos conocer las principales caracter\u00edsticas de las clases sociales alicantinas.<\/p>\n<p style=\"text-align: Justify\"><strong>PALENCIA SOLIVERES, Andr\u00e9s.<\/strong>\u00a01996.<strong>\u00a0<\/strong>&#8220;La capilla de m\u00fasica de la Colegial de San Nicol\u00e1s de Alicante durante el Siglo XVIII&#8221;, Revista de Historia Moderna N\u00b0 15\u00a0 pp. 403-416<\/p>\n<p style=\"text-align: Justify\">Art\u00edculo de la Revista de Historia Moderna de la Ua en el que se trata la capilla de m\u00fasica de la Colegial de San Nic\u00f3las de Alicante durante el siglo XVIII. En este art\u00edculo nos introducen la importancia de esta colegial y su papel a nivel religioso y a nivel social.<\/p>\n<p style=\"text-align: Justify\"><strong><\/strong><b>PLA ALBEROLA,\u00a0<\/b><b>Primitivo.\u00a0<\/b>Alicante,\u00a01985. &#8220;La poblaci\u00f3n alicantina en los siglos XVI al XVIII&#8221; .Historia de la provincia de Alicante, Tomo IV, director: Antonio Mestre Sanchis; Coordinador general: Jos\u00e9 Uroz Saez. Ediciones Mediterr\u00e1neo.<\/p>\n<p style=\"text-align: Justify\">En este libro se trata a nivel general la poblaci\u00f3n alicantina en los siglos XVI al XVIII. Mediante este libro podemos conocer las caracter\u00edsticas, formaci\u00f3n y h\u00e1bitos de la poblaci\u00f3n alicantina.<\/p>\n<p style=\"text-align: Justify\"><strong>PLA ALBEROLA, Primitivo<\/strong>. Alicante, 1990. &#8220;La Poblaci\u00f3n&#8221;, Historia de Alicante, tomo III, concejal\u00eda de cultura; Universidad de Alicante. Disponible en:\u00a0<a href=\"http:\/\/www.alicante.es\/documentos\/cultura\/publicaciones\/historia_alc_3\/02.pdf\">http:\/\/www.alicante.es\/documentos\/cultura\/publicaciones\/historia_alc_3\/02.pdf<\/a><\/p>\n<p style=\"text-align: Justify\">Otro libro sobre la poblaci\u00f3n alicantina de la Edad Moderna. Este libro nos aporta informaci\u00f3n para completar las entradas de Poblaci\u00f3n, tanto caracter\u00edsticas como datos curiosos de los alicantinos de la \u00e9poca.<\/p>\n<p style=\"text-align: Justify\">Destaca la posibilidad de consultarlo v\u00eda Internet.<\/p>\n<p style=\"text-align: Justify\"><b>PRADELLS NADAL, Jes\u00fas<\/b>. Alicante, 1990. &#8220;Historia de Alicante&#8221; tomo I, Concejal\u00eda de Cultura. pp 343 y siguientes.<\/p>\n<p style=\"text-align: Justify\">Libro sobre la Historia general de Alicante. De este completo libro nos interesa el apartado de Edad Moderna. Nos sit\u00faa en el contexto hist\u00f3rico y se citan los principales hechos.<\/p>\n<p style=\"text-align: Justify\"><b>ROGLES HERNANDEZ, M.\u00aa Asunci\u00f3n<\/b>. Alicante, 1984. &#8220;La Inmigraci\u00f3n en Alicante (1650-1799)&#8221;. Revista de Historia Moderna. Alicante: Universidad de Alicante. Disponible en:\u00a0<a href=\"http:\/\/rua.ua.es\/dspace\/bitstream\/10045\/5066\/1\/RHM_04_12.pdf\">http:\/\/rua.ua.es\/dspace\/bitstream\/10045\/5066\/1\/RHM_04_12.pdf<\/a><\/p>\n<p style=\"text-align: Justify\">Art\u00edculo de la Revista de Historia Moderna de la Universidad de Alicante. En \u00e9l se trata el tema de la inmigraci\u00f3n en Alicante entre 11650-1799. Trata tanto las causas como las consecuencias de la inmigraci\u00f3n, adem\u00e1s del tipo de persona que la sufr\u00eda.<\/p>\n<p style=\"text-align: Justify\">Cabe la posibilidad de consultar el art\u00edculo v\u00eda Internet mediante la Rua.<\/p>\n<p style=\"text-align: Justify\"><b>ROSSER LIMI\u00d1ANA<\/b>,\u00a0<b>Pablo<\/b>. Alicante, 1990. &#8220;Origen y Evoluci\u00f3n de las Murallas de Alicante&#8221;, Concejal\u00eda de Cultura. 119 pp. y 132-134 pp.<\/p>\n<p style=\"text-align: Justify\">Libro dedicado en exclusiva a las murallas de la ciudad de Alicante. En el libro se tratan el origen, evoluci\u00f3n y medidas tomadas para su mejora y mantenimiento.<\/p>\n<p style=\"text-align: Justify\"><strong>VIDAL BERNAB\u00c9, Inmaculada.\u00a0<\/strong>1990.&#8221;El Arte&#8221;. Historia de Alicante, tomo III, concejal\u00eda de cultura; Universidad de Alicante.<\/p>\n<p style=\"text-align: Justify\">Libro sobre el Arte en la ciudad de Alicante. Podemos encontrar las principales obras de arte realizadas en Alicante y sus caracter\u00edsticas principales.<\/p>\n","protected":false},"excerpt":{"rendered":"<p>AG\u00dcERO D\u00cdEZ, M\u00aa Teresa.\u00a0 Alicante, 1998. &#8220;El municipio alicantino durante el reinado de Carlos III&#8221;. Libro muy completo sobre todas las medidas tomadas en el municipio alicante durante el reinado de Carlos III. \u00a0Fue de mucha ayuda para completar las entradas sobre Administraci\u00f3n, ya que contiene bastante informaci\u00f3n sobre componentes del municipio, leyes y medidas. [&hellip;]<\/p>\n","protected":false},"author":3149,"featured_media":0,"parent":0,"menu_order":4,"comment_status":"open","ping_status":"closed","template":"","meta":{"footnotes":""},"class_list":["post-261","page","type-page","status-publish","hentry"],"_links":{"self":[{"href":"https:\/\/blogs.ua.es\/historiaalicante18\/wp-json\/wp\/v2\/pages\/261","targetHints":{"allow":["GET"]}}],"collection":[{"href":"https:\/\/blogs.ua.es\/historiaalicante18\/wp-json\/wp\/v2\/pages"}],"about":[{"href":"https:\/\/blogs.ua.es\/historiaalicante18\/wp-json\/wp\/v2\/types\/page"}],"author":[{"embeddable":true,"href":"https:\/\/blogs.ua.es\/historiaalicante18\/wp-json\/wp\/v2\/users\/3149"}],"replies":[{"embeddable":true,"href":"https:\/\/blogs.ua.es\/historiaalicante18\/wp-json\/wp\/v2\/comments?post=261"}],"version-history":[{"count":2,"href":"https:\/\/blogs.ua.es\/historiaalicante18\/wp-json\/wp\/v2\/pages\/261\/revisions"}],"predecessor-version":[{"id":263,"href":"https:\/\/blogs.ua.es\/historiaalicante18\/wp-json\/wp\/v2\/pages\/261\/revisions\/263"}],"wp:attachment":[{"href":"https:\/\/blogs.ua.es\/historiaalicante18\/wp-json\/wp\/v2\/media?parent=261"}],"curies":[{"name":"wp","href":"https:\/\/api.w.org\/{rel}","templated":true}]}}