{"id":87,"date":"2012-01-18T15:34:38","date_gmt":"2012-01-18T15:34:38","guid":{"rendered":"https:\/\/blogs.ua.es\/historiaalicantina\/?page_id=87"},"modified":"2012-01-18T15:34:38","modified_gmt":"2012-01-18T15:34:38","slug":"recursos-de-informacion","status":"publish","type":"page","link":"https:\/\/blogs.ua.es\/historiaalicantina\/recursos-de-informacion\/","title":{"rendered":"Recursos de Informaci\u00f3n"},"content":{"rendered":"<p>En cuanto a los recursos de informaci\u00f3n consultados han sido variados. Muchos de ellos se encuentran a modo de Enlace en Sitios de Inter\u00e9s. Principalmente hemos buscado informaci\u00f3n en internet. Las p\u00e1ginas que hemos consultado m\u00e1s frecuentemente son RUA (<a href=\"http:\/\/www.rua.com\">www.rua.com<\/a>) y la p\u00e1gina web del Ayuntamiento de Alicante (<a href=\"http:\/\/www.alicante-ayto.es\">www.alicante-ayto.es<\/a>).<\/p>\n<p>De la p\u00e1gina RUA, de la Universidad de Alicante, es de donde hemos sacado la mayor\u00eda de los textos empleados para las explicaciones.<\/p>\n<p>Adem\u00e1s hemos consultado otras p\u00e1ginas de inter\u00e9s como Monograf\u00edas (<a href=\"http:\/\/www.monografias.com\/\">www.monografias.com<\/a>) y Arteguias (<a href=\"http:\/\/www.arteguias.com\/\">www.arteguias.com<\/a>).<\/p>\n<p>Por otro lado, para el tema de la repoblaci\u00f3n, las entradas relativas a la introducci\u00f3n del tema han sido utilizados unos apuntes de la Asignatura Historia del Derecho impartida por el Profesor Agust\u00edn Berm\u00fadez Aznar.<\/p>\n","protected":false},"excerpt":{"rendered":"<p>En cuanto a los recursos de informaci\u00f3n consultados han sido variados. Muchos de ellos se encuentran a modo de Enlace en Sitios de Inter\u00e9s. Principalmente hemos buscado informaci\u00f3n en internet. Las p\u00e1ginas que hemos consultado m\u00e1s frecuentemente son RUA (www.rua.com) &hellip; <a href=\"https:\/\/blogs.ua.es\/historiaalicantina\/recursos-de-informacion\/\">Continue reading <span class=\"meta-nav\">&rarr;<\/span><\/a><\/p>\n","protected":false},"author":2591,"featured_media":0,"parent":0,"menu_order":0,"comment_status":"open","ping_status":"open","template":"","meta":{"footnotes":""},"class_list":["post-87","page","type-page","status-publish","hentry"],"_links":{"self":[{"href":"https:\/\/blogs.ua.es\/historiaalicantina\/wp-json\/wp\/v2\/pages\/87","targetHints":{"allow":["GET"]}}],"collection":[{"href":"https:\/\/blogs.ua.es\/historiaalicantina\/wp-json\/wp\/v2\/pages"}],"about":[{"href":"https:\/\/blogs.ua.es\/historiaalicantina\/wp-json\/wp\/v2\/types\/page"}],"author":[{"embeddable":true,"href":"https:\/\/blogs.ua.es\/historiaalicantina\/wp-json\/wp\/v2\/users\/2591"}],"replies":[{"embeddable":true,"href":"https:\/\/blogs.ua.es\/historiaalicantina\/wp-json\/wp\/v2\/comments?post=87"}],"version-history":[{"count":1,"href":"https:\/\/blogs.ua.es\/historiaalicantina\/wp-json\/wp\/v2\/pages\/87\/revisions"}],"predecessor-version":[{"id":88,"href":"https:\/\/blogs.ua.es\/historiaalicantina\/wp-json\/wp\/v2\/pages\/87\/revisions\/88"}],"wp:attachment":[{"href":"https:\/\/blogs.ua.es\/historiaalicantina\/wp-json\/wp\/v2\/media?parent=87"}],"curies":[{"name":"wp","href":"https:\/\/api.w.org\/{rel}","templated":true}]}}