{"id":89,"date":"2012-01-11T21:16:09","date_gmt":"2012-01-11T21:16:09","guid":{"rendered":"https:\/\/blogs.ua.es\/historiaantiguaalicante\/?page_id=89"},"modified":"2012-01-12T09:44:30","modified_gmt":"2012-01-12T09:44:30","slug":"valoracion-de-fuentes","status":"publish","type":"page","link":"https:\/\/blogs.ua.es\/historiaantiguaalicante\/valoracion-de-fuentes\/","title":{"rendered":"Valoraci\u00f3n de fuentes"},"content":{"rendered":"<p>Las fuentes que hemos utilizado para obtener la informaci\u00f3n que publicamos en este blog son en su mayor\u00eda obtenidas de distintas partes de la red, pero dentro de la red hemos acudido a fuentes en formatos muy distintos como libros en PDF, art\u00edculos acerca de determinados yacimientos y excavaciones, enciclopedias, audiovisuales y un largo etc. La mayor\u00eda de las fuentes utilizadas estan contrastadas por importantes fundaciones o llevan la firma o el respaldo de prestigiosos expertos en la materia, por lo que consideramos que la calidad y la objetividad de las mismas es bastante alta. Tambi\u00e9n hemos utilizado en algunos casos informaci\u00f3n extraida de la enciclopedia abierta Wikipedia, confirmando antes los datos all\u00ed obtenidos con las propias bibliograf\u00edas que la Wikipedia ofrece para comprobar su fiabilidad.<\/p>\n<p>En algunos art\u00edculos complementamos la publicaci\u00f3n con algo de informaci\u00f3n extraida de las propias asignaturas impartidas en nuestro curso, las cuales son impartidas por profesores con una cualificaci\u00f3n y cuyo material se redacta en base a unas bibliografias que son m\u00e1s que suficiente para confirmar la fiabilidad de estas fuentes.<\/p>\n","protected":false},"excerpt":{"rendered":"<p>Las fuentes que hemos utilizado para obtener la informaci\u00f3n que publicamos en este blog son en su mayor\u00eda obtenidas de distintas partes de la red, pero dentro de la red hemos acudido a fuentes en formatos muy distintos como libros en PDF, art\u00edculos acerca de determinados yacimientos y excavaciones, enciclopedias, audiovisuales y un largo etc. [&hellip;]<\/p>\n","protected":false},"author":2443,"featured_media":0,"parent":0,"menu_order":0,"comment_status":"open","ping_status":"open","template":"","meta":{"footnotes":""},"class_list":["post-89","page","type-page","status-publish","hentry"],"_links":{"self":[{"href":"https:\/\/blogs.ua.es\/historiaantiguaalicante\/wp-json\/wp\/v2\/pages\/89","targetHints":{"allow":["GET"]}}],"collection":[{"href":"https:\/\/blogs.ua.es\/historiaantiguaalicante\/wp-json\/wp\/v2\/pages"}],"about":[{"href":"https:\/\/blogs.ua.es\/historiaantiguaalicante\/wp-json\/wp\/v2\/types\/page"}],"author":[{"embeddable":true,"href":"https:\/\/blogs.ua.es\/historiaantiguaalicante\/wp-json\/wp\/v2\/users\/2443"}],"replies":[{"embeddable":true,"href":"https:\/\/blogs.ua.es\/historiaantiguaalicante\/wp-json\/wp\/v2\/comments?post=89"}],"version-history":[{"count":3,"href":"https:\/\/blogs.ua.es\/historiaantiguaalicante\/wp-json\/wp\/v2\/pages\/89\/revisions"}],"predecessor-version":[{"id":123,"href":"https:\/\/blogs.ua.es\/historiaantiguaalicante\/wp-json\/wp\/v2\/pages\/89\/revisions\/123"}],"wp:attachment":[{"href":"https:\/\/blogs.ua.es\/historiaantiguaalicante\/wp-json\/wp\/v2\/media?parent=89"}],"curies":[{"name":"wp","href":"https:\/\/api.w.org\/{rel}","templated":true}]}}