{"id":6,"date":"2013-09-16T17:34:29","date_gmt":"2013-09-16T17:34:29","guid":{"rendered":"https:\/\/blogs.ua.es\/historiacallosa\/?page_id=6"},"modified":"2014-01-15T22:04:54","modified_gmt":"2014-01-15T22:04:54","slug":"presentacion","status":"publish","type":"page","link":"https:\/\/blogs.ua.es\/historiacallosa\/presentacion\/","title":{"rendered":"Introducci\u00f3n"},"content":{"rendered":"<p style=\"text-align: justify\">Callosa de Segura, se sit\u00faa en la Comunidad Valenciana, m\u00e1s concretamente en la provincia de Alicante y comarca de la Vega Baja. Y actualmente la localidad posee una poblaci\u00f3n cercana a los 18.000 habitantes.<\/p>\n<figure id=\"attachment_189\" aria-describedby=\"caption-attachment-189\" style=\"width: 700px\" class=\"wp-caption aligncenter\"><a href=\"https:\/\/blogs.ua.es\/historiacallosa\/files\/2013\/09\/situacion-geografica-de-callosa-de-segura.jpg\"><img loading=\"lazy\" decoding=\"async\" class=\"size-full wp-image-189\" alt=\"Situaci\u00f3n geogr\u00e1fica de Callosa de Segura\" src=\"https:\/\/blogs.ua.es\/historiacallosa\/files\/2013\/09\/situacion-geografica-de-callosa-de-segura.jpg\" width=\"700\" height=\"723\" srcset=\"https:\/\/blogs.ua.es\/historiacallosa\/files\/2013\/09\/situacion-geografica-de-callosa-de-segura.jpg 700w, https:\/\/blogs.ua.es\/historiacallosa\/files\/2013\/09\/situacion-geografica-de-callosa-de-segura-290x300.jpg 290w\" sizes=\"auto, (max-width: 700px) 100vw, 700px\" \/><\/a><figcaption id=\"caption-attachment-189\" class=\"wp-caption-text\">Situaci\u00f3n geogr\u00e1fica de Callosa de Segura<\/figcaption><\/figure>\n<p style=\"text-align: justify\">\u00a0En un par de pinceladas, podemos decir sobre la historia del municipio callosino que estuvo cinco siglos y medio bajo el control isl\u00e1mico. situaci\u00f3n que cambi\u00f3 en 1296 cuando la zona que ocupa fue conquistada por Jaime II. Callosa fue desde entonces lugar dependiente de Orihuela, ciudad de gran importancia en la \u00e9poca, n\u00facelo de cultura y referente en la frontera sur del reino, ciudad que dominar\u00eda Callosa como a una parte mas de su t\u00e9rmino. esta situaci\u00f3n se prolongar\u00eda hasta el a\u00f1o 1579 en el que Felipe II otorgo la independencia de Callosa respecto a Orihuela, debido a la concesi\u00f3n de un Real Privilegio. M\u00e1s tarde en \u00a01638 Felipe IV elev\u00f3 \u00a0la localidad a categor\u00eda de villa real lo que a su vez le confiri\u00f3 el derecho de asistir a las cortes de 1645, las \u00faltimas en celebrarse en el Reino de Valencia. Recibi\u00f3 nuevos t\u00edtulos de Fernando VII debidos a su lucha en la Guerra de Independencia contra napole\u00f3n a principios de siglo XIX, estos fueron, &#8220;fidelisima&#8221; e &#8220;ilustre&#8221;.<\/p>\n<p style=\"text-align: justify\">\u00a0 En su historias fueron comunes los desastres como pestes y otros tambi\u00e9n medioambientales como terremotos, riadas e inundaciones. la econom\u00eda estuvo marcado por actividades como el cultivo del c\u00e1\u00f1amo y la industria alpargatera, la agricultura en general, como no. Todas estas son variables que se repetir\u00e1n desde el periodo que nosotros vamos a exponer y tratar de divulgar en este blog. Variables que en muchos casos se inician en \u00e9poca moderna o incluso provienen del medievo.<\/p>\n<p style=\"text-align: justify\">\u00a0 No solo describiremos la econom\u00eda y la historia, sino que este trabajo abarca la historia moderna callosina desde otros muy diversos prismas. la poblaci\u00f3n tendr\u00e1 un apartado importante, donde veremos las oscilaciones determinadas por las pestes, epidemias y desastres, as\u00ed como otros factores como el efecto repoblador , la expulsi\u00f3n de los moriscos o las fuertes etapas de crecimiento, todo esto focalizado en el \u00fanico ejemplo callosino.<\/p>\n<figure id=\"attachment_191\" aria-describedby=\"caption-attachment-191\" style=\"width: 500px\" class=\"wp-caption aligncenter\"><a href=\"https:\/\/blogs.ua.es\/historiacallosa\/files\/2013\/09\/city-callosa.jpg\"><img loading=\"lazy\" decoding=\"async\" class=\"size-full wp-image-191\" alt=\"city callosa\" src=\"https:\/\/blogs.ua.es\/historiacallosa\/files\/2013\/09\/city-callosa.jpg\" width=\"500\" height=\"375\" srcset=\"https:\/\/blogs.ua.es\/historiacallosa\/files\/2013\/09\/city-callosa.jpg 500w, https:\/\/blogs.ua.es\/historiacallosa\/files\/2013\/09\/city-callosa-300x225.jpg 300w\" sizes=\"auto, (max-width: 500px) 100vw, 500px\" \/><\/a><figcaption id=\"caption-attachment-191\" class=\"wp-caption-text\">Panor\u00e1mica actual de la ciudad de Callosa<\/figcaption><\/figure>\n<p style=\"text-align: justify\">\u00a0 Trataremos de exponer las mutaciones que sufri\u00f3 la \u00a0compleja administraci\u00f3n municipal tras la segregaci\u00f3n respecto a Orihuela, al igual que reflexionamos sobre la sociedad en los albores de la edad media y el paso a la modernidad.<\/p>\n<p style=\"text-align: justify\">Todo esto no pod\u00eda estar sin tener en uenta un profuso patrimonio cultural y etnogr\u00e1fico que podemos encontrar materializado en su numeroso y exquisito patrimonio como el Santuario de San Roque o la Iglesa Arciprestral de San Mart\u00edn Obispo entre muchos otros, tambi\u00e9n es un testimonio revelador el Museo del C\u00e1\u00f1amo o sus numerosas fiestas. Encontramos entre ellas muchas representativas del municipio callosino, tales como, la Semana Santa.<\/p>\n<p style=\"text-align: justify\">\u00a0 Esperemos que esta labor les sea \u00fatil e interesante y que sirva para la divulgaci\u00f3n de la historia de valencianos y en especial callosinos. Y m\u00e1s teniendo en cuenta que muchos de los hechos y procesos aqu\u00ed expuestos tienen un origen lejano en el tiempo pero que en gran medida marca nuestro presente de una forma m\u00e1s importante de lo que pensamos en la configuraci\u00f3n de nuestra sociedad actual.<\/p>\n","protected":false},"excerpt":{"rendered":"<p>Callosa de Segura, se sit\u00faa en la Comunidad Valenciana, m\u00e1s concretamente en la provincia de Alicante y comarca de la Vega Baja. Y actualmente la localidad posee una poblaci\u00f3n cercana a los 18.000 habitantes. \u00a0En un par de pinceladas, podemos decir sobre la historia del municipio callosino que estuvo cinco siglos y medio bajo el [&hellip;]<\/p>\n","protected":false},"author":3135,"featured_media":0,"parent":0,"menu_order":2,"comment_status":"open","ping_status":"open","template":"","meta":{"footnotes":""},"class_list":["post-6","page","type-page","status-publish","hentry"],"_links":{"self":[{"href":"https:\/\/blogs.ua.es\/historiacallosa\/wp-json\/wp\/v2\/pages\/6","targetHints":{"allow":["GET"]}}],"collection":[{"href":"https:\/\/blogs.ua.es\/historiacallosa\/wp-json\/wp\/v2\/pages"}],"about":[{"href":"https:\/\/blogs.ua.es\/historiacallosa\/wp-json\/wp\/v2\/types\/page"}],"author":[{"embeddable":true,"href":"https:\/\/blogs.ua.es\/historiacallosa\/wp-json\/wp\/v2\/users\/3135"}],"replies":[{"embeddable":true,"href":"https:\/\/blogs.ua.es\/historiacallosa\/wp-json\/wp\/v2\/comments?post=6"}],"version-history":[{"count":8,"href":"https:\/\/blogs.ua.es\/historiacallosa\/wp-json\/wp\/v2\/pages\/6\/revisions"}],"predecessor-version":[{"id":229,"href":"https:\/\/blogs.ua.es\/historiacallosa\/wp-json\/wp\/v2\/pages\/6\/revisions\/229"}],"wp:attachment":[{"href":"https:\/\/blogs.ua.es\/historiacallosa\/wp-json\/wp\/v2\/media?parent=6"}],"curies":[{"name":"wp","href":"https:\/\/api.w.org\/{rel}","templated":true}]}}