{"id":206,"date":"2013-10-11T11:00:42","date_gmt":"2013-10-11T11:00:42","guid":{"rendered":"https:\/\/blogs.ua.es\/historiacastalla\/?page_id=206"},"modified":"2013-10-11T11:03:25","modified_gmt":"2013-10-11T11:03:25","slug":"contexto-geografico","status":"publish","type":"page","link":"https:\/\/blogs.ua.es\/historiacastalla\/contexto-geografico\/","title":{"rendered":"Contexto geogr\u00e1fico"},"content":{"rendered":"<p style=\"text-align: justify\"><a href=\"https:\/\/blogs.ua.es\/historiacastalla\/files\/2013\/10\/00494218.jpg\"><img loading=\"lazy\" decoding=\"async\" class=\"size-medium wp-image-207 aligncenter\" alt=\"00494218\" src=\"https:\/\/blogs.ua.es\/historiacastalla\/files\/2013\/10\/00494218-300x225.jpg\" width=\"300\" height=\"225\" srcset=\"https:\/\/blogs.ua.es\/historiacastalla\/files\/2013\/10\/00494218-300x225.jpg 300w, https:\/\/blogs.ua.es\/historiacastalla\/files\/2013\/10\/00494218.jpg 512w\" sizes=\"auto, (max-width: 300px) 100vw, 300px\" \/><\/a>Castalla es un municipio que se encuentra en el interior de la provincia de Alicante, en la comarca de La Hoya de Alcoy o <em>l&#8217;Alcoi\u00e0<\/em>. Hist\u00f3ricamente ha sido la cabeza de la subcomarca a la que da nombre, La Hoya de Castalla.<\/p>\n<p style=\"text-align: justify\">Cavanilles nos da una descripci\u00f3n de la Foia de Castalla cuando la visit\u00f3 a finales del siglo XVIII:<\/p>\n<p style=\"text-align: justify\"><em>&#8220;el cual tiene muy cerca de cuatro horas de oriente a poniente, contadas desde la canal de Alcoy hasta lo alto de la Algue\u00f1a; y algo m\u00e1s de norte a sur desde la monta\u00f1a de Biscoy hasta la venta de Girau, confinando con los t\u00e9rminos de Alcoy, Ba\u00f1eres, Biar, Petrel, Agost, Alicante y Xixona. Es muy estrecho en la parte occidental, reducido all\u00ed al vallecito de la Algue\u00f1a, apenas ancho la cuarta parte de una legua; pero luego se ensancha hacia levante y mediod\u00eda. Tiene al norte la sierra de Onil y los montes que se siguen hacia el oriente, que son el cabezo de Fabanella, nombre que tuvo una corta aldea que no existe, Montbari y Biscoy: opuesto a este y en la parte meridional tiene el carrascal de Rico y Cabes de Corb\u00f3, quedando entre \u00e9stos y Biscoy la obertura oriental llamada canal de Alco: queda como cortado el carrascal de Rico hacia poniente, y tuerce en arco hacia el pantano de Tibi, formando aqu\u00ed el muro izquierdo del r\u00edo, y se une con los montes puestos a la derecha. Estos van siguiendo hacia el norte con los nombres de Maigm\u00f3, Serratella y Carrascal de Castalla, que est\u00e1 al poniente de esta villa, y cierra la hoya de su nombre<\/em>&#8220;.<\/p>\n","protected":false},"excerpt":{"rendered":"<p>Castalla es un municipio que se encuentra en el interior de la provincia de Alicante, en la comarca de La Hoya de Alcoy o l&#8217;Alcoi\u00e0. Hist\u00f3ricamente ha sido la cabeza de la subcomarca a la que da nombre, La Hoya de Castalla. Cavanilles nos da una descripci\u00f3n de la Foia de Castalla cuando la visit\u00f3 [&hellip;]<\/p>\n","protected":false},"author":3159,"featured_media":0,"parent":0,"menu_order":0,"comment_status":"open","ping_status":"open","template":"","meta":{"footnotes":""},"class_list":["post-206","page","type-page","status-publish","hentry"],"_links":{"self":[{"href":"https:\/\/blogs.ua.es\/historiacastalla\/wp-json\/wp\/v2\/pages\/206","targetHints":{"allow":["GET"]}}],"collection":[{"href":"https:\/\/blogs.ua.es\/historiacastalla\/wp-json\/wp\/v2\/pages"}],"about":[{"href":"https:\/\/blogs.ua.es\/historiacastalla\/wp-json\/wp\/v2\/types\/page"}],"author":[{"embeddable":true,"href":"https:\/\/blogs.ua.es\/historiacastalla\/wp-json\/wp\/v2\/users\/3159"}],"replies":[{"embeddable":true,"href":"https:\/\/blogs.ua.es\/historiacastalla\/wp-json\/wp\/v2\/comments?post=206"}],"version-history":[{"count":5,"href":"https:\/\/blogs.ua.es\/historiacastalla\/wp-json\/wp\/v2\/pages\/206\/revisions"}],"predecessor-version":[{"id":212,"href":"https:\/\/blogs.ua.es\/historiacastalla\/wp-json\/wp\/v2\/pages\/206\/revisions\/212"}],"wp:attachment":[{"href":"https:\/\/blogs.ua.es\/historiacastalla\/wp-json\/wp\/v2\/media?parent=206"}],"curies":[{"name":"wp","href":"https:\/\/api.w.org\/{rel}","templated":true}]}}