{"id":14,"date":"2019-07-08T14:17:16","date_gmt":"2019-07-08T14:17:16","guid":{"rendered":"https:\/\/blogs.ua.es\/historiaclima\/?page_id=14"},"modified":"2019-10-16T05:56:15","modified_gmt":"2019-10-16T05:56:15","slug":"proyecto-de-investigacion","status":"publish","type":"page","link":"https:\/\/blogs.ua.es\/historiaclima\/proyecto-de-investigacion\/","title":{"rendered":"Proyecto de investigaci\u00f3n"},"content":{"rendered":"<p><strong>Investigadores principales<\/strong>: Dr. Armando Alberola Rom\u00e1 (1) y Dr. Cayetano Mas Galva\u00f1 (2).<\/p>\n<p><strong>T\u00edtulo<\/strong>: Clima, riesgo, cat\u00e1strofe y crisis a ambos lados del Atl\u00e1ntico durante la Peque\u00f1a Edad del Hielo (PEH).<\/p>\n<p><strong>Resumen<\/strong><\/p>\n<p>La Peque\u00f1a Edad del Hielo (PEH) fue un fen\u00f3meno clim\u00e1tico de alcance global, pleno de cambios imprevisibles que afect\u00f3 a buena parte del planeta, fundamentalmente Europa, Am\u00e9rica del Norte y China; pero tambi\u00e9n a Islandia, Nueva Zelanda o los Andes. Cronol\u00f3gicamente, la PEH se alarg\u00f3 desde mediados del siglo XIV hasta mediados o \u00faltimo tercio del siglo XIX y se caracteriz\u00f3 por el retorno a condiciones clim\u00e1ticas m\u00e1s rigurosas \u2013tras las m\u00e1s suaves del \u00d3ptico Clim\u00e1tico Medieval- con un acusado descenso de las temperaturas y gran variabilidad. Ello result\u00f3 catastr\u00f3fico para la agricultura y, en general, para la sociedad, que padeci\u00f3 hambrunas y enfermedades. Hay coincidencia en su irregularidad y en el hecho de que los inviernos fueron prolongados y muy severos, seguidos de primaveras cortas y h\u00famedas.<br \/>\nCon el debate actual relativo el alcance del cambio clim\u00e1tico y los conocimientos -todav\u00eda escasos- que sobre los espacios geogr\u00e1ficos indicados disponemos, entendemos oportuno plantear este proyecto. Un proyecto que se inserta plenamente en, al menos, dos de los objetivos espec\u00edficos de la Estrategia espa\u00f1ola de Ciencia y Tecnolog\u00eda y de Innovaci\u00f3n, en el apartado de \u201cInvestigaci\u00f3n orientada a los retos de la sociedad\u201d, concretamente en los ep\u00edgrafes 4.4.5 y 4.4.6. En el primero se indica que \u201cresulta indispensable mejorar el conocimiento cient\u00edfico de los procesos y mecanismos\u201d que regulan el clima, \u201cas\u00ed como de las opciones de adaptaci\u00f3n y mitigaci\u00f3n del cambio clim\u00e1tico\u201d. Y para ello resultan imprescindibles los an\u00e1lisis retrospectivos, con lo que la Historia se convierte en herramienta fundamental. En el segundo caso, se reconoce expl\u00edcitamente que \u201cla investigaci\u00f3n en Ciencias Sociales y Humanidades ha de contribuir al dise\u00f1o de soluciones\u201d a los problemas y retos sociales, a\u00f1adiendo que la investigaci\u00f3n y puesta en valor de la Historia y los recursos culturales y patrimoniales, posee un valor esencial en la construcci\u00f3n de las identidades colectivas.<br \/>\nEl objetivo general del proyecto consiste en incrementar el conocimiento sobre la historia de los desastres asociados con amenazas clim\u00e1ticas, naturales y biol\u00f3gicas, la construcci\u00f3n social del riesgo y la de la prevenci\u00f3n en la larga duraci\u00f3n y a escala global. La propuesta es hacerlo a partir de estudios comparativos, a ambos lados del Atl\u00e1ntico (pen\u00ednsula Ib\u00e9rica y Mesoam\u00e9rica) y durante la PEH. Este proyecto pretende analizar, valorar, catalogar y comparar el impacto causado por acontecimientos extraordinarios de origen meteorol\u00f3gico (ciclones, heladas, huracanes, sequ\u00edas persistentes, precipitaciones intensas, avenidas e inundaciones, pedriscos, olas de fr\u00edo y de calor, etc), geol\u00f3gico (erupciones volc\u00e1nicas, terremotos) o biol\u00f3gico (epidemias y plagas). Tambi\u00e9n las respuestas dadas desde el punto de vista pol\u00edtico-administrativo, social, cient\u00edfico y religioso-cultural a ambos lados del Atl\u00e1ntico. A tal efecto se ha dise\u00f1ado un conjunto de ejes de investigaci\u00f3n que recogen todas estas necesidades encaminados a incrementar el conocimiento en este campo del saber. Es, creemos, la primera vez que se plantea este tipo de an\u00e1lisis y permitir\u00e1 poner en com\u00fan objetivos, estrategias y herramientas que desarrollen futuras acciones de I+D+I y proporcionar informaci\u00f3n relevante en perspectiva hist\u00f3rica comparada a las administraciones actuales.<\/p>\n","protected":false},"excerpt":{"rendered":"<p>Investigadores principales: Dr. Armando Alberola Rom\u00e1 (1) y Dr. Cayetano Mas Galva\u00f1 (2). T\u00edtulo: Clima, riesgo, cat\u00e1strofe y crisis a ambos lados del Atl\u00e1ntico durante la Peque\u00f1a Edad del Hielo (PEH). Resumen La Peque\u00f1a Edad del Hielo (PEH) fue un &hellip; <a href=\"https:\/\/blogs.ua.es\/historiaclima\/proyecto-de-investigacion\/\">Continue reading <span class=\"meta-nav\">&rarr;<\/span><\/a><\/p>\n","protected":false},"author":936,"featured_media":0,"parent":0,"menu_order":2,"comment_status":"closed","ping_status":"closed","template":"","meta":{"footnotes":""},"class_list":["post-14","page","type-page","status-publish","hentry"],"_links":{"self":[{"href":"https:\/\/blogs.ua.es\/historiaclima\/wp-json\/wp\/v2\/pages\/14","targetHints":{"allow":["GET"]}}],"collection":[{"href":"https:\/\/blogs.ua.es\/historiaclima\/wp-json\/wp\/v2\/pages"}],"about":[{"href":"https:\/\/blogs.ua.es\/historiaclima\/wp-json\/wp\/v2\/types\/page"}],"author":[{"embeddable":true,"href":"https:\/\/blogs.ua.es\/historiaclima\/wp-json\/wp\/v2\/users\/936"}],"replies":[{"embeddable":true,"href":"https:\/\/blogs.ua.es\/historiaclima\/wp-json\/wp\/v2\/comments?post=14"}],"version-history":[{"count":2,"href":"https:\/\/blogs.ua.es\/historiaclima\/wp-json\/wp\/v2\/pages\/14\/revisions"}],"predecessor-version":[{"id":74,"href":"https:\/\/blogs.ua.es\/historiaclima\/wp-json\/wp\/v2\/pages\/14\/revisions\/74"}],"wp:attachment":[{"href":"https:\/\/blogs.ua.es\/historiaclima\/wp-json\/wp\/v2\/media?parent=14"}],"curies":[{"name":"wp","href":"https:\/\/api.w.org\/{rel}","templated":true}]}}