{"id":4,"date":"2013-12-10T06:12:20","date_gmt":"2013-12-10T06:12:20","guid":{"rendered":"https:\/\/blogs.ua.es\/historiadecocentaina\/?page_id=4"},"modified":"2013-12-17T09:31:49","modified_gmt":"2013-12-17T09:31:49","slug":"presentacio","status":"publish","type":"page","link":"https:\/\/blogs.ua.es\/historiadecocentaina\/presentacio\/","title":{"rendered":"Presentaci\u00f3"},"content":{"rendered":"<p>Som Jos\u00e9 Antonio Quesada Adsuar, Miguel \u00c1ngel Garc\u00eda Arocas y Mar\u00eda Teresa Cant\u00f3 Blackpanther Abad. Anem a realitzar un treball per a l&#8217;assignatura d&#8217;Hist\u00f2ria Moderna del Pa\u00eds Valenci\u00e0, impartida pel professor Antonio Carrasco Rodr\u00edguez, del cinqu\u00e9 curs de la Llicenciatura d&#8217;Hist\u00f2ria de la Universitat d&#8217;Alacant. En aquest blog anem a parlar sobre l&#8217;hist\u00f2ria de Cocentaina, centrant-mos en les etapes medieval i sobretot moderna. El nostre principal objectiu ser\u00e0 con\u00e8ixer l&#8217;identitat d&#8217;aquest poble, desde els aspectes pol\u00edtics i administratius, aprofundint en els seus aspectes socials i demogr\u00e1fics, sense oblidar-mos de la seua econom\u00eda i la seua cultura. Tot a\u00e7\u00f3 ens apropar\u00e0 un poc m\u00e9s a la Cocentaina dels segles XIV al XVIII.<\/p>\n","protected":false},"excerpt":{"rendered":"<p>Som Jos\u00e9 Antonio Quesada Adsuar, Miguel \u00c1ngel Garc\u00eda Arocas y Mar\u00eda Teresa Cant\u00f3 Blackpanther Abad. Anem a realitzar un treball per a l&#8217;assignatura d&#8217;Hist\u00f2ria Moderna del Pa\u00eds Valenci\u00e0, impartida pel professor Antonio Carrasco Rodr\u00edguez, del cinqu\u00e9 curs de la Llicenciatura &hellip; <a href=\"https:\/\/blogs.ua.es\/historiadecocentaina\/presentacio\/\">Continue reading <span class=\"meta-nav\">&rarr;<\/span><\/a><\/p>\n","protected":false},"author":1876,"featured_media":0,"parent":0,"menu_order":1,"comment_status":"open","ping_status":"open","template":"","meta":{"footnotes":""},"class_list":["post-4","page","type-page","status-publish","hentry"],"_links":{"self":[{"href":"https:\/\/blogs.ua.es\/historiadecocentaina\/wp-json\/wp\/v2\/pages\/4","targetHints":{"allow":["GET"]}}],"collection":[{"href":"https:\/\/blogs.ua.es\/historiadecocentaina\/wp-json\/wp\/v2\/pages"}],"about":[{"href":"https:\/\/blogs.ua.es\/historiadecocentaina\/wp-json\/wp\/v2\/types\/page"}],"author":[{"embeddable":true,"href":"https:\/\/blogs.ua.es\/historiadecocentaina\/wp-json\/wp\/v2\/users\/1876"}],"replies":[{"embeddable":true,"href":"https:\/\/blogs.ua.es\/historiadecocentaina\/wp-json\/wp\/v2\/comments?post=4"}],"version-history":[{"count":2,"href":"https:\/\/blogs.ua.es\/historiadecocentaina\/wp-json\/wp\/v2\/pages\/4\/revisions"}],"predecessor-version":[{"id":82,"href":"https:\/\/blogs.ua.es\/historiadecocentaina\/wp-json\/wp\/v2\/pages\/4\/revisions\/82"}],"wp:attachment":[{"href":"https:\/\/blogs.ua.es\/historiadecocentaina\/wp-json\/wp\/v2\/media?parent=4"}],"curies":[{"name":"wp","href":"https:\/\/api.w.org\/{rel}","templated":true}]}}