{"id":202,"date":"2013-12-17T16:57:33","date_gmt":"2013-12-17T16:57:33","guid":{"rendered":"https:\/\/blogs.ua.es\/historiaelche18\/?page_id=202"},"modified":"2014-01-08T09:46:35","modified_gmt":"2014-01-08T09:46:35","slug":"valoracion-2","status":"publish","type":"page","link":"https:\/\/blogs.ua.es\/historiaelche18\/valoracion-2\/","title":{"rendered":"Valoraci\u00f3n"},"content":{"rendered":"<p style=\"text-align: justify\">En l\u00edneas generales, los tres autores del blog coincidimos en que la realizaci\u00f3n del mismo nos ha permitido incrementar notoriamente los conocimientos acerca de la villa de Elche en el siglo XVIII. As\u00ed pues, tambi\u00e9n hemos conseguido entender un poco mejor c\u00f3mo era la ciudad en aquellos tiempos (en todos los \u00e1mbitos ya sea poblacional, social, econ\u00f3mico, productivo, religioso, etc.) y por qu\u00e9 es as\u00ed en la actualidad.<\/p>\n<p style=\"text-align: justify\">Grata fue nuestra sorpresa al ver los numerosos campos y entradas que pudimos abarcar, y a su vez crear, analizando e interrogando todo tipo de fuentes, ya fueran orales, escritas, arqueol\u00f3gicas, etc. Este hecho nos permiti\u00f3 adquirir m\u00e1s experiencia a la hora de ampliar nuestro rango de b\u00fasqueda, tanto en fuentes de tipo material como virtual. Cierto es que la realizaci\u00f3n de este blog ha requerido un gran esfuerzo y compromiso, destinando gran parte de nuestro tiempo y dedicaci\u00f3n al mismo.<\/p>\n<p style=\"text-align: justify\">En relaci\u00f3n con la variedad de ep\u00edgrafes, queremos destacar aquellas entradas que nos han parecido m\u00e1s gratas, a nuestro parecer, una vez que han sido finalizadas. As\u00ed pues, destacamos las entradas relacionadas con la colonizaci\u00f3n de los Carrizales, las relacionadas con el mot\u00edn de Esquilache, as\u00ed como las entradas relacionadas con el \u00e1mbito educativo o la visi\u00f3n de los viajeros que pasaban por Elche en el siglo XVIII.<\/p>\n<p style=\"text-align: justify\">Finalmente queremos confirmar que este blog ha conseguido los objetivos que persegu\u00eda, enmarcado en la asignatura Historia Moderna del Pa\u00eds Valenciano, ayud\u00e1ndonos a desarrollar un gran trabajo de investigaci\u00f3n interdisciplinar y transversal, convirti\u00e9ndose, desde nuestro punto de vista, en una excelente ocasi\u00f3n para ampliar nuestro conocimiento y desarrollar un enriquecedor trabajo en equipo.<\/p>\n","protected":false},"excerpt":{"rendered":"<p>En l\u00edneas generales, los tres autores del blog coincidimos en que la realizaci\u00f3n del mismo nos ha permitido incrementar notoriamente los conocimientos acerca de la villa de Elche en el siglo XVIII. As\u00ed pues, tambi\u00e9n hemos conseguido entender un poco mejor c\u00f3mo era la ciudad en aquellos tiempos (en todos los \u00e1mbitos ya sea poblacional, [&hellip;]<\/p>\n","protected":false},"author":3148,"featured_media":0,"parent":0,"menu_order":0,"comment_status":"open","ping_status":"open","template":"","meta":{"footnotes":""},"class_list":["post-202","page","type-page","status-publish","hentry"],"_links":{"self":[{"href":"https:\/\/blogs.ua.es\/historiaelche18\/wp-json\/wp\/v2\/pages\/202","targetHints":{"allow":["GET"]}}],"collection":[{"href":"https:\/\/blogs.ua.es\/historiaelche18\/wp-json\/wp\/v2\/pages"}],"about":[{"href":"https:\/\/blogs.ua.es\/historiaelche18\/wp-json\/wp\/v2\/types\/page"}],"author":[{"embeddable":true,"href":"https:\/\/blogs.ua.es\/historiaelche18\/wp-json\/wp\/v2\/users\/3148"}],"replies":[{"embeddable":true,"href":"https:\/\/blogs.ua.es\/historiaelche18\/wp-json\/wp\/v2\/comments?post=202"}],"version-history":[{"count":6,"href":"https:\/\/blogs.ua.es\/historiaelche18\/wp-json\/wp\/v2\/pages\/202\/revisions"}],"predecessor-version":[{"id":242,"href":"https:\/\/blogs.ua.es\/historiaelche18\/wp-json\/wp\/v2\/pages\/202\/revisions\/242"}],"wp:attachment":[{"href":"https:\/\/blogs.ua.es\/historiaelche18\/wp-json\/wp\/v2\/media?parent=202"}],"curies":[{"name":"wp","href":"https:\/\/api.w.org\/{rel}","templated":true}]}}