{"id":69,"date":"2010-11-16T12:05:27","date_gmt":"2010-11-16T10:05:27","guid":{"rendered":"https:\/\/blogs.ua.es\/historiamoderna\/"},"modified":"2012-09-14T09:52:47","modified_gmt":"2012-09-14T07:52:47","slug":"familia-real","status":"publish","type":"page","link":"https:\/\/blogs.ua.es\/historiamoderna\/familia-real\/","title":{"rendered":"Familia real"},"content":{"rendered":"<p>Reyes de Castilla:<\/p>\n<ul>\n<li>Pedro I.<\/li>\n<li>Enrique II (de Trast\u00e1mara).<\/li>\n<li>Juan I.<\/li>\n<li>Enrique III el Doliente (casado con Catalina de Lancaster; hijos rubios y pelirrojos; entre ellos, Fernando de Antequera, regente de Castilla y rey de la Corona de Arag\u00f3n tras el compromiso de Caspe).<\/li>\n<li>Juan II.<\/li>\n<li>Enrique IV el Impotente.<\/li>\n<li>Isabel I la Cat\u00f3lica.<\/li>\n<\/ul>\n<p>Reyes de la Corona de Arag\u00f3n:<\/p>\n<ul>\n<li>Pedro IV el Ceremonioso.<\/li>\n<li>Juan I.<\/li>\n<li>Mart\u00edn el Humano.<\/li>\n<li>Fernando I de Antequera.<\/li>\n<li>Alfonso V el Magn\u00e1nimo.<\/li>\n<li>Juan II.<\/li>\n<li>Fernando II el Cat\u00f3lico.<\/li>\n<\/ul>\n<p>Descendencia de los RR. CC.:<\/p>\n<ul>\n<li>Isabel (1470-1498; casada con el heredero de Portugal, Alfonso, y a su muerte, con Manuel I el Afortunado).<\/li>\n<li>Juan (1478-1497; casado con Margarita de Austria, hija de Maximiliano I y Mar\u00eda de Borgo\u00f1a).<\/li>\n<li>Juana la Loca (1479-1555; casada con Felipe el Hermoso, hijo de Maximiliano I y Mar\u00eda de Borgo\u00f1a).<\/li>\n<li>Mar\u00eda (1482-1517; casada con Manuel I el Afortunado, tras la muerte de su hermana Isabel).<\/li>\n<li>Catalina (1485-1536; casada con el pr\u00edncipe de Gales, Arturo, y despu\u00e9s, con su hermano, Enrique VIII; madre de Mar\u00eda Tudor, futura esposa de Felipe II).<\/li>\n<li>Pedro de Embasaguas (1488-1490; muerto a los 2 a\u00f1os).<\/li>\n<\/ul>\n<p>Hijos ileg\u00edtimos de Fernando:<\/p>\n<ul>\n<li>De Aldonza Ruiz de Ivorra:<\/li>\n<ul>\n<li>Alfonso de Arag\u00f3n (arzobispo de Zaragoza y lugarteniente general de la Corona de Arag\u00f3n).<\/li>\n<li>Juana (casada con el conde de Haro, condestable de Castilla).<\/li>\n<\/ul>\n<li>Otros:<\/li>\n<ul>\n<li>Mar\u00eda (abadesa de Nuestra Se\u00f1ora de Gracia en el Real de Madrigal (\u00c1vila).<\/li>\n<\/ul>\n<\/ul>\n<p>Descendencia de Juana I y Felipe I:<\/p>\n<ul>\n<li>Leonor (1498-1558). Tercera esposa de Manuel I y a su muerte, mujer de Francisco I de Francia.<\/li>\n<li>Carlos (1500-1558). Rey de la MH y empezador.<\/li>\n<li>Isabel (1501-1526). Reina consorte de Dinamarca y la Uni\u00f3n de Kalmar, esposa de Cristian II.<\/li>\n<li>Fernando (1503-1564). Emperador sucesor de Carlos.<\/li>\n<li>Mar\u00eda (1505-1558). Reina consorte de Hungr\u00eda y Bohemia, esposa de Luis II; a la muerte de este, gobernadora de los Pa\u00edses Bajos.<\/li>\n<li>Catalina (1507-1578). Reina consorte de Portugal, casada con Juan III (abuela del rey Sebasti\u00e1n I).<\/li>\n<\/ul>\n<p>Descendencia de Carlos I:<\/p>\n<ul>\n<li>Felipe II.<\/li>\n<li>Mar\u00eda de Habsburgo (casada con el futuro emperador Maximiliano II).<\/li>\n<li>Fernando (muerto al poco tiempo de nacer).<\/li>\n<li>Juana de Austria (casada con el pr\u00edncipe Juan Manuel de Portugal).<\/li>\n<li>Juan (muerto al poco tiempo de nacer).<\/li>\n<\/ul>\n<p>Ileg\u00edtimos:<\/p>\n<ul>\n<li>Isabel (con Germana de Foix, su abuelastra).<\/li>\n<li>Margarita de Austria o de Parma (con Juana Van der Gheest).<\/li>\n<li>D. Juan de Austria (con Barbara Blomberg).<\/li>\n<li>Otras: Juana y Tadea de Austria.<\/li>\n<\/ul>\n<p>Matrimonios e hijos de Felipe II:<\/p>\n<ul>\n<li>Mar\u00eda Manuela de Portugal (hija de Juan III de Portugal y de su t\u00eda Catalina -hermana de Carlos I-).\n<ul>\n<li>Hijo: Infante D. Carlos.<\/li>\n<\/ul>\n<\/li>\n<li>Mar\u00eda I Tudor (hija de Enrique VIII y de su t\u00eda-abuela Catalina de Arag\u00f3n -hermana de Juana la Loca-).\n<ul>\n<li>Sin hijos.<\/li>\n<\/ul>\n<\/li>\n<li>Isabel de Valois (hija de Enrique II de Francia -y nieta de Francisco I- y Catalina de M\u00e9dicis).\n<ul>\n<li>Hijas: Isabel Clara Eugenia y Catalina Micaela.<\/li>\n<\/ul>\n<\/li>\n<li>Ana de Austria (hija del emperador Maximiliano II -y nieta del emperador Fernando, hermano de Carlos I- y de Mar\u00eda de Austria -hermana de Felipe II-).\n<ul>\n<li>Hijos: Fernando, Carlos Lorenzo, Diego F\u00e9lix, Felipe III y Mar\u00eda.<\/li>\n<\/ul>\n<\/li>\n<\/ul>\n","protected":false},"excerpt":{"rendered":"<p>Reyes de Castilla: Pedro I. Enrique II (de Trast\u00e1mara). Juan I. Enrique III el Doliente (casado con Catalina de Lancaster; hijos rubios y pelirrojos; entre ellos, Fernando de Antequera, regente de Castilla y rey de la Corona de Arag\u00f3n tras el compromiso de Caspe). Juan II. Enrique IV el Impotente. Isabel I la Cat\u00f3lica. Reyes [&hellip;]<\/p>\n","protected":false},"author":936,"featured_media":0,"parent":0,"menu_order":0,"comment_status":"open","ping_status":"open","template":"","meta":{"footnotes":""},"class_list":["post-69","page","type-page","status-publish","hentry"],"_links":{"self":[{"href":"https:\/\/blogs.ua.es\/historiamoderna\/wp-json\/wp\/v2\/pages\/69","targetHints":{"allow":["GET"]}}],"collection":[{"href":"https:\/\/blogs.ua.es\/historiamoderna\/wp-json\/wp\/v2\/pages"}],"about":[{"href":"https:\/\/blogs.ua.es\/historiamoderna\/wp-json\/wp\/v2\/types\/page"}],"author":[{"embeddable":true,"href":"https:\/\/blogs.ua.es\/historiamoderna\/wp-json\/wp\/v2\/users\/936"}],"replies":[{"embeddable":true,"href":"https:\/\/blogs.ua.es\/historiamoderna\/wp-json\/wp\/v2\/comments?post=69"}],"version-history":[{"count":9,"href":"https:\/\/blogs.ua.es\/historiamoderna\/wp-json\/wp\/v2\/pages\/69\/revisions"}],"predecessor-version":[{"id":81,"href":"https:\/\/blogs.ua.es\/historiamoderna\/wp-json\/wp\/v2\/pages\/69\/revisions\/81"}],"wp:attachment":[{"href":"https:\/\/blogs.ua.es\/historiamoderna\/wp-json\/wp\/v2\/media?parent=69"}],"curies":[{"name":"wp","href":"https:\/\/api.w.org\/{rel}","templated":true}]}}