{"id":29,"date":"2014-12-18T10:23:07","date_gmt":"2014-12-18T10:23:07","guid":{"rendered":"https:\/\/blogs.ua.es\/historiaoral20\/?page_id=29"},"modified":"2015-01-13T13:42:25","modified_gmt":"2015-01-13T13:42:25","slug":"metodologia","status":"publish","type":"page","link":"https:\/\/blogs.ua.es\/historiaoral20\/metodologia\/","title":{"rendered":"Metodolog\u00eda"},"content":{"rendered":"<p style=\"text-align: center\">El primer paso es buscar informaci\u00f3n sobre la \u00e9poca, de manera general, para ayudarnos a delimitar el tema.<\/p>\n<p style=\"text-align: center\">Realizamos las entrevistas, procurando que en su discurso no se alejaran de la \u00e9poca de nuestro inter\u00e9s, pero no acotando la tem\u00e1tica, de esa manera dejamos que el entrevistado nos de toda la informaci\u00f3n posible, descubri\u00e9ndonos algunos temas o detalles que se nos habr\u00edan escapado de otra forma.<\/p>\n<p style=\"text-align: center\">Buscamos bibliograf\u00eda especifica para corroborar algunos datos mencionados en la entrevista.<\/p>\n<p style=\"text-align: center\">Editamos las entrevistas, para eliminar toda aquella informaci\u00f3n no relevante.<\/p>\n<p style=\"text-align: center\">Creamos las entradas, siguiendo un mismo patr\u00f3n en cada una: informaci\u00f3n del entrevistado, foto, peque\u00f1o resumen de la entrevista y v\u00eddeo de la entrevista.<\/p>\n","protected":false},"excerpt":{"rendered":"<p>El primer paso es buscar informaci\u00f3n sobre la \u00e9poca, de manera general, para ayudarnos a delimitar el tema. Realizamos las entrevistas, procurando que en su discurso no se alejaran de la \u00e9poca de nuestro inter\u00e9s, pero no acotando la tem\u00e1tica, de esa manera dejamos que el entrevistado nos de toda la informaci\u00f3n posible, descubri\u00e9ndonos algunos [&hellip;]<\/p>\n","protected":false},"author":1873,"featured_media":0,"parent":0,"menu_order":0,"comment_status":"open","ping_status":"open","template":"","meta":{"footnotes":""},"class_list":["post-29","page","type-page","status-publish","hentry"],"_links":{"self":[{"href":"https:\/\/blogs.ua.es\/historiaoral20\/wp-json\/wp\/v2\/pages\/29","targetHints":{"allow":["GET"]}}],"collection":[{"href":"https:\/\/blogs.ua.es\/historiaoral20\/wp-json\/wp\/v2\/pages"}],"about":[{"href":"https:\/\/blogs.ua.es\/historiaoral20\/wp-json\/wp\/v2\/types\/page"}],"author":[{"embeddable":true,"href":"https:\/\/blogs.ua.es\/historiaoral20\/wp-json\/wp\/v2\/users\/1873"}],"replies":[{"embeddable":true,"href":"https:\/\/blogs.ua.es\/historiaoral20\/wp-json\/wp\/v2\/comments?post=29"}],"version-history":[{"count":5,"href":"https:\/\/blogs.ua.es\/historiaoral20\/wp-json\/wp\/v2\/pages\/29\/revisions"}],"predecessor-version":[{"id":142,"href":"https:\/\/blogs.ua.es\/historiaoral20\/wp-json\/wp\/v2\/pages\/29\/revisions\/142"}],"wp:attachment":[{"href":"https:\/\/blogs.ua.es\/historiaoral20\/wp-json\/wp\/v2\/media?parent=29"}],"curies":[{"name":"wp","href":"https:\/\/api.w.org\/{rel}","templated":true}]}}