{"id":33,"date":"2014-12-18T10:24:50","date_gmt":"2014-12-18T10:24:50","guid":{"rendered":"https:\/\/blogs.ua.es\/historiaoral20\/?page_id=33"},"modified":"2015-01-13T13:39:55","modified_gmt":"2015-01-13T13:39:55","slug":"bibliografia-comentada","status":"publish","type":"page","link":"https:\/\/blogs.ua.es\/historiaoral20\/bibliografia-comentada\/","title":{"rendered":"Bibliograf\u00eda"},"content":{"rendered":"<p><strong>BIBLIOGRAF\u00cdA GENERAL:<\/strong><\/p>\n<ul>\n<li>GONZALEZ, ALBERTO. El Franquismo y la transicion en Espa\u00f1a. Madrid. 2008.<\/li>\n<li>IZQUIERDO, JOSE MARIA.\u00a0Memoria selectiva de la Transici\u00f3n.<\/li>\n<\/ul>\n<div><\/div>\n<p><strong>BIBLIOGRAF\u00cdA TEM\u00c1TICA:<\/strong><\/p>\n<ol>\n<li><strong>La mujer:<\/strong><br \/>\nCLAUSEN, N. Vivir en la \u00c9poca de Franco, (las mujeres durante el Franquismo). \u00a02009.<\/li>\n<li><strong>La educaci\u00f3n:<\/strong><br \/>\nSANCHEZ-REDONDO MORCILLO, C. Leer en la escuela durante el Franquismo.<\/li>\n<li><strong>Represi\u00f3n:<\/strong><br \/>\n2004.SINOVA AMANDO DE NIGUEL, J. La censura de la prensa durante el Franquismo. 2006.<\/li>\n<li><strong><strong>La familia:<br \/>\n<\/strong><\/strong>PE\u00d1AFIEL RAMON, A. RODRIGUEZ SANCHEZ, A. Familia y mentalidades. Universidad de Murcia, Murcia. 1997.<\/li>\n<\/ol>\n<div><\/div>\n","protected":false},"excerpt":{"rendered":"<p>BIBLIOGRAF\u00cdA GENERAL: GONZALEZ, ALBERTO. El Franquismo y la transicion en Espa\u00f1a. Madrid. 2008. IZQUIERDO, JOSE MARIA.\u00a0Memoria selectiva de la Transici\u00f3n. BIBLIOGRAF\u00cdA TEM\u00c1TICA: La mujer: CLAUSEN, N. Vivir en la \u00c9poca de Franco, (las mujeres durante el Franquismo). \u00a02009. La educaci\u00f3n: SANCHEZ-REDONDO MORCILLO, C. Leer en la escuela durante el Franquismo. Represi\u00f3n: 2004.SINOVA AMANDO DE NIGUEL, [&hellip;]<\/p>\n","protected":false},"author":1873,"featured_media":0,"parent":0,"menu_order":0,"comment_status":"open","ping_status":"open","template":"","meta":{"footnotes":""},"class_list":["post-33","page","type-page","status-publish","hentry"],"_links":{"self":[{"href":"https:\/\/blogs.ua.es\/historiaoral20\/wp-json\/wp\/v2\/pages\/33","targetHints":{"allow":["GET"]}}],"collection":[{"href":"https:\/\/blogs.ua.es\/historiaoral20\/wp-json\/wp\/v2\/pages"}],"about":[{"href":"https:\/\/blogs.ua.es\/historiaoral20\/wp-json\/wp\/v2\/types\/page"}],"author":[{"embeddable":true,"href":"https:\/\/blogs.ua.es\/historiaoral20\/wp-json\/wp\/v2\/users\/1873"}],"replies":[{"embeddable":true,"href":"https:\/\/blogs.ua.es\/historiaoral20\/wp-json\/wp\/v2\/comments?post=33"}],"version-history":[{"count":13,"href":"https:\/\/blogs.ua.es\/historiaoral20\/wp-json\/wp\/v2\/pages\/33\/revisions"}],"predecessor-version":[{"id":131,"href":"https:\/\/blogs.ua.es\/historiaoral20\/wp-json\/wp\/v2\/pages\/33\/revisions\/131"}],"wp:attachment":[{"href":"https:\/\/blogs.ua.es\/historiaoral20\/wp-json\/wp\/v2\/media?parent=33"}],"curies":[{"name":"wp","href":"https:\/\/api.w.org\/{rel}","templated":true}]}}