{"id":37,"date":"2015-01-07T10:23:36","date_gmt":"2015-01-07T09:23:36","guid":{"rendered":"https:\/\/blogs.ua.es\/historiaoral21\/?page_id=37"},"modified":"2015-01-11T14:22:25","modified_gmt":"2015-01-11T13:22:25","slug":"presentacion-2","status":"publish","type":"page","link":"https:\/\/blogs.ua.es\/historiaoral21\/presentacion-2\/","title":{"rendered":"Presentaci\u00f3n"},"content":{"rendered":"<p>Somos Pedro Manuel Lamas y Alberto Box, alumnos del primer curso del Grado de Historia de la Universidad de Alicante. En este blog hemos llevado a cabo el trabajo de la asignatura de Fuentes y documentos, este curso 2014\/15 referente a &#8220;Posguerra y Franquismo a trav\u00e9s de fuentes orales&#8221;.<\/p>\n<p>El n\u00facleo del trabajo son una serie de entrevistas sobre el tema, convenientemente descritas en sus correspondientes entradas, y diferentes apartados en los que abordamos metodolog\u00eda, bibliograf\u00eda, y una valoraci\u00f3n.<\/p>\n<p>Esperamos que resulte interesante aunque siendo el primer trabajo de estas caracter\u00edsticas que hacemos somos conscientes de que son muchos aspectos los que se podr\u00edan mejorar.<\/p>\n<p>Gracias por la atenci\u00f3n.<\/p>\n","protected":false},"excerpt":{"rendered":"<p>Somos Pedro Manuel Lamas y Alberto Box, alumnos del primer curso del Grado de Historia de la Universidad de Alicante. En este blog hemos llevado a cabo el trabajo de la asignatura de Fuentes y documentos, este curso 2014\/15 referente &hellip; <a href=\"https:\/\/blogs.ua.es\/historiaoral21\/presentacion-2\/\">Continue reading <span class=\"meta-nav\">&rarr;<\/span><\/a><\/p>\n","protected":false},"author":3627,"featured_media":0,"parent":0,"menu_order":0,"comment_status":"open","ping_status":"open","template":"","meta":{"footnotes":""},"class_list":["post-37","page","type-page","status-publish","hentry"],"_links":{"self":[{"href":"https:\/\/blogs.ua.es\/historiaoral21\/wp-json\/wp\/v2\/pages\/37","targetHints":{"allow":["GET"]}}],"collection":[{"href":"https:\/\/blogs.ua.es\/historiaoral21\/wp-json\/wp\/v2\/pages"}],"about":[{"href":"https:\/\/blogs.ua.es\/historiaoral21\/wp-json\/wp\/v2\/types\/page"}],"author":[{"embeddable":true,"href":"https:\/\/blogs.ua.es\/historiaoral21\/wp-json\/wp\/v2\/users\/3627"}],"replies":[{"embeddable":true,"href":"https:\/\/blogs.ua.es\/historiaoral21\/wp-json\/wp\/v2\/comments?post=37"}],"version-history":[{"count":5,"href":"https:\/\/blogs.ua.es\/historiaoral21\/wp-json\/wp\/v2\/pages\/37\/revisions"}],"predecessor-version":[{"id":53,"href":"https:\/\/blogs.ua.es\/historiaoral21\/wp-json\/wp\/v2\/pages\/37\/revisions\/53"}],"wp:attachment":[{"href":"https:\/\/blogs.ua.es\/historiaoral21\/wp-json\/wp\/v2\/media?parent=37"}],"curies":[{"name":"wp","href":"https:\/\/api.w.org\/{rel}","templated":true}]}}