{"id":36,"date":"2015-04-28T14:46:20","date_gmt":"2015-04-28T14:46:20","guid":{"rendered":"https:\/\/blogs.ua.es\/historiaoral24\/?page_id=36"},"modified":"2015-05-03T17:10:14","modified_gmt":"2015-05-03T17:10:14","slug":"metodologia","status":"publish","type":"page","link":"https:\/\/blogs.ua.es\/historiaoral24\/metodologia\/","title":{"rendered":"Metodolog\u00eda"},"content":{"rendered":"<p style=\"text-align: left\">El primer paso para realizar este trabajo fue la creaci\u00f3n del blog, mediante los pasos explicados en las clases pr\u00e1cticas de la asignatura Fuentes y Documentos para la historia.<\/p>\n<p style=\"text-align: left\">En segundo lugar, para obtener la informaci\u00f3n que posteriormente se ha de introducir, hemos de acudir a casa de la fuente de informaci\u00f3n y se le realizar\u00e1 una serie de cuestiones sobre el tema elegido pensadas anteriormente.<\/p>\n<p style=\"text-align: left\">Una vez obtenida la informaci\u00f3n de la fuente, se introduce ya sea en formato de video o audio al blog. A cada entrada se le da un t\u00edtulo dem\u00e1s caracter\u00edsticas.<\/p>\n<p style=\"text-align: left\">La experiencia al realizar dicho trabajo de investigaci\u00f3n ha sido enriquecedora ya que, por una vez, no ha sido estudiar la historia como se suele hacer, sino que se podr\u00eda decir que la hemos vivido mediante las explicaciones de una persona que se encontraba en la \u00e9poca del franquismo ( tema del cual trata el trabajo de investigaci\u00f3n) y junto a sus palabras iban acompa\u00f1ados sentimientos, los cuales no se tenen al estudiar la historia a trav\u00e9s de hojas.<\/p>\n","protected":false},"excerpt":{"rendered":"<p>El primer paso para realizar este trabajo fue la creaci\u00f3n del blog, mediante los pasos explicados en las clases pr\u00e1cticas de la asignatura Fuentes y Documentos para la historia. En segundo lugar, para obtener la informaci\u00f3n que posteriormente se ha de introducir, hemos de acudir a casa de la fuente de informaci\u00f3n y se le [&hellip;]<\/p>\n","protected":false},"author":3743,"featured_media":0,"parent":0,"menu_order":0,"comment_status":"open","ping_status":"open","template":"","meta":{"footnotes":""},"class_list":["post-36","page","type-page","status-publish","hentry"],"_links":{"self":[{"href":"https:\/\/blogs.ua.es\/historiaoral24\/wp-json\/wp\/v2\/pages\/36","targetHints":{"allow":["GET"]}}],"collection":[{"href":"https:\/\/blogs.ua.es\/historiaoral24\/wp-json\/wp\/v2\/pages"}],"about":[{"href":"https:\/\/blogs.ua.es\/historiaoral24\/wp-json\/wp\/v2\/types\/page"}],"author":[{"embeddable":true,"href":"https:\/\/blogs.ua.es\/historiaoral24\/wp-json\/wp\/v2\/users\/3743"}],"replies":[{"embeddable":true,"href":"https:\/\/blogs.ua.es\/historiaoral24\/wp-json\/wp\/v2\/comments?post=36"}],"version-history":[{"count":4,"href":"https:\/\/blogs.ua.es\/historiaoral24\/wp-json\/wp\/v2\/pages\/36\/revisions"}],"predecessor-version":[{"id":44,"href":"https:\/\/blogs.ua.es\/historiaoral24\/wp-json\/wp\/v2\/pages\/36\/revisions\/44"}],"wp:attachment":[{"href":"https:\/\/blogs.ua.es\/historiaoral24\/wp-json\/wp\/v2\/media?parent=36"}],"curies":[{"name":"wp","href":"https:\/\/api.w.org\/{rel}","templated":true}]}}