{"id":13,"date":"2014-12-05T15:39:01","date_gmt":"2014-12-05T15:39:01","guid":{"rendered":"https:\/\/blogs.ua.es\/historiaoral77\/?page_id=13"},"modified":"2015-01-13T16:50:03","modified_gmt":"2015-01-13T16:50:03","slug":"metodologia","status":"publish","type":"page","link":"https:\/\/blogs.ua.es\/historiaoral77\/metodologia\/","title":{"rendered":"Metodolog\u00eda"},"content":{"rendered":"<p>En primer lugar, impartimos clases con el profesorado de la asignatura de Fuentes y \u00a0Documentos para la Historia en la que se nos explic\u00f3 como crear un blog en la p\u00e1gina de blogs de la Universidad de Alicante perteneciente a la plataforma <em>WordPress<\/em> y un canal de <em>Youtube<\/em> para poder manejar los al montar este trabajo. El trabajo consist\u00eda en realizar una serie de entrevistas a personas que vivieran el periodo de <strong>la posguerra y el franquismo ,<\/strong> administrar una serie de p\u00e1ginas en el mismo, aportarle un dise\u00f1o y caracter\u00edsticas y como .subir los v\u00eddeos al canal.<\/p>\n<p>En segundo lugar,la realizaci\u00f3n de las entrevistas se intentaron hacer \u00a0en casa de los entrevistados pero \u00a0tuvimos que realizar parte de ellas en un establecimiento poco concurrido durante las dos \u00faltimas semanas del mes de diciembre de 2014. Antes de preparar las entrevistas, hicimos una labor de documentaci\u00f3n para no equivocarnos en ning\u00fan tema para poder seleccionar las preguntas adecuadamente .En tercer lugar, ,procedimos a explicar a las personas entrevistadas en que iba a consistir dicha entrevista y para que nos era necesaria. Tras la firma de las pertinentes autorizaciones procedimos a grabar la entrevista mediante una c\u00e1mara de v\u00eddeo. Las grabaciones fueron editadas y recortadas con \u00a0<em>Pinnacle 14<\/em> y en el caso de los audios con <em>Audacity<\/em>. Tras el proceso de edici\u00f3n subimos los v\u00eddeos al canal de <em>YouTube<\/em> y completamos el resto del blog, al que le faltaban algunas p\u00e1ginas.<\/p>\n","protected":false},"excerpt":{"rendered":"<p>En primer lugar, impartimos clases con el profesorado de la asignatura de Fuentes y \u00a0Documentos para la Historia en la que se nos explic\u00f3 como crear un blog en la p\u00e1gina de blogs de la Universidad de Alicante perteneciente a la plataforma WordPress y un canal de Youtube para poder manejar los al montar este [&hellip;]<\/p>\n","protected":false},"author":3770,"featured_media":0,"parent":0,"menu_order":3,"comment_status":"open","ping_status":"open","template":"","meta":{"footnotes":""},"class_list":["post-13","page","type-page","status-publish","hentry"],"_links":{"self":[{"href":"https:\/\/blogs.ua.es\/historiaoral77\/wp-json\/wp\/v2\/pages\/13","targetHints":{"allow":["GET"]}}],"collection":[{"href":"https:\/\/blogs.ua.es\/historiaoral77\/wp-json\/wp\/v2\/pages"}],"about":[{"href":"https:\/\/blogs.ua.es\/historiaoral77\/wp-json\/wp\/v2\/types\/page"}],"author":[{"embeddable":true,"href":"https:\/\/blogs.ua.es\/historiaoral77\/wp-json\/wp\/v2\/users\/3770"}],"replies":[{"embeddable":true,"href":"https:\/\/blogs.ua.es\/historiaoral77\/wp-json\/wp\/v2\/comments?post=13"}],"version-history":[{"count":6,"href":"https:\/\/blogs.ua.es\/historiaoral77\/wp-json\/wp\/v2\/pages\/13\/revisions"}],"predecessor-version":[{"id":69,"href":"https:\/\/blogs.ua.es\/historiaoral77\/wp-json\/wp\/v2\/pages\/13\/revisions\/69"}],"wp:attachment":[{"href":"https:\/\/blogs.ua.es\/historiaoral77\/wp-json\/wp\/v2\/media?parent=13"}],"curies":[{"name":"wp","href":"https:\/\/api.w.org\/{rel}","templated":true}]}}