{"id":2,"date":"2012-12-07T14:52:33","date_gmt":"2012-12-07T14:52:33","guid":{"rendered":"https:\/\/blogs.ua.es\/historiaoralcomunidadvalenciana\/?page_id=2"},"modified":"2013-01-28T09:14:19","modified_gmt":"2013-01-28T09:14:19","slug":"pagina-ejemplo","status":"publish","type":"page","link":"https:\/\/blogs.ua.es\/historiaoralcomunidadvalenciana\/pagina-ejemplo\/","title":{"rendered":"Introducci\u00f3n"},"content":{"rendered":"<p style=\"text-align: justify\">En este Blog se tratar\u00e1 en tema de la Historia oral de la Comunidad Valenciana.<\/p>\n<p style=\"text-align: justify\">Recorreremos un camino cuyo\u00a0primer tramo tratar\u00e1 sobre el origen de la lengua propia de nuestra zona geogr\u00e1fica: el valenciano,\u00a0haciendo referencia a la historia de la misma, las cual se remonta hasta edades medievales,\u00a0para poder conocer el contexto que origin\u00f3 dicho idioma. El viaje continua a trav\u00e9s de los innumerables mitos y numerosas leyendas que impregnan las tres provincias de nuestra Comunidad, haciendo quiz\u00e1s m\u00e1s hincapi\u00e9 en aquellas referentes a la regi\u00f3n de Alicante, sin olvidar los lugares donde estos documentos quedan recogidos. Adem\u00e1s se a\u00f1adir\u00e1n opiniones\u00a0de eruditos sobre\u00a0este tema, opiniones\u00a0que nos ayudar\u00e1n a comprobar el tesoro ling\u00fc\u00edstico que es la lengua, soporte gracias al cual\u00a0a d\u00edas de hoy podemos conocer\u00a0nuestra\u00a0historia oral, o lo que es sin\u00f3nimo,\u00a0nuestros or\u00edgenes. Por \u00faltimo se har\u00e1 referencia a libros y revistas las cuales trar\u00e1n sobre la historia oral y las tradiciones de la Comunidad Valenciana.<\/p>\n","protected":false},"excerpt":{"rendered":"<p>En este Blog se tratar\u00e1 en tema de la Historia oral de la Comunidad Valenciana. Recorreremos un camino cuyo\u00a0primer tramo tratar\u00e1 sobre el origen de la lengua propia de nuestra zona geogr\u00e1fica: el valenciano,\u00a0haciendo referencia a la historia de la &hellip; <a href=\"https:\/\/blogs.ua.es\/historiaoralcomunidadvalenciana\/pagina-ejemplo\/\">Continue reading <span class=\"meta-nav\">&rarr;<\/span><\/a><\/p>\n","protected":false},"author":3014,"featured_media":0,"parent":0,"menu_order":0,"comment_status":"open","ping_status":"open","template":"","meta":{"footnotes":""},"class_list":["post-2","page","type-page","status-publish","hentry"],"_links":{"self":[{"href":"https:\/\/blogs.ua.es\/historiaoralcomunidadvalenciana\/wp-json\/wp\/v2\/pages\/2","targetHints":{"allow":["GET"]}}],"collection":[{"href":"https:\/\/blogs.ua.es\/historiaoralcomunidadvalenciana\/wp-json\/wp\/v2\/pages"}],"about":[{"href":"https:\/\/blogs.ua.es\/historiaoralcomunidadvalenciana\/wp-json\/wp\/v2\/types\/page"}],"author":[{"embeddable":true,"href":"https:\/\/blogs.ua.es\/historiaoralcomunidadvalenciana\/wp-json\/wp\/v2\/users\/3014"}],"replies":[{"embeddable":true,"href":"https:\/\/blogs.ua.es\/historiaoralcomunidadvalenciana\/wp-json\/wp\/v2\/comments?post=2"}],"version-history":[{"count":4,"href":"https:\/\/blogs.ua.es\/historiaoralcomunidadvalenciana\/wp-json\/wp\/v2\/pages\/2\/revisions"}],"predecessor-version":[{"id":95,"href":"https:\/\/blogs.ua.es\/historiaoralcomunidadvalenciana\/wp-json\/wp\/v2\/pages\/2\/revisions\/95"}],"wp:attachment":[{"href":"https:\/\/blogs.ua.es\/historiaoralcomunidadvalenciana\/wp-json\/wp\/v2\/media?parent=2"}],"curies":[{"name":"wp","href":"https:\/\/api.w.org\/{rel}","templated":true}]}}