{"id":11,"date":"2013-09-17T09:36:49","date_gmt":"2013-09-17T09:36:49","guid":{"rendered":"https:\/\/blogs.ua.es\/historiaorihuelaforal\/?page_id=11"},"modified":"2013-10-26T23:43:59","modified_gmt":"2013-10-26T22:43:59","slug":"presentacion","status":"publish","type":"page","link":"https:\/\/blogs.ua.es\/historiaorihuelaforal\/?page_id=11","title":{"rendered":"Presentaci\u00f3n"},"content":{"rendered":"<p>Este blog ha sido creado por Javier Montenegro Alfaro, Ander Villaverde Lozano y Jos\u00e9 Manuel S\u00e1nchez, tres alumnos de 5\u00ba curso de la casi extinta Licenciatura de Historia de la Universidad de Alicante.<\/p>\n<p>Aqu\u00ed presentaremos aspectos diversos de la Orihuela Foral, un periodo ya lejano de esta bonita y emblem\u00e1tica ciudad, capital insigne de la Vega Baja del Segura, en la provincia de Alicante. As\u00ed pues, trataremos con la m\u00e1xima profesionalidad -siempre bas\u00e1ndonos en fuentes hist\u00f3ricas fiables- temas como las pol\u00edticas llevadas a cabo por los gobernantes y la administraci\u00f3n del momento, y los giros econ\u00f3micos que llevar\u00e1n a una sociedad marcada por la tradici\u00f3n morisca -la cual sin duda se ver\u00e1 reflejada en su cultura y tradiciones- que se abre paso en una nueva \u00e9poca azotada por la hambruna y por otras m\u00faltiples calamidades de diversa \u00edndole.<\/p>\n<p>Blog creado para la asignatura Historia Moderna del Pa\u00eds Valenciano.<\/p>\n","protected":false},"excerpt":{"rendered":"<p>Este blog ha sido creado por Javier Montenegro Alfaro, Ander Villaverde Lozano y Jos\u00e9 Manuel S\u00e1nchez, tres alumnos de 5\u00ba curso de la casi extinta Licenciatura de Historia de la Universidad de Alicante. Aqu\u00ed presentaremos aspectos diversos de la Orihuela Foral, un periodo ya lejano de esta bonita y emblem\u00e1tica ciudad, capital insigne de la [&hellip;]<\/p>\n","protected":false},"author":1885,"featured_media":0,"parent":0,"menu_order":0,"comment_status":"open","ping_status":"open","template":"","meta":{"footnotes":""},"class_list":["post-11","page","type-page","status-publish","hentry"],"_links":{"self":[{"href":"https:\/\/blogs.ua.es\/historiaorihuelaforal\/index.php?rest_route=\/wp\/v2\/pages\/11","targetHints":{"allow":["GET"]}}],"collection":[{"href":"https:\/\/blogs.ua.es\/historiaorihuelaforal\/index.php?rest_route=\/wp\/v2\/pages"}],"about":[{"href":"https:\/\/blogs.ua.es\/historiaorihuelaforal\/index.php?rest_route=\/wp\/v2\/types\/page"}],"author":[{"embeddable":true,"href":"https:\/\/blogs.ua.es\/historiaorihuelaforal\/index.php?rest_route=\/wp\/v2\/users\/1885"}],"replies":[{"embeddable":true,"href":"https:\/\/blogs.ua.es\/historiaorihuelaforal\/index.php?rest_route=%2Fwp%2Fv2%2Fcomments&post=11"}],"version-history":[{"count":4,"href":"https:\/\/blogs.ua.es\/historiaorihuelaforal\/index.php?rest_route=\/wp\/v2\/pages\/11\/revisions"}],"predecessor-version":[{"id":32,"href":"https:\/\/blogs.ua.es\/historiaorihuelaforal\/index.php?rest_route=\/wp\/v2\/pages\/11\/revisions\/32"}],"wp:attachment":[{"href":"https:\/\/blogs.ua.es\/historiaorihuelaforal\/index.php?rest_route=%2Fwp%2Fv2%2Fmedia&parent=11"}],"curies":[{"name":"wp","href":"https:\/\/api.w.org\/{rel}","templated":true}]}}