{"id":29,"date":"2017-11-09T16:30:02","date_gmt":"2017-11-09T16:30:02","guid":{"rendered":"https:\/\/blogs.ua.es\/historiaycomunicacion\/?page_id=29"},"modified":"2017-12-05T10:01:29","modified_gmt":"2017-12-05T10:01:29","slug":"las-portadas-y-su-analisis","status":"publish","type":"page","link":"https:\/\/blogs.ua.es\/historiaycomunicacion\/las-portadas-y-su-analisis\/","title":{"rendered":"Las portadas y su an\u00e1lisis: Conclusiones"},"content":{"rendered":"<h1 style=\"text-align: center\"><\/h1>\n<h1 style=\"text-align: center\"><strong><span style=\"color: #ff0000\">Las portadas y su an\u00e1lisis:<\/span><\/strong><\/h1>\n<p>&nbsp;<\/p>\n<h3 style=\"text-align: center\"><span style=\"color: #800000\"><strong>CONCLUSIONES<\/strong><\/span><\/h3>\n<p>&nbsp;<\/p>\n<p style=\"padding-left: 90px\">Seg\u00fan los peri\u00f3dicos analizados, en general, <strong>se impone la fotograf\u00eda por encima del texto<\/strong>. Esto nos indica lo impactante e ilustrativo que tiene la instant\u00e1nea a la hora de mostrar un acontecimiento y darle veracidad de lo real. El texto simplemente act\u00faa como soporte para contextualizar un acontecimiento, as\u00ed como ofrecer datos acerca de los personajes.<\/p>\n<p style=\"padding-left: 90px\">En la fotograf\u00eda vemos que destacan las figuras de los <strong>principales personajes<\/strong> del hecho acontecido, como son la figura de Su\u00e1rez y Guti\u00e9rrez Mellado que representaban el baluarte del Rey y la democracia y el golpista militar Tejero, que representaba la pervivencia de unos valores atrasados anclados en el r\u00e9gimen dictatorial franquista.<\/p>\n<p style=\"padding-left: 90px\">Destaca por encima el Daily Mirror, como <strong>prensa internacional<\/strong> siguiendo el car\u00e1cter que predomina desde sus or\u00edgenes como prensa sensacionalista, que vende a trav\u00e9s de grandes reportajes fotogr\u00e1ficos. Por parte de la <strong>prensa nacional<\/strong>, vemos que la fotograf\u00eda destaca sobre todo en el ABC. Esto podr\u00eda explicarse porque su sede se encuentra en la capital, ciudad donde ocurrieron los hechos.<\/p>\n<p style=\"padding-left: 90px\">Sin embargo, tenemos que determinar que en todas las portadas se repite una de las fotos, desde un mismo punto de vista. Esto nos informa de que en el mundo de la prensa de aquellos a\u00f1os exist\u00eda una <strong>agencia principal de noticias<\/strong>, que vend\u00eda sus fotograf\u00edas a diferentes peri\u00f3dicos, en este caso, hablamos de la agencia EFE.<\/p>\n<p style=\"padding-left: 90px\">A la hora de determinar el nivel de manipulaci\u00f3n, aunque particularmente cada portada refleja sus variedades, de modo general podemos hablar de un <strong>bajo nivel de tergiversaci\u00f3n<\/strong> ya que tenemos que comprender que estamos ante un hecho que puso en jaque (aunque s\u00f3lo fuera por unas horas) a la democracia que se estaba creando en aquellos a\u00f1os. Por ello, todos los puntos de vista ideol\u00f3gicos convergen en un mismo punto, que podemos determinar en cuanto a los <strong>conceptos \u00a0predominantes<\/strong>: libertad, asalto, legalidad, constituci\u00f3n o golpe de Estado.<\/p>\n<p style=\"padding-left: 90px\">Finalmente, frente a un \u00fanico canal\u00a0 p\u00fablico de televisi\u00f3n, podemos destacar el <strong>gran abanico de variedades que ofrec\u00eda el tabloide<\/strong>, donde el lector pod\u00eda decidir de qu\u00e9 manera informarse.<\/p>\n<p style=\"text-align: center;padding-left: 90px\">__________________________________________<\/p>\n<p style=\"text-align: center;padding-left: 90px\">____________________________________<\/p>\n","protected":false},"excerpt":{"rendered":"<p>Las portadas y su an\u00e1lisis: &nbsp; CONCLUSIONES &nbsp; Seg\u00fan los peri\u00f3dicos analizados, en general, se impone la fotograf\u00eda por encima del texto. Esto nos indica lo impactante e ilustrativo que tiene la instant\u00e1nea a la hora de mostrar un acontecimiento &hellip; <a href=\"https:\/\/blogs.ua.es\/historiaycomunicacion\/las-portadas-y-su-analisis\/\">Continue reading <span class=\"meta-nav\">&rarr;<\/span><\/a><\/p>\n","protected":false},"author":3652,"featured_media":0,"parent":0,"menu_order":3,"comment_status":"closed","ping_status":"closed","template":"","meta":{"footnotes":""},"class_list":["post-29","page","type-page","status-publish","hentry"],"_links":{"self":[{"href":"https:\/\/blogs.ua.es\/historiaycomunicacion\/wp-json\/wp\/v2\/pages\/29","targetHints":{"allow":["GET"]}}],"collection":[{"href":"https:\/\/blogs.ua.es\/historiaycomunicacion\/wp-json\/wp\/v2\/pages"}],"about":[{"href":"https:\/\/blogs.ua.es\/historiaycomunicacion\/wp-json\/wp\/v2\/types\/page"}],"author":[{"embeddable":true,"href":"https:\/\/blogs.ua.es\/historiaycomunicacion\/wp-json\/wp\/v2\/users\/3652"}],"replies":[{"embeddable":true,"href":"https:\/\/blogs.ua.es\/historiaycomunicacion\/wp-json\/wp\/v2\/comments?post=29"}],"version-history":[{"count":5,"href":"https:\/\/blogs.ua.es\/historiaycomunicacion\/wp-json\/wp\/v2\/pages\/29\/revisions"}],"predecessor-version":[{"id":150,"href":"https:\/\/blogs.ua.es\/historiaycomunicacion\/wp-json\/wp\/v2\/pages\/29\/revisions\/150"}],"wp:attachment":[{"href":"https:\/\/blogs.ua.es\/historiaycomunicacion\/wp-json\/wp\/v2\/media?parent=29"}],"curies":[{"name":"wp","href":"https:\/\/api.w.org\/{rel}","templated":true}]}}