{"id":21,"date":"2015-12-12T08:55:07","date_gmt":"2015-12-12T08:55:07","guid":{"rendered":"https:\/\/blogs.ua.es\/humanismouniversidad\/?page_id=21"},"modified":"2015-12-13T14:50:49","modified_gmt":"2015-12-13T14:50:49","slug":"universidades-europeas","status":"publish","type":"page","link":"https:\/\/blogs.ua.es\/humanismouniversidad\/universidades-europeas\/","title":{"rendered":"UNIVERSIDADES EUROPEAS"},"content":{"rendered":"<p style=\"text-align: left\"><a href=\"https:\/\/blogs.ua.es\/humanismouniversidad\/files\/2015\/12\/universid-e1449914129980.gif\"><img loading=\"lazy\" decoding=\"async\" class=\"size-full wp-image-40 aligncenter\" src=\"https:\/\/blogs.ua.es\/humanismouniversidad\/files\/2015\/12\/universid-e1449914129980.gif\" alt=\"universid\" width=\"620\" height=\"460\" \/><\/a><\/p>\n<p style=\"text-align: justify\">Las universidades, instituciones eclesi\u00e1sticas y seculares al mismo\u00a0tiempo, un organismo creado en el movimiento espiritual de la edad media, entre los siglos XII y XIII. Eran llamadas &#8220;escuelas generales&#8221;, como la de las de Par\u00eds y Bolonia, contrapuestas a otras instituciones denominadas escuelas &#8220;especiales&#8221; o &#8220;particulares&#8221;.<\/p>\n<p style=\"text-align: justify\">Se caracterizaban por ser instituciones de ense\u00f1anza cristiana, un m\u00e9todo para instruir a los estudiantes en el dogma y entrenarles para su posterior difusi\u00f3n. Como corporaciones jur\u00eddicas, las universidades interven\u00edan en asuntos que les dotaron con el tiempo, y con la intervenci\u00f3n del profesorado y alumnado, de importantes privilegios. Dentro de esos organismos corporativos, o\u00a0<em>universitates magistrorum et scholarium<\/em>, estuvieron las &#8220;facultades&#8221; de profesores y las &#8220;naciones&#8221; de estudiantes. Con el paso del tiempo la designaci\u00f3n del \u00f3rgano corporativo fue transferida al cuerpo de profesores y en Alemania<em>studium generale<\/em>\u00a0y\u00a0<em>universitas<\/em>\u00a0fueron sin\u00f3nimos desde el principio.<\/p>\n<p style=\"text-align: justify\">El prototipo de la universidad se halla en Par\u00eds y Bolonia<br \/>\na principios del siglo XII, la primera dedicada a la teolog\u00eda y la segunda al derecho, pero ambas empleaban el mismo m\u00e9todo nuevo. Se trataba de la consideraci\u00f3n dial\u00e9ctica de la teolog\u00eda y el derecho respectivamente, siendo el objetivo propuesto la eliminaci\u00f3n dial\u00e9ctica de las discrepancias entre los padres de la Iglesia o los glosadores, la consideraci\u00f3n de los pros y los contras y la conclusi\u00f3n final o\u00a0<em>sententia<\/em>. En armon\u00eda con la doctrina medieval de la monarqu\u00eda universal y la iglesia universal, la teolog\u00eda y la jurisprudencia estuvieron en la vanguardia del inter\u00e9s. Las universidades fueron favorecidas con privilegios especiales, siendo el primero el\u00a0<em>Authentica habita<\/em>\u00a0del emperador Federico I\u00a0(1158), que daba protecci\u00f3n imperial a los que ten\u00edan que viajar a lugares distantes para estudiar, quedando exentos de la jurisdicci\u00f3n local y poni\u00e9ndolos bajo el control del profesor u obispo. Una l\u00ednea similar la sigui\u00f3 Felipe Augusto para la universidad de Par\u00eds en 1200 y los papas\u00a0posteriormente otorgaron el derecho de conferir t\u00edtulos y el denominado derecho de residencia.<\/p>\n<p style=\"text-align: justify\">\n","protected":false},"excerpt":{"rendered":"<p>Las universidades, instituciones eclesi\u00e1sticas y seculares al mismo\u00a0tiempo, un organismo creado en el movimiento espiritual de la edad media, entre los siglos XII y XIII. Eran llamadas &#8220;escuelas generales&#8221;, como la de las de Par\u00eds y Bolonia, contrapuestas a otras instituciones denominadas escuelas &#8220;especiales&#8221; o &#8220;particulares&#8221;. Se caracterizaban por ser instituciones de ense\u00f1anza cristiana, un [&hellip;]<\/p>\n","protected":false},"author":2945,"featured_media":0,"parent":0,"menu_order":3,"comment_status":"closed","ping_status":"closed","template":"","meta":{"footnotes":""},"class_list":["post-21","page","type-page","status-publish","hentry"],"_links":{"self":[{"href":"https:\/\/blogs.ua.es\/humanismouniversidad\/wp-json\/wp\/v2\/pages\/21","targetHints":{"allow":["GET"]}}],"collection":[{"href":"https:\/\/blogs.ua.es\/humanismouniversidad\/wp-json\/wp\/v2\/pages"}],"about":[{"href":"https:\/\/blogs.ua.es\/humanismouniversidad\/wp-json\/wp\/v2\/types\/page"}],"author":[{"embeddable":true,"href":"https:\/\/blogs.ua.es\/humanismouniversidad\/wp-json\/wp\/v2\/users\/2945"}],"replies":[{"embeddable":true,"href":"https:\/\/blogs.ua.es\/humanismouniversidad\/wp-json\/wp\/v2\/comments?post=21"}],"version-history":[{"count":8,"href":"https:\/\/blogs.ua.es\/humanismouniversidad\/wp-json\/wp\/v2\/pages\/21\/revisions"}],"predecessor-version":[{"id":259,"href":"https:\/\/blogs.ua.es\/humanismouniversidad\/wp-json\/wp\/v2\/pages\/21\/revisions\/259"}],"wp:attachment":[{"href":"https:\/\/blogs.ua.es\/humanismouniversidad\/wp-json\/wp\/v2\/media?parent=21"}],"curies":[{"name":"wp","href":"https:\/\/api.w.org\/{rel}","templated":true}]}}