{"id":27,"date":"2015-12-12T08:57:53","date_gmt":"2015-12-12T08:57:53","guid":{"rendered":"https:\/\/blogs.ua.es\/humanismouniversidad\/?page_id=27"},"modified":"2015-12-13T06:01:06","modified_gmt":"2015-12-13T06:01:06","slug":"introduccion","status":"publish","type":"page","link":"https:\/\/blogs.ua.es\/humanismouniversidad\/introduccion\/","title":{"rendered":"INTRODUCCI\u00d3N"},"content":{"rendered":"<p style=\"text-align: justify\"><span style=\"color: #734949\"><strong>PRESENTACI\u00d3N<\/strong><\/span><\/p>\n<p style=\"text-align: justify\">Desde la Universidad de Alicante os presentamos el blog realizado por los alumnos\/as; Garc\u00eda Sim\u00f3n, Patricia; Isyakovich, Polina; Landete Ruiz, Sergio; Mart\u00ednez Fern\u00e1ndez, Ana M\u00aa y Villalgordo Saura, Jes\u00fas como trabajo de pr\u00e1cticas en la asignatura LOS ESTADOS MODERNOS HASTA LA PAZ DE WESTFALIA impartida por el profesor Moreno Nieves, Jos\u00e9 A. en el Grado de Historia de la Facultad de Filosof\u00eda y Letras de esta universidad.<\/p>\n<p style=\"text-align: justify\">El blog intenta aproximar al lector\/consultor al conocimiento sobre el HUMANISMO y la UNIVERSIDAD. Haremos un recorrido a trav\u00e9s de Humanismo y la Universidad en Europa, que junto con la aparici\u00f3n de la IMPRENTA atribuida su invenci\u00f3n a <strong>Johann Gutenberg<\/strong> en 1450,\u00a0 sirvieron de veh\u00edculo para la expansi\u00f3n y transmisi\u00f3n de este movimiento intelectual, desarrollado durante los siglos XIV y XV que romp\u00eda con las tradiciones escol\u00e1sticas medievales y exaltaba en su totalidad las cualidades propias de la naturaleza humana, a la vez que pretend\u00eda descubrir al hombre y dar un sentido racional a la vida tomando como maestros a los cl\u00e1sicos griegos y latinos, cuyas obras redescubrieron\u00a0 y estudiaron en todo el occidente europeo a trav\u00e9s de las universidades.<\/p>\n<p style=\"text-align: justify\"><a href=\"https:\/\/blogs.ua.es\/humanismouniversidad\/files\/2015\/12\/humanismo-2-300x219.jpg\"><img loading=\"lazy\" decoding=\"async\" class=\"alignright size-medium wp-image-146\" src=\"https:\/\/blogs.ua.es\/humanismouniversidad\/files\/2015\/12\/humanismo-2-300x219-300x219.jpg\" alt=\"humanismo-2-300x219\" width=\"300\" height=\"219\" \/><\/a> <a href=\"https:\/\/blogs.ua.es\/humanismouniversidad\/files\/2015\/12\/humanismo-1-298x300.jpg\"><img loading=\"lazy\" decoding=\"async\" class=\"alignright size-medium wp-image-145\" src=\"https:\/\/blogs.ua.es\/humanismouniversidad\/files\/2015\/12\/humanismo-1-298x300-298x300.jpg\" alt=\"humanismo-1-298x300\" width=\"298\" height=\"300\" srcset=\"https:\/\/blogs.ua.es\/humanismouniversidad\/files\/2015\/12\/humanismo-1-298x300.jpg 298w, https:\/\/blogs.ua.es\/humanismouniversidad\/files\/2015\/12\/humanismo-1-298x300-150x150.jpg 150w\" sizes=\"auto, (max-width: 298px) 100vw, 298px\" \/><\/a> <a href=\"https:\/\/blogs.ua.es\/humanismouniversidad\/files\/2015\/12\/wetenberg.jpg\"><img loading=\"lazy\" decoding=\"async\" class=\"size-full wp-image-144 alignnone\" src=\"https:\/\/blogs.ua.es\/humanismouniversidad\/files\/2015\/12\/wetenberg.jpg\" alt=\"wetenberg\" width=\"283\" height=\"178\" \/><\/a><\/p>\n<p style=\"text-align: justify\">Esperamos que te resulte interesante nuestro trabajo y que te sirva como instrumento de consulta y aprendizaje.<\/p>\n<p style=\"text-align: justify\">Gracias por tu visita y esperamos tus comentarios y aportaciones!<\/p>\n<p style=\"text-align: justify\">Saludos del grupo!<\/p>\n","protected":false},"excerpt":{"rendered":"<p>PRESENTACI\u00d3N Desde la Universidad de Alicante os presentamos el blog realizado por los alumnos\/as; Garc\u00eda Sim\u00f3n, Patricia; Isyakovich, Polina; Landete Ruiz, Sergio; Mart\u00ednez Fern\u00e1ndez, Ana M\u00aa y Villalgordo Saura, Jes\u00fas como trabajo de pr\u00e1cticas en la asignatura LOS ESTADOS MODERNOS HASTA LA PAZ DE WESTFALIA impartida por el profesor Moreno Nieves, Jos\u00e9 A. en el [&hellip;]<\/p>\n","protected":false},"author":2977,"featured_media":0,"parent":0,"menu_order":1,"comment_status":"closed","ping_status":"closed","template":"","meta":{"footnotes":""},"class_list":["post-27","page","type-page","status-publish","hentry"],"_links":{"self":[{"href":"https:\/\/blogs.ua.es\/humanismouniversidad\/wp-json\/wp\/v2\/pages\/27","targetHints":{"allow":["GET"]}}],"collection":[{"href":"https:\/\/blogs.ua.es\/humanismouniversidad\/wp-json\/wp\/v2\/pages"}],"about":[{"href":"https:\/\/blogs.ua.es\/humanismouniversidad\/wp-json\/wp\/v2\/types\/page"}],"author":[{"embeddable":true,"href":"https:\/\/blogs.ua.es\/humanismouniversidad\/wp-json\/wp\/v2\/users\/2977"}],"replies":[{"embeddable":true,"href":"https:\/\/blogs.ua.es\/humanismouniversidad\/wp-json\/wp\/v2\/comments?post=27"}],"version-history":[{"count":4,"href":"https:\/\/blogs.ua.es\/humanismouniversidad\/wp-json\/wp\/v2\/pages\/27\/revisions"}],"predecessor-version":[{"id":184,"href":"https:\/\/blogs.ua.es\/humanismouniversidad\/wp-json\/wp\/v2\/pages\/27\/revisions\/184"}],"wp:attachment":[{"href":"https:\/\/blogs.ua.es\/humanismouniversidad\/wp-json\/wp\/v2\/media?parent=27"}],"curies":[{"name":"wp","href":"https:\/\/api.w.org\/{rel}","templated":true}]}}