{"id":35,"date":"2012-12-07T15:28:17","date_gmt":"2012-12-07T15:28:17","guid":{"rendered":"https:\/\/blogs.ua.es\/humanistaluisvives\/?page_id=35"},"modified":"2013-01-26T19:24:35","modified_gmt":"2013-01-26T19:24:35","slug":"04-valoracion-critica","status":"publish","type":"page","link":"https:\/\/blogs.ua.es\/humanistaluisvives\/04-valoracion-critica\/","title":{"rendered":"05 Valoraci\u00f3n cr\u00edtica"},"content":{"rendered":"<p style=\"text-align: justify\">El <strong>humanista<\/strong> valenciano <strong>Juan Luis Vives<\/strong>, tiene una extensa <strong>obra bibliogr\u00e1fica,<\/strong> en la que aporta su experiencia vital, que ha estado en contacto con el <strong>Erasmismo reformista en la Europa moderna renacentista<\/strong>. Como se ha visualizado en su biograf\u00eda, su obra en Espa\u00f1a no fue reconocida hasta momentos posteriores y p\u00f3stumos de su vida, ya que la <strong>inquisici\u00f3n<\/strong> marco su <strong>vida a fuego<\/strong>. La <strong>Universidad de Valencia<\/strong>, como tributo, se ha encargado de difundir <strong>su obra filos\u00f3fica y pedag\u00f3gica<\/strong>, a la que tambi\u00e9n se uni\u00f3 el Ayuntamiento de Valencia, como pago a los terribles procesos que la inquisici\u00f3n emprendi\u00f3 contra la familia Vives. En nadie se da como en Juan Luis Vives el dicho &#8220;nadie es profeta en su tierra&#8221;, pues<strong> su vida y su humanismo<\/strong> discurrieron lejos de nuestras fronteras, una vez m\u00e1s Espa\u00f1a paga mal a sus hijos, que para verg\u00fcenza propia, estos si han sido reconocidos en el extranjero.<\/p>\n<p style=\"text-align: justify\">Los <strong>recursos son extensos<\/strong>, pero est\u00e1n <strong>muy diseminados<\/strong>. Hemos encontrado trabajos de la UNED, como un par de documentales del canal UNED, y un PODCAST de un programa de radio de la UNED. En el cat\u00e1logo de recursos de la Biblioteca de Alicante, nos ha permitido encontrar y consultar casi todos los libros referenciados en este Blog. Tambi\u00e9n a trav\u00e9s del buscador de recursos RUA y DIALNET, hemos conseguido encontrar muchos art\u00edculos de revistas cient\u00edficas ligados en muchas ocasiones a las ramas de la filosof\u00eda y la filolog\u00eda. El impulso para incorporar referencias a \u00a0este blog ha sido el que fuesen fuentes de tipo acad\u00e9micas y de investigaci\u00f3n del \u00e1mbito universitario.<\/p>\n<p style=\"text-align: justify\">En la secci\u00f3n 04 hemos <strong>descrito todos los recursos<\/strong> que hemos utilizado para recabar informaci\u00f3n a cerca de la figura del humanista Luis Vives, quien no cuenta desgraciadamente con el <strong>prestigio<\/strong> y el <strong>reconocimiento<\/strong> que pueden tener <strong>Tomas Moro<\/strong> o <strong>Erasmo de Rotterdam<\/strong> en Europa<\/p>\n<p>&nbsp;<\/p>\n","protected":false},"excerpt":{"rendered":"<p>El humanista valenciano Juan Luis Vives, tiene una extensa obra bibliogr\u00e1fica, en la que aporta su experiencia vital, que ha estado en contacto con el Erasmismo reformista en la Europa moderna renacentista. Como se ha visualizado en su biograf\u00eda, su obra en Espa\u00f1a no fue reconocida hasta momentos posteriores y p\u00f3stumos de su vida, ya [&hellip;]<\/p>\n","protected":false},"author":2398,"featured_media":0,"parent":0,"menu_order":0,"comment_status":"open","ping_status":"open","template":"","meta":{"footnotes":""},"class_list":["post-35","page","type-page","status-publish","hentry"],"_links":{"self":[{"href":"https:\/\/blogs.ua.es\/humanistaluisvives\/wp-json\/wp\/v2\/pages\/35","targetHints":{"allow":["GET"]}}],"collection":[{"href":"https:\/\/blogs.ua.es\/humanistaluisvives\/wp-json\/wp\/v2\/pages"}],"about":[{"href":"https:\/\/blogs.ua.es\/humanistaluisvives\/wp-json\/wp\/v2\/types\/page"}],"author":[{"embeddable":true,"href":"https:\/\/blogs.ua.es\/humanistaluisvives\/wp-json\/wp\/v2\/users\/2398"}],"replies":[{"embeddable":true,"href":"https:\/\/blogs.ua.es\/humanistaluisvives\/wp-json\/wp\/v2\/comments?post=35"}],"version-history":[{"count":11,"href":"https:\/\/blogs.ua.es\/humanistaluisvives\/wp-json\/wp\/v2\/pages\/35\/revisions"}],"predecessor-version":[{"id":112,"href":"https:\/\/blogs.ua.es\/humanistaluisvives\/wp-json\/wp\/v2\/pages\/35\/revisions\/112"}],"wp:attachment":[{"href":"https:\/\/blogs.ua.es\/humanistaluisvives\/wp-json\/wp\/v2\/media?parent=35"}],"curies":[{"name":"wp","href":"https:\/\/api.w.org\/{rel}","templated":true}]}}