{"id":4,"date":"2013-11-15T17:43:08","date_gmt":"2013-11-15T17:43:08","guid":{"rendered":"https:\/\/blogs.ua.es\/ibi1\/?page_id=4"},"modified":"2014-01-13T11:40:19","modified_gmt":"2014-01-13T11:40:19","slug":"presentacion","status":"publish","type":"page","link":"https:\/\/blogs.ua.es\/ibi1\/presentacion\/","title":{"rendered":"Presentaci\u00f3n"},"content":{"rendered":"<p>Soy Santi P\u00e9rez Larred. Estoy cursando primer curso del grado de Geograf\u00eda y Ordenaci\u00f3n del Territrio en la <a href=\"http:\/\/www.ua.es\" target=\"_blank\">Universidad de Alicante.<\/a> Este trabajo pertence a la asignatura de <em>Fuentes y Documentos para la Historia. <\/em>En este blog voy a mostrar las escrituras expuestas de Ibi.<\/p>\n","protected":false},"excerpt":{"rendered":"<p>Soy Santi P\u00e9rez Larred. Estoy cursando primer curso del grado de Geograf\u00eda y Ordenaci\u00f3n del Territrio en la Universidad de Alicante. Este trabajo pertence a la asignatura de Fuentes y Documentos para la Historia. En este blog voy a mostrar &hellip; <a href=\"https:\/\/blogs.ua.es\/ibi1\/presentacion\/\">Continue reading <span class=\"meta-nav\">&rarr;<\/span><\/a><\/p>\n","protected":false},"author":3399,"featured_media":0,"parent":0,"menu_order":0,"comment_status":"open","ping_status":"open","template":"","meta":{"footnotes":""},"class_list":["post-4","page","type-page","status-publish","hentry"],"_links":{"self":[{"href":"https:\/\/blogs.ua.es\/ibi1\/wp-json\/wp\/v2\/pages\/4","targetHints":{"allow":["GET"]}}],"collection":[{"href":"https:\/\/blogs.ua.es\/ibi1\/wp-json\/wp\/v2\/pages"}],"about":[{"href":"https:\/\/blogs.ua.es\/ibi1\/wp-json\/wp\/v2\/types\/page"}],"author":[{"embeddable":true,"href":"https:\/\/blogs.ua.es\/ibi1\/wp-json\/wp\/v2\/users\/3399"}],"replies":[{"embeddable":true,"href":"https:\/\/blogs.ua.es\/ibi1\/wp-json\/wp\/v2\/comments?post=4"}],"version-history":[{"count":3,"href":"https:\/\/blogs.ua.es\/ibi1\/wp-json\/wp\/v2\/pages\/4\/revisions"}],"predecessor-version":[{"id":396,"href":"https:\/\/blogs.ua.es\/ibi1\/wp-json\/wp\/v2\/pages\/4\/revisions\/396"}],"wp:attachment":[{"href":"https:\/\/blogs.ua.es\/ibi1\/wp-json\/wp\/v2\/media?parent=4"}],"curies":[{"name":"wp","href":"https:\/\/api.w.org\/{rel}","templated":true}]}}