{"id":3,"date":"2010-03-08T11:27:34","date_gmt":"2010-03-08T11:27:34","guid":{"rendered":"https:\/\/blogs.ua.es\/ideaspoliticas\/?page_id=3"},"modified":"2010-03-08T11:44:09","modified_gmt":"2010-03-08T11:44:09","slug":"el-renacimiento","status":"publish","type":"page","link":"https:\/\/blogs.ua.es\/ideaspoliticas\/el-renacimiento\/","title":{"rendered":"El Renacimiento"},"content":{"rendered":"<p><!-- \t\t@page { margin: 2cm } \t\tH2 { margin-bottom: 0.11cm } \t\tH2.western { font-family: \"Arial\", sans-serif; font-size: 14pt; font-style: italic } \t\tH2.cjk { font-family: \"Lucida Sans Unicode\"; font-size: 14pt; font-style: italic } \t\tH2.ctl { font-family: \"Arial\", sans-serif; font-size: 14pt; font-style: italic } \t\tP { margin-bottom: 0.21cm } \t\tA:link { color: #0000ff } --><\/p>\n<h2 style=\"text-align: justify\">1. Introducci\u00f3n<\/h2>\n<p style=\"text-align: justify\">El desarrollo del Renacimiento propici\u00f3 una crisis hist\u00f3rica, ya que conllev\u00f3 cambios en las formas de vida, en las instituciones y, en general, en la cultura europea. Su extensi\u00f3n se produjo de forma lenta y gradual, y se top\u00f3 con resistencias en los elementos bajomedievales. De hecho, si bien podemos encontrar el germen de los cambios en el siglo XIII, el Renacimiento no se empez\u00f3 a generalizar hasta bien entrado el siglo XV.<\/p>\n<p style=\"text-align: justify\">Analicemos a continuaci\u00f3n la evoluci\u00f3n del concepto Renacimiento:<\/p>\n<ul style=\"text-align: justify\">\n<li>El t\u00e9rmino \t<em>Rinascit\u00e1<\/em> comenz\u00f3 a ser utilizado por los primeros \thumanistas italianos en el siglo XIV, haciendo alusi\u00f3n a la \trecuperaci\u00f3n de la tradici\u00f3n grecorromana en las artes pl\u00e1sticas.<\/li>\n<li>En el siglo XVI, el \tuso del t\u00e9rmino <em>Rinascit\u00e1<\/em>, aplicado al Arte, fue \tsistematizado por <span style=\"color: #0000ff\"><span style=\"text-decoration: underline\"><a href=\"http:\/\/es.wikipedia.org\/wiki\/Giorgio_Vasari\">Giorgio \tVasari<\/a><\/span><\/span>. Adem\u00e1s, comenz\u00f3 a ser relacionado con las \tLetras, \u00e1mbito en el que <span style=\"color: #0000ff\"><span style=\"text-decoration: underline\"><a href=\"http:\/\/es.wikipedia.org\/wiki\/Erasmo_de_Rotterdam\">Erasmo \tde Rotterdam<\/a><\/span><\/span> defendi\u00f3 la restauraci\u00f3n de la \tliteratura cl\u00e1sica frente a la decadencia de la escol\u00e1stica \tmedieval.<\/li>\n<li>En el siglo XVII, \t<span style=\"color: #0000ff\"><span style=\"text-decoration: underline\"><a href=\"http:\/\/es.wikipedia.org\/wiki\/Pierre_Bayle\">Pierre \tBayle<\/a><\/span><\/span> utiliz\u00f3 el t\u00e9rmino <em>Renaissance<\/em> para \treferirse a la renovaci\u00f3n de las letras, contraponiendo la \tbrillantez del mundo cl\u00e1sico al retraso del medieval.<\/li>\n<li>Esta ant\u00edtesis \tentre las \u00e9poca cl\u00e1sica y medieval se mantuvo hasta la \tIlustraci\u00f3n, corriente que acentu\u00f3 la visi\u00f3n oscura del Medievo. \tEn la Enciclopedia, el t\u00e9rmino <em>Renaissance<\/em> hac\u00eda referencia \ta la renovaci\u00f3n art\u00edstica, literaria y cient\u00edfica  que se produjo \tdurante los siglos XIV, XV y XVI.<\/li>\n<li>El Romanticismo del \tsiglo XIX revaloriz\u00f3 el arte, la literatura y el cristianismo \tmedievales, sin negar el valor cultural del Renacimiento. <span style=\"color: #0000ff\"><span style=\"text-decoration: underline\"><a href=\"http:\/\/es.wikipedia.org\/wiki\/Jules_Michelet\">Jules \tMichelet<\/a><\/span><\/span> ampli\u00f3 el alcance del Renacimiento del Arte \ty las Letras a otras disciplinas, como la Ciencia o la Geograf\u00eda. Y \t<span style=\"color: #0000ff\"><span style=\"text-decoration: underline\"><a href=\"http:\/\/es.wikipedia.org\/wiki\/Jacob_Burckhardt\">Jacob \tBurckhardt<\/a><\/span><\/span>, en su obra <em>La cultura del Renacimiento \ten Italia<\/em>, defini\u00f3 el t\u00e9rmino <span style=\"color: #0000ff\"><span style=\"text-decoration: underline\"><a href=\"http:\/\/es.wikipedia.org\/wiki\/Renacimiento\">Renacimiento<\/a><\/span><\/span>, \tgeneralizando un modelo de an\u00e1lisis centrado en el estudio de los \trasgos diferenciales de esta corriente cultural.<\/li>\n<\/ul>\n<p style=\"text-align: justify\">A continuaci\u00f3n, analizamos los citados rasgos peculiares del Renacimiento.<\/p>\n<h2 style=\"text-align: justify\">2. Nueva geograf\u00eda<\/h2>\n<p style=\"text-align: justify\">La cultura cl\u00e1sica grecorromana fue fundamentalmente urbana. Sin embargo, entre los siglos VI y XII las ciudades decayeron y la sociedad pas\u00f3 a ser eminentemente rural y feudal. No obstante, los peque\u00f1os comerciantes y los artesanos fueron asent\u00e1ndose en las ciudades, al margen de la estructura maniquea de se\u00f1ores y siervos.<\/p>\n<p style=\"text-align: justify\">Posteriormente, los descubrimientos geogr\u00e1ficos del Extremo Oriente (desde mediados del siglo XIII) y el Nuevo Mundo (desde finales del XV) impulsaron la econom\u00eda burguesa y alentaron la renovaci\u00f3n art\u00edstica, literaria, filos\u00f3fica y cient\u00edfica. Ambos factores propiciaron, desde el siglo XIV, un gran crecimiento de las ciudades en diferentes regiones de Europa:<\/p>\n<ul style=\"text-align: justify\">\n<li>El \u00e1rea de la Hansa \ten el Mar del Norte y el Mar B\u00e1ltico (Hambugo, Bremen, L\u00fcbeck, \tDanzig&#8230;).<\/li>\n<li>Las ciudades \tflamencas (Brujas, Gante, Amberes, Ostende&#8230;).<\/li>\n<li>El Levante espa\u00f1ol \t(donde destacaba Barcelona).<\/li>\n<li>Las poblaciones \titalianas (G\u00e9nova, Pisa, Mil\u00e1n, Venecia, Florencia o N\u00e1poles).<\/li>\n<\/ul>\n<h2 style=\"text-align: justify\">3. Nueva econom\u00eda<\/h2>\n<p style=\"text-align: justify\">La econom\u00eda medieval era una <span style=\"color: #0000ff\"><span style=\"text-decoration: underline\"><a href=\"http:\/\/es.wikipedia.org\/wiki\/Econom%25C3%25ADa_de_subsistencia\">econom\u00eda de subsistencia<\/a><\/span><\/span> o \u201cnatural\u201d, en la que el artesano produc\u00eda por encargo del consumidor y le cobraba el \u201c<em>iustum pretium<\/em>\u201d, el justo precio, que era la suma de los costes de producci\u00f3n y de su propia manutenci\u00f3n. Este sistema imped\u00eda el enriquecimiento del productor.<\/p>\n<p style=\"text-align: justify\">No obstante, desde la Baja Edad Media, las necesidades de seguridad y eficacia en las transacciones comerciales llevaron al auge del uso del dinero, frente al tradicional <span style=\"color: #0000ff\"><span style=\"text-decoration: underline\"><a href=\"http:\/\/es.wikipedia.org\/wiki\/Trueque\">trueque<\/a><\/span><\/span> en especie.<\/p>\n<p style=\"text-align: justify\">Gracias a la revoluci\u00f3n monetaria, en el Renacimiento la econom\u00eda pas\u00f3 a ser \u201cmercantil\u201d, es decir, comenz\u00f3 a basarse en la mercanc\u00eda, un producto elaborado para su comercializaci\u00f3n en el mercado, sin el encargo previo de un consumidor final concreto. Este sistema permiti\u00f3 a los productores acumular capital y dinamiz\u00f3 la econom\u00eda.<\/p>\n<p style=\"text-align: justify\">El desarrollo de la econom\u00eda mercantil capitalista implic\u00f3 una serie de progresos t\u00e9cnicos:<\/p>\n<ul style=\"text-align: justify\">\n<li>El desarrollo de las \tt\u00e9cnicas de contabilidad (la <span style=\"color: #0000ff\"><span style=\"text-decoration: underline\"><a href=\"http:\/\/es.wikipedia.org\/wiki\/Contabilidad_por_partida_doble\">contabilidad \tpor partida doble<\/a><\/span><\/span> \u2013d\u00e9bito y cr\u00e9dito-).<\/li>\n<li>El creciente uso de \tlas <span style=\"color: #0000ff\"><span style=\"text-decoration: underline\"><a href=\"http:\/\/es.wikipedia.org\/wiki\/Letra_de_cambio\">letras \tde cambio<\/a><\/span><\/span>.<\/li>\n<li>El perfeccionamiento \tde las sociedades mercantiles de responsabilidad limitada.<\/li>\n<li>El establecimiento \tde las bases de la banca moderna y la aparici\u00f3n del banquero (para \tel cambio de moneda, la realizaci\u00f3n de pagos a distancia y el \tpr\u00e9stamo con inter\u00e9s).<\/li>\n<li>La mejora de los \tmedios de transporte (especialmente, los mar\u00edtimos).<\/li>\n<li>La dinamizaci\u00f3n de \tlas comunicaciones (especialmente, por el desarrollo de los sistemas \tde correos).<\/li>\n<\/ul>\n<h2 style=\"text-align: justify\">4. Nueva cosmovisi\u00f3n<\/h2>\n<p style=\"text-align: justify\"><em><strong>Racionalizaci\u00f3n<\/strong><\/em>.<\/p>\n<p style=\"text-align: justify\">Con el Renacimiento, el hombre cambi\u00f3 su manera de enfrentarse al mundo. Empez\u00f3 a utilizar sistem\u00e1ticamente la raz\u00f3n para encontrar soluciones t\u00e9cnicas a sus problemas, apoy\u00e1ndose en la experiencia y no en la especulaci\u00f3n.<\/p>\n<p style=\"text-align: justify\">Este cambio de actitud fue el responsable de la aplicaci\u00f3n de los tres grandes inventos que marcaron el final del mundo medieval: la p\u00f3lvora, la br\u00fajula y la imprenta. As\u00ed mismo, tuvo como consecuencia el desarrollo cient\u00edfico, basado en la interpretaci\u00f3n racional de la Naturaleza, cuyo primer gran exponente fue la teor\u00eda helioc\u00e9ntrica de <span style=\"color: #0000ff\"><span style=\"text-decoration: underline\"><a href=\"http:\/\/es.wikipedia.org\/wiki\/Cop%25C3%25A9rnico\">Cop\u00e9rnico<\/a><\/span><\/span>.<\/p>\n<p style=\"text-align: justify\"><em><strong>Secularizaci\u00f3n.<\/strong><\/em><\/p>\n<p style=\"text-align: justify\">Los duros acontecimientos que vivieron los europeos durante el siglo XIV (como las epidemias de <span style=\"color: #0000ff\"><span style=\"text-decoration: underline\"><a href=\"http:\/\/es.wikipedia.org\/wiki\/Peste_Negra\">peste negra<\/a><\/span><\/span> -1348-, la <span style=\"color: #0000ff\"><span style=\"text-decoration: underline\"><a href=\"http:\/\/es.wikipedia.org\/wiki\/Guerra_de_los_Cien_A%25C3%25B1os\">Guerra de los Cien A\u00f1os<\/a><\/span><\/span>, el <span style=\"color: #0000ff\"><span style=\"text-decoration: underline\"><a href=\"http:\/\/es.wikipedia.org\/wiki\/Cisma_de_Occidente\">Cisma de Occidente<\/a><\/span><\/span>) les llevaron a prestar una mayor atenci\u00f3n a la vida terrena.<\/p>\n<p style=\"text-align: justify\">Frente a la concepci\u00f3n medieval de que la vida era un valle de l\u00e1grimas en tr\u00e1nsito al Para\u00edso, a una vida eterna y feliz, el hombre renacentista, sin negar la dimensi\u00f3n eterna del ser, comienza a dar valor a su vida terrena, secular, temporal, y pretende tambi\u00e9n ser feliz durante su estancia en este mundo. Y para conseguir la felicidad, aspira al \u00e9xito personal (que se manifiesta en el honor, la fama, la gloria e incluso el dinero).<\/p>\n<p style=\"text-align: justify\"><em><strong>Individualismo.<\/strong><\/em><\/p>\n<p style=\"text-align: justify\">La cultura del Renacimiento es una cultura del \u00e9xito social del individuo. Parte del reconocimiento de las posibilidades del individuo para alcanzar un alto estatus social. El individuo es capaz de progresar por sus propios medios.<\/p>\n<p style=\"text-align: justify\">Esta concepci\u00f3n rompe con el orden estamental de la sociedad jer\u00e1rquica medieval, en la que cualquier intento de prosperar al margen de dicha ordenaci\u00f3n corporativa significaba rebelarse contra Dios.<\/p>\n<h2 style=\"text-align: justify\">5. Nueva antropolog\u00eda: el Humanismo<\/h2>\n<p style=\"text-align: justify\">El <span style=\"color: #0000ff\"><span style=\"text-decoration: underline\"><a href=\"http:\/\/es.wikipedia.org\/wiki\/Humanismo\">Humanismo<\/a><\/span><\/span> es un movimiento intelectual que se desarroll\u00f3 en el siglo XV en Italia (el <span style=\"color: #0000ff\"><span style=\"text-decoration: underline\"><a href=\"http:\/\/es.wikipedia.org\/wiki\/Cuatrocento\">Quattrocento<\/a><\/span><\/span>) y que se difundi\u00f3 por Europa en el XVI. Sus principales caracter\u00edsticas son las siguientes:<\/p>\n<ul style=\"text-align: justify\">\n<li>Inspiraci\u00f3n y \tadmiraci\u00f3n por la Antig\u00fcedad cl\u00e1sica grecorromana.<\/li>\n<li>Defensa y promoci\u00f3n \tde la dignidad del hombre.<\/li>\n<\/ul>\n<p style=\"text-align: justify\">Con esta corriente surge la figura del humanista, un estudioso de perfil muy diferente al medieval:<\/p>\n<ul style=\"text-align: justify\">\n<li>Frecuentemente es \tlaico (lo que rompe con el monopolio clerical del saber).<\/li>\n<li>Intenta incrementar \tsu conocimiento sobre el hombre apoy\u00e1ndose en la raz\u00f3n.<\/li>\n<li>Prefiere un saber \t<span style=\"color: #0000ff\"><span style=\"text-decoration: underline\"><a href=\"http:\/\/es.wikipedia.org\/wiki\/Induccion\">inductivo<\/a><\/span><\/span> y no sistem\u00e1tico-deductivo (propio de la Escol\u00e1stica).<\/li>\n<li>Busca el \tconocimiento concreto de la realidad.<\/li>\n<li>Trata de crear una \tobra singular y busca el \u00e9xito personal, de acuerdo con los valores \tdel individualismo y su \u00e9tica del triunfo.<\/li>\n<\/ul>\n<p style=\"text-align: justify\">La antropolog\u00eda humanista aporta un concepto optimista del hombre, porque cree que es capaz de alcanzar la excelencia en el desarrollo de sus cualidades, si lo intenta.<\/p>\n<p style=\"text-align: justify\">La recuperaci\u00f3n del pensamiento de <span style=\"color: #0000ff\"><span style=\"text-decoration: underline\"><a href=\"http:\/\/es.wikipedia.org\/wiki\/Plat%25C3%25B3n\">Plat\u00f3n<\/a><\/span><\/span> fue decisiva en el desarrollo del Humanismo. Su filosof\u00eda idealista defiende que el hombre es, m\u00e1s que ning\u00fan otro ser, imagen de Dios.<\/p>\n<p style=\"text-align: justify\">En el plano religioso, los humanistas trataron de poner de acuerdo su visi\u00f3n de Dios y del hombre con la Revelaci\u00f3n. Analizaron las fuentes, publicaron nuevas traducciones al lat\u00edn de las Sagradas Escrituras y promovieron la simplificaci\u00f3n de la organizaci\u00f3n jer\u00e1rquica de la Iglesia.<\/p>\n<p style=\"text-align: justify\">&nbsp;<\/p>\n<p style=\"text-align: justify\">\n<p style=\"text-align: justify\">\n","protected":false},"excerpt":{"rendered":"<p>1. Introducci\u00f3n El desarrollo del Renacimiento propici\u00f3 una crisis hist\u00f3rica, ya que conllev\u00f3 cambios en las formas de vida, en las instituciones y, en general, en la cultura europea. Su extensi\u00f3n se produjo de forma lenta y gradual, y se top\u00f3 con resistencias en los elementos bajomedievales. De hecho, si bien podemos encontrar el germen [&hellip;]<\/p>\n","protected":false},"author":936,"featured_media":0,"parent":0,"menu_order":0,"comment_status":"open","ping_status":"open","template":"","meta":{"footnotes":""},"class_list":["post-3","page","type-page","status-publish","hentry"],"_links":{"self":[{"href":"https:\/\/blogs.ua.es\/ideaspoliticas\/wp-json\/wp\/v2\/pages\/3","targetHints":{"allow":["GET"]}}],"collection":[{"href":"https:\/\/blogs.ua.es\/ideaspoliticas\/wp-json\/wp\/v2\/pages"}],"about":[{"href":"https:\/\/blogs.ua.es\/ideaspoliticas\/wp-json\/wp\/v2\/types\/page"}],"author":[{"embeddable":true,"href":"https:\/\/blogs.ua.es\/ideaspoliticas\/wp-json\/wp\/v2\/users\/936"}],"replies":[{"embeddable":true,"href":"https:\/\/blogs.ua.es\/ideaspoliticas\/wp-json\/wp\/v2\/comments?post=3"}],"version-history":[{"count":6,"href":"https:\/\/blogs.ua.es\/ideaspoliticas\/wp-json\/wp\/v2\/pages\/3\/revisions"}],"predecessor-version":[{"id":64,"href":"https:\/\/blogs.ua.es\/ideaspoliticas\/wp-json\/wp\/v2\/pages\/3\/revisions\/64"}],"wp:attachment":[{"href":"https:\/\/blogs.ua.es\/ideaspoliticas\/wp-json\/wp\/v2\/media?parent=3"}],"curies":[{"name":"wp","href":"https:\/\/api.w.org\/{rel}","templated":true}]}}