{"id":35,"date":"2008-04-01T10:52:58","date_gmt":"2008-04-01T09:52:58","guid":{"rendered":"https:\/\/blogs.ua.es\/ijraneda\/programa-v\/un-model-duniversitat-obert-al-futur\/"},"modified":"2008-04-10T17:38:37","modified_gmt":"2008-04-10T15:38:37","slug":"un-model-duniversitat-obert-al-futur","status":"publish","type":"page","link":"https:\/\/blogs.ua.es\/ijraneda\/programa-v\/un-model-duniversitat-obert-al-futur\/","title":{"rendered":"Un model d&#8217;universitat obert al futur"},"content":{"rendered":"<p>La Universitat d&#8217;Alacant ha arribat a un gran prestigi en el nostre entorn i ha aconseguit un merescut reconeixement internacional. Aix\u00f2 ha estat possible en un curt espai de temps, gr\u00e0cies a l\u2019esfor\u00e7 realitzat per les persones que hem tingut l\u2019oportunitat de formar-ne part.<br \/>\nEstem orgullosos del que la nostra Universitat \u00e9s hui, per\u00f2 hem de seguir treballant amb esperit de superaci\u00f3 i amb la vista posada en el futur. La construcci\u00f3 del futur ha de ser una tasca col\u2022lectiva basada en l\u2019experi\u00e8ncia adquirida. El nostre programa electoral pren com a refer\u00e8ncia el Pla Estrat\u00e8gic de la Universitat d&#8217;Alacant, que \u00e9s fruit de les aportacions dels diversos col\u2022lectius que conformen la comunitat universit\u00e0ria.<br \/>\nAquest programa cont\u00e9 un conjunt de propostes encaminades a fer possible que la visi\u00f3 continguda en el nostre Pla Estrat\u00e8gic per a la Universitat d\u2019Alacant siga una realitat en els pr\u00f2xims anys. No obstant aix\u00f2, un programa electoral no ha de ser \u00fanicament una mera successi\u00f3 d\u2019iniciatives sin\u00f3 que ha de contenir un conjunt d\u2019idees, d\u2019objectius i de propostes d\u2019acci\u00f3 que, a partir de la realitat actual, ens permeten construir una Universitat model. En aquest programa definim les principals caracter\u00edstiques de la universitat que volem, per a poder afrontar amb \u00e8xit els grans reptes que se\u2019ns presenten de manera immediata. Una universitat que hem de construir entre tots, ja que el que siguem capa\u00e7os de fer durant els pr\u00f2xims quatre anys ser\u00e0 fonamental per a modelar la personalitat de la Universitat d\u2019Alacant en el context de l\u2019Espai Europeu d\u2019Educaci\u00f3 Superior, en els \u00e0mbits de la investigaci\u00f3 i de la transfer\u00e8ncia tecnol\u00f2gica, en la seua projecci\u00f3 internacional, en la seua dimensi\u00f3 com a productora de b\u00e9ns culturals i tamb\u00e9 per a millorar encara m\u00e9s el nostre campus com a lloc de conviv\u00e8ncia.<\/p>\n<p>La meua candidatura vol liderar la consecuci\u00f3 dels objectius continguts en el nostre Pla Estrat\u00e8gic a partir d\u2019un conjunt de premisses:<\/p>\n<p><strong>Una Universitat amb una missi\u00f3 clara<\/strong><br \/>\nEn el seu Pla Estrat\u00e8gic la Universitat d\u2019Alacant ha definit i assumit com la seua ra\u00f3 de ser la formaci\u00f3 integral dels seus estudiants i el comprom\u00eds amb l\u2019avan\u00e7 i la millora de la societat, per mitj\u00e0 de la creaci\u00f3 i de la transmissi\u00f3 del coneixement i del desenvolupament cultural, cient\u00edfic i tecnol\u00f2gic.<br \/>\nLa definici\u00f3 de quina \u00e9s la nostra missi\u00f3, acompanyada d\u2019una an\u00e0lisi cr\u00edtica d\u2019on estem i una reflexi\u00f3 meditada d&#8217;on ens agradaria estar en un futur proper, ens permetr\u00e0 dissenyar els passos necessaris per a avan\u00e7ar en la direcci\u00f3 adequada.<br \/>\nEls canvis que s\u2019ave\u00efnen i els reptes que una universitat del segle XXI ha d\u2019assumir necessiten d\u2019una direcci\u00f3 estrat\u00e8gica efica\u00e7, eficient, transparent i amb visi\u00f3 de futur, per a la qual \u00e9s imprescindible la participaci\u00f3 i la implicaci\u00f3 de cadascun dels components de la nostra comunitat universit\u00e0ria, ja que nom\u00e9s d\u2019aquesta forma podrem transformar el model educatiu universitari d\u2019acord amb les noves exig\u00e8ncies.<\/p>\n<p><strong>Una Universitat amb valors<\/strong><br \/>\nDefensem un model d\u2019universitat amb valors que n\u2019orienten el comportament, en la qual la cultura de la qualitat siga una pauta directriu. Una universitat compromesa amb la societat i amb la cooperaci\u00f3 al desenvolupament, amb consci\u00e8ncia mediambiental, que propugne la igualtat, la integraci\u00f3, la participaci\u00f3 i la toler\u00e0ncia, amb una mentalitat oberta al canvi, la innovaci\u00f3, la creativitat i el pensament cr\u00edtic, i que estiga caracteritzada per la transpar\u00e8ncia en totes les seues actuacions.<\/p>\n<p><strong>Una Universitat centrada en les persones<\/strong><br \/>\nVolem seguir construint una Universitat al servei de les persones i enfocada cap a l&#8217;usuari, en el seu sentit m\u00e9s ampli, en la qual s&#8217;impliquen tots els actors, per a respondre d\u2019aquesta manera a la seua riquesa i pluralitat. Les persones s\u00f3n el principal actiu de la nostra Universitat, i per a fer realitat la Universitat que desitgem per a un futur ja immediat, s\u00f3n necess\u00e0ries totes les aportacions, per mitj\u00e0 de l\u2019assumpci\u00f3 de les responsabilitats individuals i del lliure exercici de la cr\u00edtica.<\/p>\n<p><strong>Una Universitat per a treballar i conviure<\/strong><br \/>\nHem treballat, i desitgem seguir fent-ho, per una Universitat en la qual es potencien les interaccions entre les persones que la componen. L\u2019entorn en el qual es desenvolupen aquestes interaccions en condiciona la qualitat. Per a aix\u00f2 hem de mantenir i millorar el nostre campus, en el qual passem gran part del nostre temps. Un campus per a treballar i per a conviure, que facilite conciliar la vida personal i la professional, amb instal\u2022lacions i serveis adequats, amb zones per a l\u2019estudi, per al debat, per a la cultura i per a l\u2019esport.<\/p>\n<p><strong>Una Universitat en el segle XXI<\/strong><br \/>\nTenim el comprom\u00eds de construir una Universitat a l\u2019altura de les necessitats del segle XXI, en la qual s\u2019harmonitze la seua autonomia amb la necessitat de rendre comptes a la societat, en la qual el di\u00e0leg i l\u2019intercanvi creatiu d\u2019idees es combinen adequadament amb l\u2019\u00fas racional de les tecnologies m\u00e9s avan\u00e7ades. Una Universitat en la qual es realitze una autoreflexi\u00f3 que li permeta aprofitar aquests moments de canvi com una oportunitat per a resoldre els diversos problemes que t\u00e9 plantejats en els \u00e0mbits de la doc\u00e8ncia, la investigaci\u00f3 i la gesti\u00f3.<\/p>\n<p><strong>Un model d&#8217;universitat per a una Universitat model<\/strong><br \/>\nTots podem compartir el desig d\u2019assolir que la Universitat d&#8217;Alacant siga una universitat model, amb prestigi i respectada internacionalment, i que siga percebuda com un referent en el seu entorn social.<br \/>\nEstem davant l\u2019oportunitat de construir entre tots una oferta de t\u00edtols que corresponga a les exig\u00e8ncies de qualitat requerides per l&#8217;Espai Europeu d\u2019Educaci\u00f3 Superior, que responga a les demandes socials i que, alhora, estiga orientada a la formaci\u00f3 integral i a la formaci\u00f3 al llarg de la vida. Hem de fomentar una major participaci\u00f3 dels estudiants, el seu comprom\u00eds amb l\u2019autoaprenentatge i amb l\u2019afany de superaci\u00f3. Hem de fomentar la\u2019ocupaci\u00f3 dels nostres titulats, la flexibilitat i la mobilitat dels professors, dels estudiants i del personal d\u2019administraci\u00f3 i serveis. La Universitat d&#8217;Alacant t\u00e9 ja una prestigiosa activitat investigadora a la qual \u00e9s necessari donar suport perqu\u00e8 es puguen incrementar els seus \u00edndexs d&#8217;impacte cient\u00edfic i socioecon\u00f2mic.<\/p>\n","protected":false},"excerpt":{"rendered":"<p>La Universitat d&#8217;Alacant ha arribat a un gran prestigi en el nostre entorn i ha aconseguit un merescut reconeixement internacional. Aix\u00f2 ha estat possible en un curt espai de temps, gr\u00e0cies a l\u2019esfor\u00e7 realitzat per les persones que hem tingut l\u2019oportunitat de formar-ne part. Estem orgullosos del que la nostra Universitat \u00e9s hui, per\u00f2 hem [&hellip;]<\/p>\n","protected":false},"author":734,"featured_media":0,"parent":34,"menu_order":0,"comment_status":"closed","ping_status":"closed","template":"","meta":{"footnotes":""},"class_list":["post-35","page","type-page","status-publish","hentry"],"_links":{"self":[{"href":"https:\/\/blogs.ua.es\/ijraneda\/wp-json\/wp\/v2\/pages\/35","targetHints":{"allow":["GET"]}}],"collection":[{"href":"https:\/\/blogs.ua.es\/ijraneda\/wp-json\/wp\/v2\/pages"}],"about":[{"href":"https:\/\/blogs.ua.es\/ijraneda\/wp-json\/wp\/v2\/types\/page"}],"author":[{"embeddable":true,"href":"https:\/\/blogs.ua.es\/ijraneda\/wp-json\/wp\/v2\/users\/734"}],"replies":[{"embeddable":true,"href":"https:\/\/blogs.ua.es\/ijraneda\/wp-json\/wp\/v2\/comments?post=35"}],"version-history":[{"count":0,"href":"https:\/\/blogs.ua.es\/ijraneda\/wp-json\/wp\/v2\/pages\/35\/revisions"}],"up":[{"embeddable":true,"href":"https:\/\/blogs.ua.es\/ijraneda\/wp-json\/wp\/v2\/pages\/34"}],"wp:attachment":[{"href":"https:\/\/blogs.ua.es\/ijraneda\/wp-json\/wp\/v2\/media?parent=35"}],"curies":[{"name":"wp","href":"https:\/\/api.w.org\/{rel}","templated":true}]}}