{"id":38,"date":"2008-04-01T10:56:05","date_gmt":"2008-04-01T09:56:05","guid":{"rendered":"https:\/\/blogs.ua.es\/ijraneda\/programa-v\/compromesos-amb-la-societat-la-cultura-i-lesport\/"},"modified":"2008-04-10T17:39:58","modified_gmt":"2008-04-10T15:39:58","slug":"compromesos-amb-la-societat-la-cultura-i-lesport","status":"publish","type":"page","link":"https:\/\/blogs.ua.es\/ijraneda\/programa-v\/compromesos-amb-la-societat-la-cultura-i-lesport\/","title":{"rendered":"Compromesos amb la societat, la cultura i l&#8217;esport"},"content":{"rendered":"<p>La Universitat d\u2019Alacant s\u2019ha destacat sempre pel seu comprom\u00eds amb la societat a la qual serveix. Actualment, som un referent en l\u2019activitat cultural, en les possibilitats i programes espec\u00edfics de formaci\u00f3 al llarg de tota la vida, en les accions de cooperaci\u00f3 per al desenvolupament i en el foment de l\u2019esport i, per a continuar sent-ho en el futur, \u00e9s necessari que realitzem un exercici d\u2019adequaci\u00f3 constant a les demandes de la societat actual, de conformitat amb les disposicions de l\u2019article 93 de la Llei Org\u00e0nica d\u2019Universitats i de l\u2019Estatut de la Universitat d\u2019Alacant.<br \/>\nSota el concepte gen\u00e8ric d\u2019extensi\u00f3 universit\u00e0ria s&#8217;agrupen diverses funcions que contemplem com un servei p\u00fablic i com un instrument d\u2019acci\u00f3 integral al servei de la societat.<br \/>\nL\u2019organitzaci\u00f3 d\u2019activitats dirigides a la formaci\u00f3 complement\u00e0ria i integral de tota la comunitat universit\u00e0ria; la creaci\u00f3 i la difusi\u00f3 de la cultura amb actitud cr\u00edtica i participativa; el foment i refor\u00e7 de la pres\u00e8ncia de la Universitat en el teixit social per mitj\u00e0 de les Seus Universit\u00e0ries i la col\u2022laboraci\u00f3 amb municipis i entitats culturals i esportives; la difusi\u00f3 de la producci\u00f3 cient\u00edfica i cultural de la Universitat en la societat; el suport als processos de formaci\u00f3 al llarg de tota la vida i la promoci\u00f3 de l\u2019esport com part integrant del proc\u00e9s educatiu que contribueix a una millor qualitat de vida s\u00f3n caracter\u00edstiques que tamb\u00e9 defineixen la Universitat d\u2019Alacant.<br \/>\nLa incorporaci\u00f3 de les noves tend\u00e8ncies culturals en la programaci\u00f3 cultural de la Universitat ha de ser el repte permanent amb la finalitat d\u2019elaborar una oferta complement\u00e0ria adequada per a la formaci\u00f3 de tota la comunitat universit\u00e0ria, satisfer les demandes de participaci\u00f3 dels nostres estudiants i ocupar la funci\u00f3 de ser promotora i difusora de la cultura i dels seus valors en la societat.<br \/>\nAquesta concepci\u00f3 de l\u2019extensi\u00f3 universit\u00e0ria com servei p\u00fablic i instrument de pres\u00e8ncia social constitueix un dels senyals d\u2019identitat de la nostra Universitat, la valoraci\u00f3 de la qual s\u2019ha vist substancialment refor\u00e7ada en els \u00faltims anys gr\u00e0cies a l\u2019increment d\u2019activitats desenvolupades en els diferents municipis de la prov\u00edncia, als cursos d\u2019estiu, la Universitat d\u2019Estiu Rafael Altamira, la consolidaci\u00f3 de la Universitat Permanent, la reorganitzaci\u00f3 dels grups estables i dels diferents programes d\u2019arts esc\u00e8niques. Igualment, la renovaci\u00f3 de les instal\u2022lacions esportives de la Universitat ha perm\u00e8s donar una millor cobertura a les necessitats docents, a l\u2019esport de competici\u00f3 i als programes dirigits a tota la comunitat universit\u00e0ria per al foment de la pr\u00e0ctica esportiva.<br \/>\nLa Universitat d\u2019Alacant \u00e9s tamb\u00e9 una instituci\u00f3 solid\u00e0ria i compromesa que dedica una part dels seus recursos als programes i accions de Cooperaci\u00f3 i Desenvolupament. Impulsar la implicaci\u00f3 de la Universitat com instituci\u00f3, i fomentar els canals que permeten una participaci\u00f3 m\u00e9s activa de la comunitat universit\u00e0ria en els programes de cooperaci\u00f3 al desenvolupament s\u00f3n obligacions \u00e8tiques ineludibles.<\/p>\n<p>Objectius<\/p>\n<p>1. Oferir una programaci\u00f3 cultural i d\u2019extensi\u00f3 universit\u00e0ria que responga a les necessitats de formaci\u00f3 complement\u00e0ria dels estudiants, que contribu\u00efsca a enriquir la formaci\u00f3 de la comunitat universit\u00e0ria i ocupe la funci\u00f3 de ser promotora i difusora de la cultura en la societat.<br \/>\n2. Consolidar els vessants intern i extern dels diferents programes d\u2019extensi\u00f3 universit\u00e0ria com instruments de formaci\u00f3 i de connexi\u00f3 amb les xarxes socials.<br \/>\n3. Garantir que els programes d\u2019extensi\u00f3 universit\u00e0ria es caracteritzen per les actituds participatives i cr\u00edtiques, i contribu\u00efsquen a la formaci\u00f3 de la comunitat universit\u00e0ria i de la societat.<br \/>\n4. Incrementar la pres\u00e8ncia de la Universitat en el teixit social per mitj\u00e0 de les seus universit\u00e0ries i de la col\u2022laboraci\u00f3 amb entitats locals, financeres, empreses, associacions i mitjans de comunicaci\u00f3.<br \/>\n5. Intensificar el comprom\u00eds adquirit per la Universitat d\u2019Alacant en els diferents \u00e0mbits de la Cooperaci\u00f3 al Desenvolupament.<br \/>\n6. Fomentar i facilitar la pr\u00e0ctica de l\u2019esport a la comunitat universit\u00e0ria com part integrant del proc\u00e9s de formaci\u00f3 i com mitj\u00e0 que contribueix a millorar la salut i la qualitat de vida.<\/p>\n<p>Propostes d\u2019actuaci\u00f3<\/p>\n<p>* Estimular, impulsar i contribuir al desenvolupament de les iniciatives culturals proposades per tots els col\u2022lectius que conformen la comunitat de la Universitat d\u2019Alacant.<br \/>\n* Promoure les activitats culturals i d\u2019extensi\u00f3 universit\u00e0ria i cultural la llengua vehicular de la qual siga el valenci\u00e0.<br \/>\n* Satisfer les creixents demandes d\u2019activitats en lleng\u00fces estrangeres.<br \/>\n* Potenciar la col\u2022laboraci\u00f3 amb altres universitats, especialment amb les de la Comunitat Valenciana, amb la finalitat d\u2019obtenir rendiments m\u00e9s satisfactoris en la formaci\u00f3 integral del col\u2022lectiu universitari.<br \/>\n* Donar suport a les activitats de formaci\u00f3 al llarg de tota la vida per mitj\u00e0 de la Universitat Permanent.<br \/>\n* Proporcionar suport i col\u2022laboraci\u00f3 a les iniciatives d\u2019extensi\u00f3 universit\u00e0ria sorgides dels centres, departaments, instituts d\u2019investigaci\u00f3, aix\u00ed com dels diferents col\u2022lectius existents en el si de la Universitat.<br \/>\n* Potenciar les seus universit\u00e0ries com centres actius de la pres\u00e8ncia cient\u00edfica, cultural i social de la Universitat d\u2019Alacant en l\u2019\u00e0mbit provincial, i que siguen llocs de trobada amb les demandes efectives de la societat en la qual es troben imbricades.<br \/>\n* Reorganitzar el conjunt de l\u2019oferta de cursos d\u2019estiu per a ampliar-ne la projecci\u00f3 internacional i adequar-los a l\u2019 EEES.<br \/>\n* Fomentar la col\u2022laboraci\u00f3 amb diferents entitats p\u00fabliques i privades que permeten que els espais culturals de qu\u00e8 disposem, i especialment el Museu de la Universitat d\u2019Alacant (MUA) s\u2019integren en els circuits m\u00e9s rellevants de l\u2019art i de la cultura.<br \/>\n* Servir de plataforma de difusi\u00f3 per a aquells col\u2022lectius que menys possibilitats tenen d\u2019accedir a espais expositius subjectes a condicions de mercat.<br \/>\n* Fomentar els premis de cultura per a incentivar la participaci\u00f3 dels diferents col\u2022lectius universitaris, obrint la convocat\u00f2ria a altres universitats, amb una especial atenci\u00f3 a disciplines com les arts pl\u00e0stiques, la fotografia, la literatura i la difusi\u00f3 i divulgaci\u00f3 cient\u00edfica i t\u00e8cnica.<br \/>\n* Mantenir el comprom\u00eds, com\u00fa amb altres universitats, d\u2019ampliar els objectius de la Universitat Permanent amb la finalitat de permetre l\u2019acc\u00e9s a un ensenyament reglat de car\u00e0cter universitari que enriquisca el proc\u00e9s de formaci\u00f3 de les persones majors, de manera que es propicie el reconeixement per l\u2019Administraci\u00f3 dels t\u00edtols de les persones titulades per la Universitat Permanent.<br \/>\n* Procurar la projecci\u00f3 internacional dels programes d\u2019extensi\u00f3 universit\u00e0ria de la Universitat d\u2019Alacant, aix\u00ed com oferir en la programaci\u00f3 continguts procedents d\u2019altres cultures.<br \/>\n* Realitzar l\u2019inventari del patrimoni hist\u00f2ric i cultural de la nostra Universitat per establir-ne les mesures corresponents per a la salvaguarda i conservaci\u00f3.<br \/>\n* Donar suport i consolidar els grups culturals permanents, com l\u2019 OFUA, Coral Universit\u00e0ria, Aules de Teatre, etc<br \/>\n* Potenciar el Reglament per a la Promoci\u00f3 i Suport a l\u2019Esportista universitari.<br \/>\n* Fomentar la continu\u00eftat i l\u2019alt nivell dels equips de la Universitat d\u2019Alacant en competicions federades per mitj\u00e0 d\u2019acords de patrocini esportiu.<br \/>\n* Incentivar la pr\u00e0ctica de l\u2019esport adaptat a les necessitats dels diferents col\u2022lectius de la Universitat per afavorir la vida saludable.<br \/>\n* Prestar especial suport a les iniciatives que tinguen com objectius el comprom\u00eds social, la igualtat i la defensa dels drets humans.<br \/>\n* Consolidar el conjunt d\u2019activitats portades a terme per la comunitat universit\u00e0ria orientades a la transformaci\u00f3 social dels pa\u00efsos desfavorits en pro de la pau, l\u2019equitat, el desenvolupament hum\u00e0 i la sostenibilitat mediambiental com expressi\u00f3 del comprom\u00eds solidari de la UA.<br \/>\n* Millorar l\u2019avaluaci\u00f3 dels Projectes de Cooperaci\u00f3 al Desenvolupament que es realitzen des de la UA, tant de la seua pertin\u00e8ncia i idone\u00eftat com dels seus resultats.<br \/>\n* Coordinar des de l\u2019Oficina de Cooperaci\u00f3 la diversitat d\u2019iniciatives que es generen des de la comunitat universit\u00e0ria, donant suport a la gesti\u00f3 dels projectes, facilitant l\u2019acc\u00e9s al finan\u00e7ament extern i assegurant l\u2019avaluaci\u00f3 de les activitats.<\/p>\n","protected":false},"excerpt":{"rendered":"<p>La Universitat d\u2019Alacant s\u2019ha destacat sempre pel seu comprom\u00eds amb la societat a la qual serveix. Actualment, som un referent en l\u2019activitat cultural, en les possibilitats i programes espec\u00edfics de formaci\u00f3 al llarg de tota la vida, en les accions de cooperaci\u00f3 per al desenvolupament i en el foment de l\u2019esport i, per a continuar [&hellip;]<\/p>\n","protected":false},"author":734,"featured_media":0,"parent":34,"menu_order":3,"comment_status":"closed","ping_status":"closed","template":"","meta":{"footnotes":""},"class_list":["post-38","page","type-page","status-publish","hentry"],"_links":{"self":[{"href":"https:\/\/blogs.ua.es\/ijraneda\/wp-json\/wp\/v2\/pages\/38","targetHints":{"allow":["GET"]}}],"collection":[{"href":"https:\/\/blogs.ua.es\/ijraneda\/wp-json\/wp\/v2\/pages"}],"about":[{"href":"https:\/\/blogs.ua.es\/ijraneda\/wp-json\/wp\/v2\/types\/page"}],"author":[{"embeddable":true,"href":"https:\/\/blogs.ua.es\/ijraneda\/wp-json\/wp\/v2\/users\/734"}],"replies":[{"embeddable":true,"href":"https:\/\/blogs.ua.es\/ijraneda\/wp-json\/wp\/v2\/comments?post=38"}],"version-history":[{"count":0,"href":"https:\/\/blogs.ua.es\/ijraneda\/wp-json\/wp\/v2\/pages\/38\/revisions"}],"up":[{"embeddable":true,"href":"https:\/\/blogs.ua.es\/ijraneda\/wp-json\/wp\/v2\/pages\/34"}],"wp:attachment":[{"href":"https:\/\/blogs.ua.es\/ijraneda\/wp-json\/wp\/v2\/media?parent=38"}],"curies":[{"name":"wp","href":"https:\/\/api.w.org\/{rel}","templated":true}]}}