{"id":44,"date":"2008-04-01T11:01:51","date_gmt":"2008-04-01T10:01:51","guid":{"rendered":"https:\/\/blogs.ua.es\/ijraneda\/programa-v\/comunicacio\/"},"modified":"2008-04-10T17:41:49","modified_gmt":"2008-04-10T15:41:49","slug":"comunicacio","status":"publish","type":"page","link":"https:\/\/blogs.ua.es\/ijraneda\/programa-v\/comunicacio\/","title":{"rendered":"Comunicaci\u00f3"},"content":{"rendered":"<p>Avan\u00e7ar en la vinculaci\u00f3 cada vegada m\u00e9s estreta entre la Universitat i la societat requereix dissenyar pol\u00edtiques adequades de comunicaci\u00f3 i de projecci\u00f3 social amb la finalitat d\u2019oferir una imatge n\u00edtida de la Universitat com instituci\u00f3 de servei p\u00fablic.<br \/>\nLa capacitat que tenim per a oferir una doc\u00e8ncia de qualitat, la investigaci\u00f3, la innovaci\u00f3 i la transfer\u00e8ncia de coneixement enteses com una contribuci\u00f3 al progr\u00e9s social, fer pal\u00e8s el comprom\u00eds que la Universitat d\u2019Alacant t\u00e9 amb els programes de Cooperaci\u00f3 al Desenvolupament i com productora i difusora de b\u00e9ns culturals s\u00f3n fets que han de posar-se de manifes,t ja que \u00e9s el conjunt de tots ells el que ens permet establir una major sinergia amb la societat a la qual hem de rendir comptes.<br \/>\nEstablir una relaci\u00f3 flu\u00efda amb els diferents agents socials ha de ser un objectiu com\u00fa per a la comunitat universit\u00e0ria, de manera que implica transversalment tots els eixos del Pla Estrat\u00e8gic de la Universitat d\u2019Alacant. En id\u00e8ntic sentit \u00e9s necessari continuar amb el desenvolupament dels canals que faciliten la comunicaci\u00f3 en el si de la pr\u00f2pia comunitat universit\u00e0ria, ja que una informaci\u00f3 \u00e0gil contribueix a incrementar la transpar\u00e8ncia i la coordinaci\u00f3 interna.<br \/>\nEn una Universitat concebuda per al progr\u00e9s de la societat resulta imprescindible portar a terme una pol\u00edtica de comunicaci\u00f3 que garantisca la correcta percepci\u00f3 per la societat de les diferents funcions que complim. De la mateixa manera, un correcte desenvolupament de la comunicaci\u00f3 de la Universitat amb el seu entorn facilita tamb\u00e9 la percepci\u00f3 de les demandes socials, punt clau en la concepci\u00f3 de la nostra instituci\u00f3 com un espai obert i receptiu a les necessitats i inquietuds de la societat actual.<\/p>\n<p><strong>Objectius<\/strong><\/p>\n<ol>\n<li>Garantir la correcta percepci\u00f3 per la societat de la missi\u00f3 de la Universitat d&#8217;Alacant.<\/li>\n<li>Assolir una major imbricaci\u00f3 amb l\u2019entorn social mitjan\u00e7ant una adequada pol\u00edtica de comunicaci\u00f3.<\/li>\n<li>Afavorir el flux d\u2019informaci\u00f3 que permeta l\u2019apreciaci\u00f3 de les demandes socials.<\/li>\n<li>Difondre la producci\u00f3 cient\u00edfica i cultural de la Universitat d\u2019Alacant en la societat.<\/li>\n<li>Garantir una comunicaci\u00f3 interna, fluida i efica\u00e7 que abaste els diferents \u00e0mbits d\u2019inter\u00e8s de la comunitat universit\u00e0ria.<\/li>\n<\/ol>\n<p><strong>Propostes d\u2019actuaci\u00f3<\/strong><\/p>\n<ul>\n<li>Dissenyar el pla estrat\u00e8gic sectorial de comunicaci\u00f3.<\/li>\n<li>Concretar i establir mecanismes de comunicaci\u00f3 interna per a refor\u00e7ar la difusi\u00f3 de les activitats als diferents col\u2022lectius universitaris.<\/li>\n<li>Elaborar programes de col\u2022laboraci\u00f3 amb els mitjans de comunicaci\u00f3.<\/li>\n<li>Desenvolupar programes espec\u00edfics de promoci\u00f3 i difusi\u00f3 de les titulacions de la Universitat d\u2019Alacant en els centres d\u2019Ensenyament Secundari.<\/li>\n<li>Difondre i promocionar l\u2019oferta de titulacions de postgrau de la Universitat.<\/li>\n<li>Elaborar un pla de promoci\u00f3 internacional de la Universitat d\u2019Alacant per a afavorir el proc\u00e9s d\u2019internacionalitzaci\u00f3 i atraure estudiants estrangers.<\/li>\n<li>Dotar de l\u2019estructura i dels mitjans necessaris al Gabinet de Comunicaci\u00f3 per a l\u2019adequat desenvolupament de les seues funcions.<\/li>\n<li>Dissenyar programes dirigits a mantenir la col\u2022laboraci\u00f3 dels titulats amb la Universitat.<\/li>\n<li>Potenciar l\u2019oferta de serveis de la web institucional.<\/li>\n<\/ul>\n","protected":false},"excerpt":{"rendered":"<p>Avan\u00e7ar en la vinculaci\u00f3 cada vegada m\u00e9s estreta entre la Universitat i la societat requereix dissenyar pol\u00edtiques adequades de comunicaci\u00f3 i de projecci\u00f3 social amb la finalitat d\u2019oferir una imatge n\u00edtida de la Universitat com instituci\u00f3 de servei p\u00fablic. La capacitat que tenim per a oferir una doc\u00e8ncia de qualitat, la investigaci\u00f3, la innovaci\u00f3 i [&hellip;]<\/p>\n","protected":false},"author":734,"featured_media":0,"parent":34,"menu_order":10,"comment_status":"closed","ping_status":"closed","template":"","meta":{"footnotes":""},"class_list":["post-44","page","type-page","status-publish","hentry"],"_links":{"self":[{"href":"https:\/\/blogs.ua.es\/ijraneda\/wp-json\/wp\/v2\/pages\/44","targetHints":{"allow":["GET"]}}],"collection":[{"href":"https:\/\/blogs.ua.es\/ijraneda\/wp-json\/wp\/v2\/pages"}],"about":[{"href":"https:\/\/blogs.ua.es\/ijraneda\/wp-json\/wp\/v2\/types\/page"}],"author":[{"embeddable":true,"href":"https:\/\/blogs.ua.es\/ijraneda\/wp-json\/wp\/v2\/users\/734"}],"replies":[{"embeddable":true,"href":"https:\/\/blogs.ua.es\/ijraneda\/wp-json\/wp\/v2\/comments?post=44"}],"version-history":[{"count":0,"href":"https:\/\/blogs.ua.es\/ijraneda\/wp-json\/wp\/v2\/pages\/44\/revisions"}],"up":[{"embeddable":true,"href":"https:\/\/blogs.ua.es\/ijraneda\/wp-json\/wp\/v2\/pages\/34"}],"wp:attachment":[{"href":"https:\/\/blogs.ua.es\/ijraneda\/wp-json\/wp\/v2\/media?parent=44"}],"curies":[{"name":"wp","href":"https:\/\/api.w.org\/{rel}","templated":true}]}}