{"id":2,"date":"2010-03-04T11:08:21","date_gmt":"2010-03-04T11:08:21","guid":{"rendered":""},"modified":"2010-03-05T21:55:33","modified_gmt":"2010-03-05T20:55:33","slug":"informacio","status":"publish","type":"page","link":"https:\/\/blogs.ua.es\/immanuelkant\/informacio\/","title":{"rendered":"Informaci\u00f3"},"content":{"rendered":"<p>Aquest bloc est\u00e0 dedicat al pensament de Immanuel Kant, per\u00f2 tamb\u00e9 al seu context hist\u00f2ric. Considere que, a les idees de qualsevol pensador, l&#8217;entorn juga un paper determinant. Al cap i a la fi, les ideologies no s\u00f3n sin\u00f3 la justificaci\u00f3 dels interessos d&#8217;una determina classe social; i els fil\u00f2sofs, en tant que s\u00f3n creadors d&#8217;ideologia, s&#8217;entreguen a la tasca de ser la veu d&#8217;un determinat col.lectiu, encara que siga de forma inconscient.<\/p>\n<p>\u00c9s per aix\u00f2 que no em limitar\u00e9 a descriure la filosofia de Kant, sin\u00f3 que la relacionar\u00e9 amb la din\u00e0mica social de la segona metat del segle XVIII, causa d&#8217;aquella.<\/p>\n","protected":false},"excerpt":{"rendered":"<p>Aquest bloc est\u00e0 dedicat al pensament de Immanuel Kant, per\u00f2 tamb\u00e9 al seu context hist\u00f2ric. Considere que, a les idees de qualsevol pensador, l&#8217;entorn juga un paper determinant. Al cap i a la fi, les ideologies no s\u00f3n sin\u00f3 la justificaci\u00f3 dels interessos d&#8217;una determina classe social; i els fil\u00f2sofs, en tant que s\u00f3n creadors [&hellip;]<\/p>\n","protected":false},"author":1666,"featured_media":0,"parent":0,"menu_order":0,"comment_status":"open","ping_status":"open","template":"","meta":{"footnotes":""},"class_list":["post-2","page","type-page","status-publish","hentry"],"_links":{"self":[{"href":"https:\/\/blogs.ua.es\/immanuelkant\/wp-json\/wp\/v2\/pages\/2","targetHints":{"allow":["GET"]}}],"collection":[{"href":"https:\/\/blogs.ua.es\/immanuelkant\/wp-json\/wp\/v2\/pages"}],"about":[{"href":"https:\/\/blogs.ua.es\/immanuelkant\/wp-json\/wp\/v2\/types\/page"}],"author":[{"embeddable":true,"href":"https:\/\/blogs.ua.es\/immanuelkant\/wp-json\/wp\/v2\/users\/1666"}],"replies":[{"embeddable":true,"href":"https:\/\/blogs.ua.es\/immanuelkant\/wp-json\/wp\/v2\/comments?post=2"}],"version-history":[{"count":2,"href":"https:\/\/blogs.ua.es\/immanuelkant\/wp-json\/wp\/v2\/pages\/2\/revisions"}],"predecessor-version":[{"id":5,"href":"https:\/\/blogs.ua.es\/immanuelkant\/wp-json\/wp\/v2\/pages\/2\/revisions\/5"}],"wp:attachment":[{"href":"https:\/\/blogs.ua.es\/immanuelkant\/wp-json\/wp\/v2\/media?parent=2"}],"curies":[{"name":"wp","href":"https:\/\/api.w.org\/{rel}","templated":true}]}}