{"id":62,"date":"2010-05-08T12:40:28","date_gmt":"2010-05-08T11:40:28","guid":{"rendered":"https:\/\/blogs.ua.es\/immanuelkant\/?page_id=62"},"modified":"2010-05-08T12:40:28","modified_gmt":"2010-05-08T11:40:28","slug":"diccionari-de-termes","status":"publish","type":"page","link":"https:\/\/blogs.ua.es\/immanuelkant\/diccionari-de-termes\/","title":{"rendered":"Diccionari de termes"},"content":{"rendered":"<p><strong>Imperatiu<\/strong>: Proposici\u00f3 que designa una acci\u00f3 com a necess\u00e0ria.<\/p>\n<p><strong>Imperatiu categ\u00f2ric<\/strong>: Es tracta d\u2019un manament universal a tots els \u00e9ssers racionals i independent de cap condici\u00f3 o circumst\u00e0ncia. \u00c9s la forma que adopta la llei moral.<\/p>\n<p><strong>Imperatiu hipot\u00e8tic<\/strong>: \u00c9s un manament que, en la seua formulaci\u00f3, dep\u00e8n sempre d\u2019un objectiu extern. Expressa una acci\u00f3 com a necess\u00e0ria per a un prop\u00f2sit concret.<\/p>\n<p><strong>Mitj\u00e0<\/strong>: \u00c9s all\u00f2 que permet la consecuci\u00f3 d\u2019un fi.<\/p>\n<p><strong>Fi<\/strong>: \u00c9s el fonament de la voluntat, all\u00f2 que la impulsa mitjan\u00e7ant un imperatiu a fer qualsevol acci\u00f3.<\/p>\n<p><strong>Fi subjectiu<\/strong>: S\u00f3n els fins que es generen a la realitat material i nom\u00e9s poden generar imperatius hipot\u00e8tics.<\/p>\n<p><strong>Fi objectiu<\/strong>: S\u00f3n els fins que no depenen de la realitat material, sin\u00f3 que s\u2019originen a la ra\u00f3 i, per tant, s\u00f3n universals. Generen imperatius categ\u00f2rics. L\u2019\u00fanic fi objectiu \u00e9s l\u2019\u00e9sser racional.<\/p>\n<p><strong>Regne dels fins<\/strong>: Conjunt ideal d\u2019\u00e9ssers racionals vinculats entre s\u00ed per una mateixa llei: l\u2019imperatiu categ\u00f2ric.<\/p>\n<p><strong>Membre legislador del regne dels fins<\/strong>: Qualsevol \u00e9sser racional forma part del regne dels fins com a membre legislador. \u00c9s a dir, cada \u00e9sser racional legisla per tots els \u00e9ssers racionals.<\/p>\n<p><strong>Voluntat<\/strong>: \u00c9s all\u00f2 que permet als \u00e9ssers racionals determinar la seua conducta en virtut de principis. \u00c9s el motor de qualsevol acci\u00f3.<\/p>\n<p><strong>Voluntat aut\u00f2noma<\/strong>: \u00c9s aquella voluntat que no dep\u00e8n de factors externs, sin\u00f3 que es dota a s\u00ed mateixa de lleis. Nom\u00e9s una voluntat aut\u00f2noma fa possible l\u2019exist\u00e8ncia de l\u2019imperatiu categ\u00f2ric.<\/p>\n<p><strong>Voluntat heter\u00f2noma<\/strong>: \u00c9s aquella voluntat que dep\u00e8n de condicionants externs.<\/p>\n","protected":false},"excerpt":{"rendered":"<p>Imperatiu: Proposici\u00f3 que designa una acci\u00f3 com a necess\u00e0ria. Imperatiu categ\u00f2ric: Es tracta d\u2019un manament universal a tots els \u00e9ssers racionals i independent de cap condici\u00f3 o circumst\u00e0ncia. \u00c9s la forma que adopta la llei moral. Imperatiu hipot\u00e8tic: \u00c9s un manament que, en la seua formulaci\u00f3, dep\u00e8n sempre d\u2019un objectiu extern. Expressa una acci\u00f3 com [&hellip;]<\/p>\n","protected":false},"author":1666,"featured_media":0,"parent":0,"menu_order":0,"comment_status":"open","ping_status":"open","template":"","meta":{"footnotes":""},"class_list":["post-62","page","type-page","status-publish","hentry"],"_links":{"self":[{"href":"https:\/\/blogs.ua.es\/immanuelkant\/wp-json\/wp\/v2\/pages\/62","targetHints":{"allow":["GET"]}}],"collection":[{"href":"https:\/\/blogs.ua.es\/immanuelkant\/wp-json\/wp\/v2\/pages"}],"about":[{"href":"https:\/\/blogs.ua.es\/immanuelkant\/wp-json\/wp\/v2\/types\/page"}],"author":[{"embeddable":true,"href":"https:\/\/blogs.ua.es\/immanuelkant\/wp-json\/wp\/v2\/users\/1666"}],"replies":[{"embeddable":true,"href":"https:\/\/blogs.ua.es\/immanuelkant\/wp-json\/wp\/v2\/comments?post=62"}],"version-history":[{"count":1,"href":"https:\/\/blogs.ua.es\/immanuelkant\/wp-json\/wp\/v2\/pages\/62\/revisions"}],"predecessor-version":[{"id":63,"href":"https:\/\/blogs.ua.es\/immanuelkant\/wp-json\/wp\/v2\/pages\/62\/revisions\/63"}],"wp:attachment":[{"href":"https:\/\/blogs.ua.es\/immanuelkant\/wp-json\/wp\/v2\/media?parent=62"}],"curies":[{"name":"wp","href":"https:\/\/api.w.org\/{rel}","templated":true}]}}