{"id":104,"date":"2013-01-26T12:26:35","date_gmt":"2013-01-26T12:26:35","guid":{"rendered":"https:\/\/blogs.ua.es\/impresoresvalencianosxviii\/?page_id=104"},"modified":"2013-01-26T15:07:39","modified_gmt":"2013-01-26T15:07:39","slug":"fuentes-utilizadas","status":"publish","type":"page","link":"https:\/\/blogs.ua.es\/impresoresvalencianosxviii\/fuentes-utilizadas\/","title":{"rendered":"Fuentes utilizadas"},"content":{"rendered":"<p>Para poder realizar el blog era necesario usar diversas fuentes, poder\u00a0contrarrestar\u00a0informaci\u00f3n, etc.<\/p>\n<p>Para ello hemos usado principalmente\u00a0Internet\u00a0 buscador de google de manera general y m\u00e1s exactamente hemos intentado usar fuentes oficiales como pueden ser la Biblioteca Nacional Espa\u00f1ola, donde hemos podido encontrar numerosos documentos, explicaciones e\u00a0informaci\u00f3n\u00a0para poder desarrollar nuestro tema.<\/p>\n<p>Al tratarse de hechos exclusivamente hist\u00f3ricos los documentos que hemos encontrado \u00a0eran numerosos.<\/p>\n<p>Hemos buscado informaci\u00f3n\u00a0tambi\u00e9n\u00a0en libros como el de Nicolas Bas Martin:\u00a0Los Orga: Una Dinast\u00eda de impresores en la Valencia del Siglo XVIII.<\/p>\n<p>Tambi\u00e9n hemos consultado alguna enciclopedia como la GEL.<\/p>\n<p>Tambi\u00e9n consultamos en la biblioteca de la UA y, a pesar de despu\u00e9s no haber usado dichas lecturas, los t\u00edtulos consultados fueron:<\/p>\n<p><span style=\"text-decoration: underline\"><em>Algunas noticias sobre el impresor aragon\u00e9s Joaqu\u00edn Ibarra y Mar\u00edn<\/em><\/span><br \/>\nMoral Sandoval, Enrique<\/p>\n<p><span style=\"text-decoration: underline\"><em>Joaqu\u00edn Ibarra y Mar\u00edn, impresor, 1725-1785<\/em> <\/span><br \/>\nAcin Fanlo, Jos\u00e9 L.<\/p>\n","protected":false},"excerpt":{"rendered":"<p>Para poder realizar el blog era necesario usar diversas fuentes, poder\u00a0contrarrestar\u00a0informaci\u00f3n, etc. Para ello hemos usado principalmente\u00a0Internet\u00a0 buscador de google de manera general y m\u00e1s exactamente hemos intentado usar fuentes oficiales como pueden ser la Biblioteca Nacional Espa\u00f1ola, donde hemos podido encontrar numerosos documentos, explicaciones e\u00a0informaci\u00f3n\u00a0para poder desarrollar nuestro tema. Al tratarse de hechos exclusivamente [&hellip;]<\/p>\n","protected":false},"author":2989,"featured_media":0,"parent":0,"menu_order":0,"comment_status":"open","ping_status":"open","template":"","meta":{"footnotes":""},"class_list":["post-104","page","type-page","status-publish","hentry"],"_links":{"self":[{"href":"https:\/\/blogs.ua.es\/impresoresvalencianosxviii\/wp-json\/wp\/v2\/pages\/104","targetHints":{"allow":["GET"]}}],"collection":[{"href":"https:\/\/blogs.ua.es\/impresoresvalencianosxviii\/wp-json\/wp\/v2\/pages"}],"about":[{"href":"https:\/\/blogs.ua.es\/impresoresvalencianosxviii\/wp-json\/wp\/v2\/types\/page"}],"author":[{"embeddable":true,"href":"https:\/\/blogs.ua.es\/impresoresvalencianosxviii\/wp-json\/wp\/v2\/users\/2989"}],"replies":[{"embeddable":true,"href":"https:\/\/blogs.ua.es\/impresoresvalencianosxviii\/wp-json\/wp\/v2\/comments?post=104"}],"version-history":[{"count":3,"href":"https:\/\/blogs.ua.es\/impresoresvalencianosxviii\/wp-json\/wp\/v2\/pages\/104\/revisions"}],"predecessor-version":[{"id":124,"href":"https:\/\/blogs.ua.es\/impresoresvalencianosxviii\/wp-json\/wp\/v2\/pages\/104\/revisions\/124"}],"wp:attachment":[{"href":"https:\/\/blogs.ua.es\/impresoresvalencianosxviii\/wp-json\/wp\/v2\/media?parent=104"}],"curies":[{"name":"wp","href":"https:\/\/api.w.org\/{rel}","templated":true}]}}