{"id":9,"date":"2010-10-26T13:49:28","date_gmt":"2010-10-26T13:49:28","guid":{"rendered":"https:\/\/blogs.ua.es\/indumentariamoderna\/"},"modified":"2010-11-30T15:01:00","modified_gmt":"2010-11-30T15:01:00","slug":"2-las-prendas-de-vestir","status":"publish","type":"page","link":"https:\/\/blogs.ua.es\/indumentariamoderna\/2-las-prendas-de-vestir\/","title":{"rendered":"2. Prendas de Vestir"},"content":{"rendered":"<p>En esta p\u00e1gina se trata de las prendas fundamentales que compon\u00edan el traje del hombre y el de la mujer. Haciendo una minuciosa identificaci\u00f3n de todas sus partes, a raz\u00f3n de: traje, tocado y calzado.<\/p>\n<p>Prueba.<\/p>\n","protected":false},"excerpt":{"rendered":"<p>En esta p\u00e1gina se trata de las prendas fundamentales que compon\u00edan el traje del hombre y el de la mujer. Haciendo una minuciosa identificaci\u00f3n de todas sus partes, a raz\u00f3n de: traje, tocado y calzado. Prueba.<\/p>\n","protected":false},"author":1838,"featured_media":0,"parent":0,"menu_order":0,"comment_status":"open","ping_status":"open","template":"","meta":{"footnotes":""},"class_list":["post-9","page","type-page","status-publish","hentry"],"_links":{"self":[{"href":"https:\/\/blogs.ua.es\/indumentariamoderna\/wp-json\/wp\/v2\/pages\/9","targetHints":{"allow":["GET"]}}],"collection":[{"href":"https:\/\/blogs.ua.es\/indumentariamoderna\/wp-json\/wp\/v2\/pages"}],"about":[{"href":"https:\/\/blogs.ua.es\/indumentariamoderna\/wp-json\/wp\/v2\/types\/page"}],"author":[{"embeddable":true,"href":"https:\/\/blogs.ua.es\/indumentariamoderna\/wp-json\/wp\/v2\/users\/1838"}],"replies":[{"embeddable":true,"href":"https:\/\/blogs.ua.es\/indumentariamoderna\/wp-json\/wp\/v2\/comments?post=9"}],"version-history":[{"count":12,"href":"https:\/\/blogs.ua.es\/indumentariamoderna\/wp-json\/wp\/v2\/pages\/9\/revisions"}],"predecessor-version":[{"id":172,"href":"https:\/\/blogs.ua.es\/indumentariamoderna\/wp-json\/wp\/v2\/pages\/9\/revisions\/172"}],"wp:attachment":[{"href":"https:\/\/blogs.ua.es\/indumentariamoderna\/wp-json\/wp\/v2\/media?parent=9"}],"curies":[{"name":"wp","href":"https:\/\/api.w.org\/{rel}","templated":true}]}}