{"id":63,"date":"2011-12-21T18:32:32","date_gmt":"2011-12-21T18:32:32","guid":{"rendered":"https:\/\/blogs.ua.es\/industriaartesanalsudamerica\/?page_id=63"},"modified":"2012-01-19T11:22:03","modified_gmt":"2012-01-19T10:22:03","slug":"metodologia","status":"publish","type":"page","link":"https:\/\/blogs.ua.es\/industriaartesanalsudamerica\/metodologia\/","title":{"rendered":"Metodolog\u00eda"},"content":{"rendered":"<p>Hemos basado el trabajo en la zona de influencia Inca, por tanto hemos querido recopilar informaci\u00f3n de las culturas precedentes a \u00e9sta. Los mochica, los wari, los chim\u00faes y los paracas han sido las culturas sobre las que hemos recogido algo de informaci\u00f3n, pero hemos dado una importancia mayor a la cultura Inca por ser la que tuvo un mayor dominio sobre la zona y la que consigui\u00f3 establecer la zona de influencia m\u00e1s grande de cuantas culturas habitaron en el altiplano andino.<\/p>\n<p>Tambi\u00e9n hemos incluido alguna referencia de arte colonial pero que segu\u00edan con los modelos tradicionales de fabricaci\u00f3n, dise\u00f1o y decoraci\u00f3n para comprobar que en \u00e9poca colonial todav\u00eda persistieron modelos incaicos de vida, aunque fuertemente reprimidos. En definitiva, nuestro tema a tratar ser\u00e1 el de las culturas sudamericanas previas a la llegada de Crist\u00f3bal Col\u00f3n, su forma de vida, qu\u00e9 instrumentos fabricaban, etc.<\/p>\n","protected":false},"excerpt":{"rendered":"<p>Hemos basado el trabajo en la zona de influencia Inca, por tanto hemos querido recopilar informaci\u00f3n de las culturas precedentes a \u00e9sta. Los mochica, los wari, los chim\u00faes y los paracas han sido las culturas sobre las que hemos recogido algo de informaci\u00f3n, pero hemos dado una importancia mayor a la cultura Inca por ser [&hellip;]<\/p>\n","protected":false},"author":2511,"featured_media":0,"parent":0,"menu_order":0,"comment_status":"open","ping_status":"open","template":"","meta":{"footnotes":""},"class_list":["post-63","page","type-page","status-publish","hentry"],"_links":{"self":[{"href":"https:\/\/blogs.ua.es\/industriaartesanalsudamerica\/wp-json\/wp\/v2\/pages\/63","targetHints":{"allow":["GET"]}}],"collection":[{"href":"https:\/\/blogs.ua.es\/industriaartesanalsudamerica\/wp-json\/wp\/v2\/pages"}],"about":[{"href":"https:\/\/blogs.ua.es\/industriaartesanalsudamerica\/wp-json\/wp\/v2\/types\/page"}],"author":[{"embeddable":true,"href":"https:\/\/blogs.ua.es\/industriaartesanalsudamerica\/wp-json\/wp\/v2\/users\/2511"}],"replies":[{"embeddable":true,"href":"https:\/\/blogs.ua.es\/industriaartesanalsudamerica\/wp-json\/wp\/v2\/comments?post=63"}],"version-history":[{"count":4,"href":"https:\/\/blogs.ua.es\/industriaartesanalsudamerica\/wp-json\/wp\/v2\/pages\/63\/revisions"}],"predecessor-version":[{"id":263,"href":"https:\/\/blogs.ua.es\/industriaartesanalsudamerica\/wp-json\/wp\/v2\/pages\/63\/revisions\/263"}],"wp:attachment":[{"href":"https:\/\/blogs.ua.es\/industriaartesanalsudamerica\/wp-json\/wp\/v2\/media?parent=63"}],"curies":[{"name":"wp","href":"https:\/\/api.w.org\/{rel}","templated":true}]}}