{"id":96,"date":"2012-01-12T16:50:07","date_gmt":"2012-01-12T16:50:07","guid":{"rendered":"https:\/\/blogs.ua.es\/industriacalsatvallvinalopo\/?page_id=96"},"modified":"2012-01-18T13:03:08","modified_gmt":"2012-01-18T13:03:08","slug":"metodologia","status":"publish","type":"page","link":"https:\/\/blogs.ua.es\/industriacalsatvallvinalopo\/metodologia\/","title":{"rendered":"Metodologia"},"content":{"rendered":"<p>Alejandro i Gabriel:<\/p>\n<p>Estimat lector\/a, aquest blog \u00e9s un recull d&#8217;una s\u00e8rie d&#8217;entrades en el qual es pret\u00e9n reunir informaci\u00f3 a l&#8217;abast de tothom sobre un tema que ha tingut i t\u00e9 una gran import\u00e0ncia en la Vall del Vinalop\u00f3, la ind\u00fastria del cal\u00e7at.<\/p>\n<p>Per a la seua realitzaci\u00f3 hem fet \u00fas de diferents eines i recursos telem\u00e0tics, que podeu trobar m\u00e9s a baix, amb l&#8217;objectiu de traure informaci\u00f3, tant impressa con de la red.<\/p>\n<p>Despr\u00e9s d&#8217;aquesta costosa tasca hem tingut el plaer d&#8217;aconseguir importants exemplars bibliogr\u00e0fics i telem\u00e0tics de distingits autors i autores, investigadors professionals i en la majoria de casos, professors universitaris.<\/p>\n<p>Com ja he citat m\u00e9s amunt, la nostra tasca ha consistit en la recerca de tota la informaci\u00f3 possible sobre aquest apassionant tema, sempre referenciant, totes i cadascuna de les entrades sengons la norma <a href=\"http:\/\/es.wikipedia.org\/wiki\/ISO_690\">ISO 690-2010<\/a>, al lloc web o bibliogr\u00e0fic on hem trobat.<\/p>\n<p>Cat\u00e0legs d&#8217;internet<\/p>\n<p>-Xarxa electr\u00f2nica de lectura p\u00fablica valenciana<\/p>\n<p><a href=\"http:\/\/xlpv.cult.gva.es\/absysnetopac\/\">http:\/\/xlpv.cult.gva.es\/absysnetopac\/<\/a><\/p>\n<p>-Cat\u00e0leg de la Universitat d&#8217;Alacant<\/p>\n<p><a href=\"http:\/\/gaudi.ua.es\/uhtbin\/cgisirsi\/KNyE3aMJa4\/0\/55440099\/60\/127\/X\">http:\/\/gaudi.ua.es\/uhtbin\/cgisirsi\/KNyE3aMJa4\/0\/55440099\/60\/127\/X<\/a><\/p>\n<p>Repositoris:<\/p>\n<p>-Repositori institucional de la Universitat d&#8217;Alacant<\/p>\n<p><a href=\"http:\/\/rua.ua.es\/\">http:\/\/rua.ua.es\/<\/a><\/p>\n<p>Navegadors:<\/p>\n<p>-Google<\/p>\n<p><a href=\"http:\/\/www.google.es\/\">http:\/\/www.google.es\/<\/a><\/p>\n<p>&nbsp;<\/p>\n<p>&nbsp;<\/p>\n<p>&nbsp;<\/p>\n","protected":false},"excerpt":{"rendered":"<p>Alejandro i Gabriel: Estimat lector\/a, aquest blog \u00e9s un recull d&#8217;una s\u00e8rie d&#8217;entrades en el qual es pret\u00e9n reunir informaci\u00f3 a l&#8217;abast de tothom sobre un tema que ha tingut i t\u00e9 una gran import\u00e0ncia en la Vall del Vinalop\u00f3, la ind\u00fastria del cal\u00e7at. Per a la seua realitzaci\u00f3 hem fet \u00fas de diferents eines [&hellip;]<\/p>\n","protected":false},"author":2486,"featured_media":0,"parent":0,"menu_order":3,"comment_status":"open","ping_status":"closed","template":"","meta":{"footnotes":""},"class_list":["post-96","page","type-page","status-publish","hentry"],"_links":{"self":[{"href":"https:\/\/blogs.ua.es\/industriacalsatvallvinalopo\/wp-json\/wp\/v2\/pages\/96","targetHints":{"allow":["GET"]}}],"collection":[{"href":"https:\/\/blogs.ua.es\/industriacalsatvallvinalopo\/wp-json\/wp\/v2\/pages"}],"about":[{"href":"https:\/\/blogs.ua.es\/industriacalsatvallvinalopo\/wp-json\/wp\/v2\/types\/page"}],"author":[{"embeddable":true,"href":"https:\/\/blogs.ua.es\/industriacalsatvallvinalopo\/wp-json\/wp\/v2\/users\/2486"}],"replies":[{"embeddable":true,"href":"https:\/\/blogs.ua.es\/industriacalsatvallvinalopo\/wp-json\/wp\/v2\/comments?post=96"}],"version-history":[{"count":11,"href":"https:\/\/blogs.ua.es\/industriacalsatvallvinalopo\/wp-json\/wp\/v2\/pages\/96\/revisions"}],"predecessor-version":[{"id":232,"href":"https:\/\/blogs.ua.es\/industriacalsatvallvinalopo\/wp-json\/wp\/v2\/pages\/96\/revisions\/232"}],"wp:attachment":[{"href":"https:\/\/blogs.ua.es\/industriacalsatvallvinalopo\/wp-json\/wp\/v2\/media?parent=96"}],"curies":[{"name":"wp","href":"https:\/\/api.w.org\/{rel}","templated":true}]}}