{"id":15,"date":"2010-03-21T23:13:06","date_gmt":"2010-03-21T22:13:06","guid":{"rendered":"https:\/\/blogs.ua.es\/infmat\/?page_id=15"},"modified":"2012-07-19T13:57:29","modified_gmt":"2012-07-19T12:57:29","slug":"actuaciones","status":"publish","type":"page","link":"https:\/\/blogs.ua.es\/infmat\/actuaciones\/","title":{"rendered":"Inf_orm\u00e1tica"},"content":{"rendered":"<p style=\"text-align: justify\">Represe.<\/p>\n<p style=\"text-align: justify\">Es interesante este <a title=\"art-representaci\u00f3n de estructura l\u00f3gica en sitios web\" href=\"https:\/\/blogs.ua.es\/infmat\/files\/2011\/07\/ESTRUCT-LOG-SITIO-WEB-2010.pdf\">art\u00edculo<\/a> de Fernando Mart\u00ednez Santiago y otros profesores de la Universidad de Jaen, sobre\u00a0c\u00f3mo se representa la estructura l\u00f3gica de los sitios web y\u00a0la aplicaci\u00f3n que realizan a un navegador web multiling\u00fce basado en di\u00e1logo.<\/p>\n","protected":false},"excerpt":{"rendered":"<p>Represe. Es interesante este art\u00edculo de Fernando Mart\u00ednez Santiago y otros profesores de la Universidad de Jaen, sobre\u00a0c\u00f3mo se representa la estructura l\u00f3gica de los sitios web y\u00a0la aplicaci\u00f3n que realizan a un navegador web multiling\u00fce basado en di\u00e1logo.<\/p>\n","protected":false},"author":1652,"featured_media":0,"parent":0,"menu_order":0,"comment_status":"open","ping_status":"open","template":"","meta":{"footnotes":""},"class_list":["post-15","page","type-page","status-publish","hentry"],"_links":{"self":[{"href":"https:\/\/blogs.ua.es\/infmat\/wp-json\/wp\/v2\/pages\/15","targetHints":{"allow":["GET"]}}],"collection":[{"href":"https:\/\/blogs.ua.es\/infmat\/wp-json\/wp\/v2\/pages"}],"about":[{"href":"https:\/\/blogs.ua.es\/infmat\/wp-json\/wp\/v2\/types\/page"}],"author":[{"embeddable":true,"href":"https:\/\/blogs.ua.es\/infmat\/wp-json\/wp\/v2\/users\/1652"}],"replies":[{"embeddable":true,"href":"https:\/\/blogs.ua.es\/infmat\/wp-json\/wp\/v2\/comments?post=15"}],"version-history":[{"count":8,"href":"https:\/\/blogs.ua.es\/infmat\/wp-json\/wp\/v2\/pages\/15\/revisions"}],"predecessor-version":[{"id":95,"href":"https:\/\/blogs.ua.es\/infmat\/wp-json\/wp\/v2\/pages\/15\/revisions\/95"}],"wp:attachment":[{"href":"https:\/\/blogs.ua.es\/infmat\/wp-json\/wp\/v2\/media?parent=15"}],"curies":[{"name":"wp","href":"https:\/\/api.w.org\/{rel}","templated":true}]}}