{"id":206,"date":"2012-07-19T13:49:26","date_gmt":"2012-07-19T12:49:26","guid":{"rendered":"https:\/\/blogs.ua.es\/infmat\/?page_id=206"},"modified":"2012-07-19T13:49:26","modified_gmt":"2012-07-19T12:49:26","slug":"estadistica","status":"publish","type":"page","link":"https:\/\/blogs.ua.es\/infmat\/estadistica\/","title":{"rendered":"Estad\u00edstica"},"content":{"rendered":"<p style=\"text-align: justify\">Entre las titulaciones que oferta\u00a0 la Escuela Polit\u00e9cnica Superior de la Universidad de Alicante, se encuentra el grado en Ingenier\u00eda Multimedia. Estad\u00edstica es una asignatura, de las denominadas b\u00e1sicas, de dicha titulaci\u00f3n impartida por Violeta Migall\u00f3n, integrante de este grupo GITE.<\/p>\n<p style=\"text-align: justify\">Cada curso acad\u00e9mico se incluye, en el\u00a0 Campus Virtual, toda la informaci\u00f3n y material b\u00e1sico de la asignatura y su organizaci\u00f3n. Esta informaci\u00f3n est\u00e1 desglosada en las sesiones del Campus Virtual. Cada una de estas sesiones corresponde con un tema de la asignatura y tiene asociado todo el material correspondiente a dicho tema incluyendo el\u00a0 cap\u00edtulo\u00a0 del libro de texto on-line, diapositivas de apoyo para las clases te\u00f3ricas y pr\u00e1cticas, actividades complementarias,\u00a0 etc.<\/p>\n<p style=\"text-align: justify\">Como complemento a esto, la asignatura\u00a0 dispone de\u00a0 un blog con actividades multimedia adicionales sobre la asignatura, que al mismo tiempo sirve de cuaderno de bit\u00e1cora para estar al d\u00eda sobre las actividades que se proponen semanalmente para preparar la asignatura.<\/p>\n<p style=\"text-align: justify\">Enlace al blog: <a href=\"https:\/\/blogs.ua.es\/violeta\/\">Estad\u00edstica+Ingenier\u00eda Multimedia<\/a><\/p>\n<p style=\"text-align: justify\">Tambi\u00e9n estamos en twitter <a href=\"https:\/\/twitter.com\/#!\/estadistica_im\">@Estadistica_IM<\/a>\u00a0 y en <a href=\"http:\/\/www.facebook.com\/EstadisticaIM\">Facebook<\/a>\u00a0 Puedes acceder a ambas redes tambi\u00e9n a trav\u00e9s del blog.<\/p>\n","protected":false},"excerpt":{"rendered":"<p>Entre las titulaciones que oferta\u00a0 la Escuela Polit\u00e9cnica Superior de la Universidad de Alicante, se encuentra el grado en Ingenier\u00eda Multimedia. Estad\u00edstica es una asignatura, de las denominadas b\u00e1sicas, de dicha titulaci\u00f3n impartida por Violeta Migall\u00f3n, integrante de este grupo GITE. Cada curso acad\u00e9mico se incluye, en el\u00a0 Campus Virtual, toda la informaci\u00f3n y material [&hellip;]<\/p>\n","protected":false},"author":1282,"featured_media":0,"parent":0,"menu_order":0,"comment_status":"closed","ping_status":"closed","template":"","meta":{"footnotes":""},"class_list":["post-206","page","type-page","status-publish","hentry"],"_links":{"self":[{"href":"https:\/\/blogs.ua.es\/infmat\/wp-json\/wp\/v2\/pages\/206","targetHints":{"allow":["GET"]}}],"collection":[{"href":"https:\/\/blogs.ua.es\/infmat\/wp-json\/wp\/v2\/pages"}],"about":[{"href":"https:\/\/blogs.ua.es\/infmat\/wp-json\/wp\/v2\/types\/page"}],"author":[{"embeddable":true,"href":"https:\/\/blogs.ua.es\/infmat\/wp-json\/wp\/v2\/users\/1282"}],"replies":[{"embeddable":true,"href":"https:\/\/blogs.ua.es\/infmat\/wp-json\/wp\/v2\/comments?post=206"}],"version-history":[{"count":6,"href":"https:\/\/blogs.ua.es\/infmat\/wp-json\/wp\/v2\/pages\/206\/revisions"}],"predecessor-version":[{"id":212,"href":"https:\/\/blogs.ua.es\/infmat\/wp-json\/wp\/v2\/pages\/206\/revisions\/212"}],"wp:attachment":[{"href":"https:\/\/blogs.ua.es\/infmat\/wp-json\/wp\/v2\/media?parent=206"}],"curies":[{"name":"wp","href":"https:\/\/api.w.org\/{rel}","templated":true}]}}