{"id":49,"date":"2020-03-25T18:13:10","date_gmt":"2020-03-25T17:13:10","guid":{"rendered":"https:\/\/blogs.ua.es\/intervencioncrisis\/?page_id=49"},"modified":"2020-08-21T09:47:20","modified_gmt":"2020-08-21T08:47:20","slug":"enlaces-de-interes","status":"publish","type":"page","link":"https:\/\/blogs.ua.es\/intervencioncrisis\/enlaces-de-interes\/","title":{"rendered":"Enlaces de inter\u00e9s"},"content":{"rendered":"<ul>\n<li>Mensaje de una enfermera ante los acontecimientos de estos \u00faltimos d\u00edas.<\/li>\n<\/ul>\n<p>https:\/\/www.publico.es\/tremending\/2020\/08\/19\/coronavirus-dicen-que-el-virus-no-existe-despues-de-que-hayamos-visto-morir-a-tanta-gente-el-mensaje-de-una-enfermera-que-ha-estallado-en-twitter\/<\/p>\n<ul>\n<li>Aqu\u00ed dejamos el enlace a un v\u00eddeo interesante del bi\u00f3logo Fernando Valladares, Doctor en Ciencias Biol\u00f3gicas e investigador del CSIC, sobre la importancia de proteger la biodiversiadad de los ecosistemas, siendo uno de los factores que pueden regular y amortiguar los impactos de las futuras zoonosis en la humanidad.<\/li>\n<\/ul>\n<p><iframe loading=\"lazy\" title=\"23 Coronavirus un desaf\u00edo a nuestro modelo social\" width=\"640\" height=\"360\" src=\"https:\/\/www.youtube.com\/embed\/hENe_R_Xfmw?feature=oembed\" frameborder=\"0\" allow=\"accelerometer; autoplay; clipboard-write; encrypted-media; gyroscope; picture-in-picture; web-share\" referrerpolicy=\"strict-origin-when-cross-origin\" allowfullscreen><\/iframe><\/p>\n<ul>\n<li>Grupo de Matronas voluntarias de la provincia de Alicante crean un espacio de consulta on line para familias que est\u00e9n viviendo un proceso de embarazo, parto o postparto y crianza.<\/li>\n<\/ul>\n<p><a href=\"https:\/\/www.enferalicante.org\/matronaonline\/\">https:\/\/www.enferalicante.org\/matronaonline\/<\/a><\/p>\n<ul>\n<li>Matronas del departamento de Alcoy crean un grupo en Telegram para facilitar recursos e informaci\u00f3n interesante para el postparto.<\/li>\n<\/ul>\n<p><a href=\"https:\/\/t.me\/joinchat\/AAAAAErkF_wmjhwn7v7tdA\">https:\/\/t.me\/joinchat\/AAAAAErkF_wmjhwn7v7tdA<\/a><\/p>\n<ul>\n<li>Conmovedora carta de una enfermera de urgencias del Hospital de Alcoy.<\/li>\n<\/ul>\n<p><a href=\"https:\/\/www.aramultimedia.com\/commovedora-carta-duna-infermera-de-les-urgencies-de-lhospital-dalcoi-siguearespirando\">https:\/\/www.aramultimedia.com\/commovedora-carta-duna-infermera-de-les-urgencies-de-lhospital-dalcoi-siguearespirando<\/a><\/p>\n<ul>\n<li>Cuestionario que recoge datos acerca del coronavirus y su impacto en nuestras vidas; c\u00f3mo nos sentimos y c\u00f3mo nos enfrentamos a esta situaci\u00f3n de confinamiento social y de pandemia.<\/li>\n<\/ul>\n<p><a href=\"https:\/\/survey123.arcgis.com\/share\/d29378b51fe8496d8dd77f08ce73973f\">https:\/\/survey123.arcgis.com\/share\/d29378b51fe8496d8dd77f08ce73973f<\/a><\/p>\n<p>Tambi\u00e9n podemos encontrar el art\u00edculo que recoge los primeros datos de este cuestionario.<\/p>\n<p><a href=\"https:\/\/arxiv.org\/abs\/2004.01014\">https:\/\/arxiv.org\/abs\/2004.01014<\/a><\/p>\n<ul>\n<li>\u00bfCrees que tu hijo est\u00e1 m\u00e1s sensible, triste, preocupado, irritable o m\u00e1s nervioso de lo habitual? Estos d\u00edas son tambi\u00e9n estresantes para los ni\u00f1os. El miedo al Covid-19 y el aislamiento puede afectar su bienestar emocional. Detectar es el primer paso para poder ayudarles. Participa en un estudio dirigido por la Universidad Miguel Hern\u00e1ndez de Elche de detecci\u00f3n de ni\u00f1os y adolescentes que puedan necesitar ayuda psicol\u00f3gica.<br \/>\nSi est\u00e1s interesado, puedes acceder al formulario haciendo click en el siguiente enlace:<\/li>\n<\/ul>\n<p><a href=\"https:\/\/cutt.ly\/ytcPDG6\">https:\/\/cutt.ly\/ytcPDG6<\/a><\/p>\n<ul>\n<li>Son muchas las iniciativas que surgen estos d\u00edas de apoyo y refuerzo del estado de \u00e1nimo de los profesionales sanitarios. Hoy destacamos el manifiesto del alumnado de cuarto de enfermer\u00eda de la Facultad de Ciencias de la Salud, en reconocimiento al trabajo de sus tutores y tutoras en Hospitales y Centros de Salud.<\/li>\n<\/ul>\n<p><a href=\"https:\/\/www.aramultimedia.com\/carta-i-video-emotius-dels-estudiants-de-4t-dinfermeria-de-la-universitat-dalacant-al-personal-sanitari\">https:\/\/www.aramultimedia.com\/carta-i-video-emotius-dels-estudiants-de-4t-dinfermeria-de-la-universitat-dalacant-al-personal-sanitari<\/a><\/p>\n<ul>\n<li>Os dejamos el enlace de una bonita noticia de la UCI del hospital de Elche que est\u00e1 al pie de ca\u00f1\u00f3n en la lucha contra el coronavirus.<\/li>\n<\/ul>\n<p><a href=\"https:\/\/www.diarioinformacion.com\/elche\/2020\/03\/25\/carta-personal-uci-cuidamos-fueran\/2248828.html\">https:\/\/www.diarioinformacion.com\/elche\/2020\/03\/25\/carta-personal-uci-cuidamos-fueran\/2248828.html<\/a><\/p>\n","protected":false},"excerpt":{"rendered":"<p>Mensaje de una enfermera ante los acontecimientos de estos \u00faltimos d\u00edas. https:\/\/www.publico.es\/tremending\/2020\/08\/19\/coronavirus-dicen-que-el-virus-no-existe-despues-de-que-hayamos-visto-morir-a-tanta-gente-el-mensaje-de-una-enfermera-que-ha-estallado-en-twitter\/ Aqu\u00ed dejamos el enlace a un v\u00eddeo interesante del bi\u00f3logo Fernando Valladares, Doctor en Ciencias Biol\u00f3gicas e investigador del CSIC, sobre la importancia de proteger la biodiversiadad de &hellip; <a href=\"https:\/\/blogs.ua.es\/intervencioncrisis\/enlaces-de-interes\/\">Continue reading <span class=\"meta-nav\">&rarr;<\/span><\/a><\/p>\n","protected":false},"author":2414,"featured_media":0,"parent":0,"menu_order":0,"comment_status":"open","ping_status":"open","template":"","meta":{"footnotes":""},"class_list":["post-49","page","type-page","status-publish","hentry"],"_links":{"self":[{"href":"https:\/\/blogs.ua.es\/intervencioncrisis\/wp-json\/wp\/v2\/pages\/49","targetHints":{"allow":["GET"]}}],"collection":[{"href":"https:\/\/blogs.ua.es\/intervencioncrisis\/wp-json\/wp\/v2\/pages"}],"about":[{"href":"https:\/\/blogs.ua.es\/intervencioncrisis\/wp-json\/wp\/v2\/types\/page"}],"author":[{"embeddable":true,"href":"https:\/\/blogs.ua.es\/intervencioncrisis\/wp-json\/wp\/v2\/users\/2414"}],"replies":[{"embeddable":true,"href":"https:\/\/blogs.ua.es\/intervencioncrisis\/wp-json\/wp\/v2\/comments?post=49"}],"version-history":[{"count":14,"href":"https:\/\/blogs.ua.es\/intervencioncrisis\/wp-json\/wp\/v2\/pages\/49\/revisions"}],"predecessor-version":[{"id":579,"href":"https:\/\/blogs.ua.es\/intervencioncrisis\/wp-json\/wp\/v2\/pages\/49\/revisions\/579"}],"wp:attachment":[{"href":"https:\/\/blogs.ua.es\/intervencioncrisis\/wp-json\/wp\/v2\/media?parent=49"}],"curies":[{"name":"wp","href":"https:\/\/api.w.org\/{rel}","templated":true}]}}