{"id":24,"date":"2012-10-03T15:51:55","date_gmt":"2012-10-03T15:51:55","guid":{"rendered":"https:\/\/blogs.ua.es\/italiasiglosxvyxvi\/?page_id=24"},"modified":"2012-10-03T15:51:55","modified_gmt":"2012-10-03T15:51:55","slug":"hola-a-tods-hi-everybody","status":"publish","type":"page","link":"https:\/\/blogs.ua.es\/italiasiglosxvyxvi\/hola-a-tods-hi-everybody\/","title":{"rendered":"HOLA A TOD@S, HI EVERYBODY!"},"content":{"rendered":"<p><span style=\"color: #ff0000\">Hola a tod@s<\/span><\/p>\n<p><span style=\"color: #ff0000\">Hi everybody<\/span>!<\/p>\n<p>Mi nombre es <span style=\"color: #ff1493\"><strong>Andrea Olcina<\/strong>.<\/span> Como ya se\u00f1al\u00e9 en la p\u00e1gina de prueba, \u00a0soy estudiante de la Universidad de Alicante, concretamente alumna de la Licenciatura de Humanidades, realizando el cuarto a\u00f1o de dicha carrera.<\/p>\n<p>El blog que estoy realizando, y al igual que yo, el resto de compa\u00f1eros, lo hacemos a trav\u00e9s de la <span style=\"text-decoration: underline\">asignatura de Historia Moderna de Espa\u00f1a<\/span>, impartida por el <strong>profesor Antonio Carrasco.\u00a0<\/strong><\/p>\n<p>La finalidad a la que quiero llevar mi blog, es para informar a aquellos que est\u00e9n interesados,como a nivel personal, sobre qu\u00e9 fue lo que ocurri\u00f3 en la <em>Italia de los siglos XV y XVI<\/em>, es decir, hablar sobre su evoluci\u00f3n durante estos siglos, el aporte que trajo consigo tanto social, cultural o a modo de investigaci\u00f3n; y sobre todo intentar interactuar con mis compa\u00f1eros o aquellas personas que les interese este tema, de una manera did\u00e1ctica, d\u00e1ndoles o proporcion\u00e1ndoles dicha informaci\u00f3n, para que realicen aportaciones: ya sean a nivel personal, a nivel reflexivo como \u00a0poder realizar una aportaci\u00f3n en las que le pida por ejemplo como ell@os lo hubieran enfocado o que aportaciones hubieran hecho en esta \u00e9poca, y tambi\u00e9n si se me escapa alguna cuesti\u00f3n que no he mencionado, aportarla para ampliar la informaci\u00f3n acerca de este bonito Pa\u00eds en dichos siglos.<\/p>\n<p>Finalmente, espero no ser muy &#8220;espesa&#8221; o pesada durante la informaci\u00f3n aportada, y espero que os pueda ayudar de alguna manera, ya sea a modo de estudio o como consulta informativa.<\/p>\n<p>Muchas gracias y espero que os guste.<\/p>\n<p>Un saludo. <span style=\"color: #ff1493\"><strong>Andrea.<\/strong><\/span><\/p>\n","protected":false},"excerpt":{"rendered":"<p>Hola a tod@s Hi everybody! Mi nombre es Andrea Olcina. Como ya se\u00f1al\u00e9 en la p\u00e1gina de prueba, \u00a0soy estudiante de la Universidad de Alicante, concretamente alumna de la Licenciatura de Humanidades, realizando el cuarto a\u00f1o de dicha carrera. El blog que estoy realizando, y al igual que yo, el resto de compa\u00f1eros, lo hacemos [&hellip;]<\/p>\n","protected":false},"author":2722,"featured_media":0,"parent":0,"menu_order":0,"comment_status":"open","ping_status":"open","template":"","meta":{"footnotes":""},"class_list":["post-24","page","type-page","status-publish","hentry"],"_links":{"self":[{"href":"https:\/\/blogs.ua.es\/italiasiglosxvyxvi\/wp-json\/wp\/v2\/pages\/24","targetHints":{"allow":["GET"]}}],"collection":[{"href":"https:\/\/blogs.ua.es\/italiasiglosxvyxvi\/wp-json\/wp\/v2\/pages"}],"about":[{"href":"https:\/\/blogs.ua.es\/italiasiglosxvyxvi\/wp-json\/wp\/v2\/types\/page"}],"author":[{"embeddable":true,"href":"https:\/\/blogs.ua.es\/italiasiglosxvyxvi\/wp-json\/wp\/v2\/users\/2722"}],"replies":[{"embeddable":true,"href":"https:\/\/blogs.ua.es\/italiasiglosxvyxvi\/wp-json\/wp\/v2\/comments?post=24"}],"version-history":[{"count":1,"href":"https:\/\/blogs.ua.es\/italiasiglosxvyxvi\/wp-json\/wp\/v2\/pages\/24\/revisions"}],"predecessor-version":[{"id":25,"href":"https:\/\/blogs.ua.es\/italiasiglosxvyxvi\/wp-json\/wp\/v2\/pages\/24\/revisions\/25"}],"wp:attachment":[{"href":"https:\/\/blogs.ua.es\/italiasiglosxvyxvi\/wp-json\/wp\/v2\/media?parent=24"}],"curies":[{"name":"wp","href":"https:\/\/api.w.org\/{rel}","templated":true}]}}