{"id":30,"date":"2012-10-25T11:13:51","date_gmt":"2012-10-25T11:13:51","guid":{"rendered":"https:\/\/blogs.ua.es\/italiasiglosxvyxvi\/?page_id=30"},"modified":"2012-11-21T16:39:20","modified_gmt":"2012-11-21T16:39:20","slug":"contexto-historico","status":"publish","type":"page","link":"https:\/\/blogs.ua.es\/italiasiglosxvyxvi\/contexto-historico\/","title":{"rendered":"Contexto Hist\u00f3rico"},"content":{"rendered":"<p style=\"text-align: justify\">Tradicionalmente, en el siglo XVI abre para los historiadores occidentales el per\u00edodo de la <em><strong>Edad Moderna<\/strong><\/em>. Este concepto sorprende a muchos cuando se trata de calificar a los tres siglos, es decir, desde los grandes descubrimientos, a las revoluciones m\u00e1s importantes. De hecho a d\u00eda de hoy nos resultan muy ajenos por su civilizaci\u00f3n, sus instituciones y su sistema de valores; que sin embargo, poseen una denominaci\u00f3n justificada por la originalidad hist\u00f3rica que posee:<\/p>\n<ol>\n<ol>\n<li>\u00c9poca de paso progresivo.<\/li>\n<li>Interrumpido por numerosas crisis.<\/li>\n<li>Desde las formas medievales de sentir y pensar a las que nos son familiares, tanto en el \u00e1mbito de la vida econ\u00f3mica y los fundamentos de las relaciones sociales.<\/li>\n<li>Reglas est\u00e9ticas o del papel de los poderes del Estado.<\/li>\n<\/ol>\n<\/ol>\n<p style=\"text-align: justify\">La <em>Edad Media<\/em> no se acab\u00f3 ni en 1453, con la toma de Constantinopla por los turcos y la desaparici\u00f3n del \u00faltimo vestigio del Imperio romano de Oriente, ni en 1492 cuando\u00a0 Crist\u00f3bal Col\u00f3n y sus compa\u00f1eros creyendo tocar las costas orientales de las Indias, hicieron entrar a Am\u00e9rica en la historia y en la vida del Antiguo Mundo. Como todas \u00e9pocas hist\u00f3ricas, la <em>Edad Media<\/em> no acab\u00f3 de morir y dej\u00f3 por tanto, en las instituciones y en las mentalidades de los siglos posteriores, muchos elementos vivos y esenciales.<\/p>\n<p style=\"text-align: justify\">En el cuadro de <span style=\"color: #808080\">Europa <\/span>y del <span style=\"color: #808080\">mundo<\/span> que se preparaba a conquistar y dominar, en los \u00faltimos decenios del siglo XV, muestra tantas novedades presentes en cualquier caso en todos los dominios de la historia, que se hace necesario aceptar la vieja imagen del <em><strong>Renacimiento<\/strong><\/em> como un per\u00edodo de movimiento, de transformaci\u00f3n, renovaci\u00f3n, de creaci\u00f3n\u2026. M\u00e1s all\u00e1 de una larga crisis que hab\u00eda afectado m\u00e1s o menos profundamente (de forma duradera, a todas las regiones de Europa, a todos los sectores de la actividad humana, a todos los aspectos de la civilizaci\u00f3n medieval), se afirma una nueva \u00e9poca, cuyos signos deben ser inventarios como inicio a la presentaci\u00f3n del panorama del siglo.<\/p>\n<p>Concretamente y tratando el aspecto m\u00e1s importante en lo que se refiere a este<span style=\"color: #ff0000\"> blog<\/span>, en <strong>Italia<\/strong> nos vamos a encontrar con un movimiento cultural muy importante, <strong>El\u00a0Renacimiento<\/strong>. \u00c9ste,<strong> <\/strong>se inici\u00f3 en un per\u00edodo de grandes logros y cambios culturales en Europa que se extendi\u00f3 desde fines del siglo XIV hasta alrededor de 1600, constituyendo la transici\u00f3n entre el medievo y\u00a0Europa moderna.<\/p>\n<p>Aunque los or\u00edgenes del movimiento\u00a0(confinado principalmente a la cultura literaria, el esfuerzo intelectual y el mecenazgo), se\u00a0pueden retratar hasta inicios del siglo XIV.\u00a0Muchos de los aspectos sobre la <span style=\"color: #808080\">cultura italiana<\/span>, permanec\u00edan en su estado medieval y el <em>Renacimiento<\/em> no se desarroll\u00f3 totalmente hasta fin de siglo.<\/p>\n<p>La palabra\u00a0<em>Renacimiento<\/em> representa un significado que alude a un renovado inter\u00e9s del per\u00edodo en la cultura de la antig\u00fcedad cl\u00e1sica. Estos cambios significativos, estuvieron concentrados en las clases altas, y para la gran mayor\u00eda de la poblaci\u00f3n la vida cambi\u00f3 poco en relaci\u00f3n a la Edad Media.<\/p>\n<p>El <span style=\"color: #808080\"><em>renacimiento italiano<\/em><\/span> comenz\u00f3 en \u00a0la <em>Toscana<\/em>, con epicentro en las ciudades importantes como lo son\u00a0<em>Florencia<\/em> y <em>Siena<\/em>. Luego, tuvo un importante impacto en\u00a0<em>Roma<\/em>, que fue ornamentada con algunos edificios en el estilo\u00a0antiguo, y despu\u00e9s fuertemente reconstruida por los\u00a0Papas del siglo XVI. La cumbre del movimiento se dio a fines del siglo XV, mientras los invasores extranjeros sum\u00edan a la regi\u00f3n en el caos. Sin embargo, las ideas e ideales del renacimiento se difundieron por el resto de Europa, posibilitando el renacimiento n\u00f3rdico, centrado en <em>Fontainebleau<\/em> y <em>Amberes<\/em>,\u00a0y el renacimiento ingl\u00e9s. El <em><span style=\"color: #808080\">renacimiento italiano<\/span><\/em> tambi\u00e9n es conocido \u00a0por sus logros culturales, incluyendo as\u00ed:<\/p>\n<ul>\n<ul>\n<li><strong>Creaciones literarias<\/strong>: figuras de escritores importantes como <em>Petrarca, Castiglione y Maquiavelo<\/em>.<\/li>\n<li><strong>Obras de arte<\/strong>: destacan las figuras de <em>Miguel \u00c1ngel y Leonardo da Vinci<\/em>.<\/li>\n<li>En <strong>arquitectura:<\/strong>\u00a0la <em>Iglesia de Santa Mar\u00eda del Fiore,<\/em> en Florencia; y la <em>Bas\u00edlica de San Pedro<\/em> en Roma.<\/li>\n<\/ul>\n<\/ul>\n<p>&nbsp;<\/p>\n<p><span style=\"text-align: justify\">En tema de pol\u00edtica<strong>,<\/strong>\u00a0hemos de se\u00f1alar que fue un periodo de constantes luchas por el poder, unido a unos cambios din\u00e1sticos, que incluso llegando a guerras e invasiones extranjeras.<\/span><\/p>\n<p>A continuaci\u00f3n, les dejar\u00e9 unas cuantas im\u00e1genes para que se hagan una idea general de esos grandes logros que se llevaron a cabo y que he se\u00f1alado anteriormente.<\/p>\n<p>&nbsp;<\/p>\n<p>&nbsp;<\/p>\n<p><a title=\"Basilica San Pedro\" href=\"http:\/\/es.wikipedia.org\/wiki\/Bas%C3%ADlica_de_San_Pedro\"><img loading=\"lazy\" decoding=\"async\" class=\"alignleft\" src=\"http:\/\/upload.wikimedia.org\/wikipedia\/commons\/thumb\/5\/50\/0_Basilique_Saint-Pierre_-_Rome_%281%29.JPG\/364px-0_Basilique_Saint-Pierre_-_Rome_%281%29.JPG\" alt=\"0 Basilique Saint-Pierre - Rome (1).JPG\" width=\"364\" height=\"242\" \/><\/a><\/p>\n<p style=\"text-align: center\"><a title=\"Santa Maria del Fiore\" href=\"http:\/\/es.wikipedia.org\/wiki\/Santa_Mar%C3%ADa_del_Fiore\"><img loading=\"lazy\" decoding=\"async\" class=\"aligncenter\" src=\"http:\/\/upload.wikimedia.org\/wikipedia\/commons\/thumb\/f\/f8\/Firenze.Duomo05.JPG\/250px-Firenze.Duomo05.JPG\" alt=\"\" width=\"250\" height=\"333\" \/><\/a><\/p>\n<p>&nbsp;<\/p>\n<p>&nbsp;<\/p>\n<p><a title=\"Michelangelo Buonarroti\" href=\"http:\/\/es.wikipedia.org\/wiki\/Miguel_%C3%81ngel\"><img loading=\"lazy\" decoding=\"async\" class=\"alignleft\" src=\"http:\/\/upload.wikimedia.org\/wikipedia\/commons\/thumb\/1\/1a\/Michelangelo_portrait.JPG\/250px-Michelangelo_portrait.JPG\" alt=\"Michelangelo portrait.JPG\" width=\"250\" height=\"318\" \/><\/a><\/p>\n<p style=\"text-align: center\"><a title=\"Leonardo da Vinci\" href=\"http:\/\/es.wikipedia.org\/wiki\/Leonardo_da_Vinci\"><img loading=\"lazy\" decoding=\"async\" class=\"aligncenter\" src=\"http:\/\/upload.wikimedia.org\/wikipedia\/commons\/thumb\/f\/f9\/Leonardo_da_Vinci_-_Self-Portrait_-_WGA12798.jpg\/250px-Leonardo_da_Vinci_-_Self-Portrait_-_WGA12798.jpg\" alt=\"Leonardo da Vinci - Self-Portrait - WGA12798.jpg\" width=\"250\" height=\"390\" \/><\/a><\/p>\n<p>&nbsp;<\/p>\n<p>&nbsp;<\/p>\n<p>&nbsp;<\/p>\n<p><a title=\"Francesco Petrarca\" href=\"http:\/\/es.wikipedia.org\/wiki\/Petrarca\"><img loading=\"lazy\" decoding=\"async\" class=\"alignleft\" src=\"http:\/\/upload.wikimedia.org\/wikipedia\/commons\/5\/59\/Francesco_Petrarca00.jpg\" alt=\"File:Francesco Petrarca00.jpg\" width=\"254\" height=\"398\" \/><\/a><\/p>\n<p><a title=\"Baltasar Castiglione\" href=\"http:\/\/es.wikipedia.org\/wiki\/Baltasar_Castiglione\"><img loading=\"lazy\" decoding=\"async\" class=\"alignleft\" src=\"http:\/\/upload.wikimedia.org\/wikipedia\/commons\/thumb\/9\/99\/Balthazar_Castiglione%2C_by_Raffaello_Sanzio%2C_from_C2RMF_retouched.jpg\/482px-Balthazar_Castiglione%2C_by_Raffaello_Sanzio%2C_from_C2RMF_retouched.jpg\" alt=\"File:Balthazar Castiglione, by Raffaello Sanzio, from C2RMF retouched.jpg\" width=\"309\" height=\"384\" \/><\/a><\/p>\n<p><a title=\"Niccol\u00f2 di Bernardo dei Machiavelli\" href=\"http:\/\/es.wikipedia.org\/wiki\/Nicol%C3%A1s_Maquiavelo\"><img loading=\"lazy\" decoding=\"async\" class=\"alignleft\" src=\"http:\/\/upload.wikimedia.org\/wikipedia\/commons\/2\/27\/Santi_di_Tito_-_Niccolo_Machiavelli%27s_portrait_headcrop.jpg\" alt=\"File:Santi di Tito - Niccolo Machiavelli's portrait headcrop.jpg\" width=\"244\" height=\"312\" \/><\/a><\/p>\n<p>&nbsp;<\/p>\n<p>&nbsp;<\/p>\n<p>&nbsp;<\/p>\n","protected":false},"excerpt":{"rendered":"<p>Tradicionalmente, en el siglo XVI abre para los historiadores occidentales el per\u00edodo de la Edad Moderna. Este concepto sorprende a muchos cuando se trata de calificar a los tres siglos, es decir, desde los grandes descubrimientos, a las revoluciones m\u00e1s importantes. De hecho a d\u00eda de hoy nos resultan muy ajenos por su civilizaci\u00f3n, sus [&hellip;]<\/p>\n","protected":false},"author":2722,"featured_media":0,"parent":0,"menu_order":0,"comment_status":"open","ping_status":"open","template":"","meta":{"footnotes":""},"class_list":["post-30","page","type-page","status-publish","hentry"],"_links":{"self":[{"href":"https:\/\/blogs.ua.es\/italiasiglosxvyxvi\/wp-json\/wp\/v2\/pages\/30","targetHints":{"allow":["GET"]}}],"collection":[{"href":"https:\/\/blogs.ua.es\/italiasiglosxvyxvi\/wp-json\/wp\/v2\/pages"}],"about":[{"href":"https:\/\/blogs.ua.es\/italiasiglosxvyxvi\/wp-json\/wp\/v2\/types\/page"}],"author":[{"embeddable":true,"href":"https:\/\/blogs.ua.es\/italiasiglosxvyxvi\/wp-json\/wp\/v2\/users\/2722"}],"replies":[{"embeddable":true,"href":"https:\/\/blogs.ua.es\/italiasiglosxvyxvi\/wp-json\/wp\/v2\/comments?post=30"}],"version-history":[{"count":7,"href":"https:\/\/blogs.ua.es\/italiasiglosxvyxvi\/wp-json\/wp\/v2\/pages\/30\/revisions"}],"predecessor-version":[{"id":33,"href":"https:\/\/blogs.ua.es\/italiasiglosxvyxvi\/wp-json\/wp\/v2\/pages\/30\/revisions\/33"}],"wp:attachment":[{"href":"https:\/\/blogs.ua.es\/italiasiglosxvyxvi\/wp-json\/wp\/v2\/media?parent=30"}],"curies":[{"name":"wp","href":"https:\/\/api.w.org\/{rel}","templated":true}]}}