{"id":6,"date":"2012-09-12T16:25:29","date_gmt":"2012-09-12T16:25:29","guid":{"rendered":"https:\/\/blogs.ua.es\/italiasiglosxvyxvi\/?page_id=6"},"modified":"2012-09-12T16:25:29","modified_gmt":"2012-09-12T16:25:29","slug":"pagina-de-prueba","status":"publish","type":"page","link":"https:\/\/blogs.ua.es\/italiasiglosxvyxvi\/pagina-de-prueba\/","title":{"rendered":"P\u00e1gina de prueba"},"content":{"rendered":"<p>Hola me llamo <span style=\"text-decoration: underline\"><em><strong><span style=\"color: #ff99cc;text-decoration: underline\">Andrea<\/span><\/strong><\/em><\/span>, soy estudiante de Humanidades, de la Universidad de Alicante, y voy a llevar a cabo la utilizaci\u00f3n, edici\u00f3n y aclaraci\u00f3n sobre el tema de Italia durante los siglos XV y XVI.<\/p>\n<p>Estamos en la clase de Historia Moderna con el profesor Antonio Carrasco, realizando pruebas para la creaci\u00f3n y la utilizaci\u00f3n de blogs como he indicado en la primera entrada del blog.<\/p>\n","protected":false},"excerpt":{"rendered":"<p>Hola me llamo Andrea, soy estudiante de Humanidades, de la Universidad de Alicante, y voy a llevar a cabo la utilizaci\u00f3n, edici\u00f3n y aclaraci\u00f3n sobre el tema de Italia durante los siglos XV y XVI. Estamos en la clase de Historia Moderna con el profesor Antonio Carrasco, realizando pruebas para la creaci\u00f3n y la utilizaci\u00f3n [&hellip;]<\/p>\n","protected":false},"author":2722,"featured_media":0,"parent":0,"menu_order":0,"comment_status":"open","ping_status":"open","template":"","meta":{"footnotes":""},"class_list":["post-6","page","type-page","status-publish","hentry"],"_links":{"self":[{"href":"https:\/\/blogs.ua.es\/italiasiglosxvyxvi\/wp-json\/wp\/v2\/pages\/6","targetHints":{"allow":["GET"]}}],"collection":[{"href":"https:\/\/blogs.ua.es\/italiasiglosxvyxvi\/wp-json\/wp\/v2\/pages"}],"about":[{"href":"https:\/\/blogs.ua.es\/italiasiglosxvyxvi\/wp-json\/wp\/v2\/types\/page"}],"author":[{"embeddable":true,"href":"https:\/\/blogs.ua.es\/italiasiglosxvyxvi\/wp-json\/wp\/v2\/users\/2722"}],"replies":[{"embeddable":true,"href":"https:\/\/blogs.ua.es\/italiasiglosxvyxvi\/wp-json\/wp\/v2\/comments?post=6"}],"version-history":[{"count":1,"href":"https:\/\/blogs.ua.es\/italiasiglosxvyxvi\/wp-json\/wp\/v2\/pages\/6\/revisions"}],"predecessor-version":[{"id":7,"href":"https:\/\/blogs.ua.es\/italiasiglosxvyxvi\/wp-json\/wp\/v2\/pages\/6\/revisions\/7"}],"wp:attachment":[{"href":"https:\/\/blogs.ua.es\/italiasiglosxvyxvi\/wp-json\/wp\/v2\/media?parent=6"}],"curies":[{"name":"wp","href":"https:\/\/api.w.org\/{rel}","templated":true}]}}