{"id":2,"date":"2010-09-17T22:57:26","date_gmt":"2010-09-17T22:57:26","guid":{"rendered":""},"modified":"2012-01-08T21:13:11","modified_gmt":"2012-01-08T19:13:11","slug":"autor","status":"publish","type":"page","link":"https:\/\/blogs.ua.es\/jabibics\/autor\/","title":{"rendered":"Autor"},"content":{"rendered":"<p>Mi nombre es Javier Soler Cano tengo 22 a\u00f1os y este a\u00f1o comienzo mi etapa universitaria en GIM (Grado Ingenier\u00eda Multimedia) la verdad que no se mucho de matem\u00e1ticas, de hecho desde 4\u00ba ESO que no las he tocado y de esto hace ya unos 5 a\u00f1os por lo que adivinare\u00eds que no he hecho bachillerato, hice<strong><em> Explotaci\u00f3n de Sistemas Informaticos<\/em><\/strong> un grado medio y a continuaci\u00f3n <em><strong>Desarrollo de Aplicaciones Inform\u00e1ticas<\/strong><\/em> un grado superior lo que me proporcion\u00f3 la posibilidad de estar aqu\u00ed con una buena base de programaci\u00f3n y bases de datos pero un escaso por no decir nulo n\u00edvel tanto de matem\u00e1tcas como de f\u00edsica.<\/p>\n<p>Por eso quiero que este blog se caracterice por transmitir lo que vaya aprendiendo a medida que avance el curso de una forma que las personas que se encuentren en mi misma situaci\u00f3n puedan entender y comprender todo lo que vayamos dando en clase de forma clara y sencilla. \u00a1LO INTENTAR\u00c9!<\/p>\n<p><a href=\"https:\/\/twitter.com\/jsolerc\">@jsolerc<\/a><\/p>\n","protected":false},"excerpt":{"rendered":"<p>Mi nombre es Javier Soler Cano tengo 22 a\u00f1os y este a\u00f1o comienzo mi etapa universitaria en GIM (Grado Ingenier\u00eda Multimedia) la verdad que no se mucho de matem\u00e1ticas, de hecho desde 4\u00ba ESO que no las he tocado y de esto hace ya unos 5 a\u00f1os por lo que adivinare\u00eds que no he hecho [&hellip;]<\/p>\n","protected":false},"author":1760,"featured_media":0,"parent":0,"menu_order":0,"comment_status":"open","ping_status":"open","template":"","meta":{"footnotes":""},"class_list":["post-2","page","type-page","status-publish","hentry"],"_links":{"self":[{"href":"https:\/\/blogs.ua.es\/jabibics\/wp-json\/wp\/v2\/pages\/2","targetHints":{"allow":["GET"]}}],"collection":[{"href":"https:\/\/blogs.ua.es\/jabibics\/wp-json\/wp\/v2\/pages"}],"about":[{"href":"https:\/\/blogs.ua.es\/jabibics\/wp-json\/wp\/v2\/types\/page"}],"author":[{"embeddable":true,"href":"https:\/\/blogs.ua.es\/jabibics\/wp-json\/wp\/v2\/users\/1760"}],"replies":[{"embeddable":true,"href":"https:\/\/blogs.ua.es\/jabibics\/wp-json\/wp\/v2\/comments?post=2"}],"version-history":[{"count":6,"href":"https:\/\/blogs.ua.es\/jabibics\/wp-json\/wp\/v2\/pages\/2\/revisions"}],"predecessor-version":[{"id":3,"href":"https:\/\/blogs.ua.es\/jabibics\/wp-json\/wp\/v2\/pages\/2\/revisions\/3"}],"wp:attachment":[{"href":"https:\/\/blogs.ua.es\/jabibics\/wp-json\/wp\/v2\/media?parent=2"}],"curies":[{"name":"wp","href":"https:\/\/api.w.org\/{rel}","templated":true}]}}