{"id":380,"date":"2012-05-11T16:30:35","date_gmt":"2012-05-11T15:30:35","guid":{"rendered":"https:\/\/blogs.ua.es\/jjrr2011\/?page_id=380"},"modified":"2012-12-15T11:48:33","modified_gmt":"2012-12-15T10:48:33","slug":"tema-11","status":"publish","type":"page","link":"https:\/\/blogs.ua.es\/jjrr2011\/programa\/tema-11\/","title":{"rendered":"TEMA 11. Bigues isost\u00e0tiques"},"content":{"rendered":"<p style=\"text-align: justify\">Tot element sustentant que servisca per a uns fins pr\u00e0ctics cal que es dimensione i es constru\u00efsca de manera que quede assegurada la seua capacitat resistent, amb prou grau de seguretat per a totes les sol\u00b7licitacions que entren en consideraci\u00f3. Aix\u00f2 \u00e9s aplicable tant a un edifici com a un pont, a una grua, a una coberta, a un vehicle o a qualsevol altre tipus de m\u00e0quina o construcci\u00f3. En tots els casos, l&#8217;<strong>arquitecte<\/strong> o l\u2019<strong>enginyer<\/strong> hauran d&#8217;aportar en el seu <strong>projecte<\/strong> les <strong>garanties<\/strong> suficients que en qualsevol punt de cadascun dels <strong>elements constructius<\/strong> hi ha el grau de <strong>seguretat<\/strong> que cal, no tan sols d&#8217;acord amb les normes respectives, sin\u00f3 tamb\u00e9 pel que fa als l\u00edmits dels materials davant les sol\u00b7licitacions previstes.<\/p>\n<p style=\"text-align: justify\">Per tot aix\u00f2, fa falta estudiar de quina manera es transmet a trav\u00e9s dels elements estructurals el conjunt de forces exteriors (forces aplicades m\u00e9s reaccions en els suports). Denominarem <strong>biga<\/strong> tot element constructiu individual que permeta la transmissi\u00f3 de les forces exteriors en l&#8217;interior de qualsevol construcci\u00f3 t\u00e8cnica. Es tracta de cossos allargats en els quals predomina una de les dimensions sobre les altres. La missi\u00f3 principal de les bigues \u00e9s treballar a flexi\u00f3 i absorbir forces perpendiculars a la seua directriu.<\/p>\n<p style=\"text-align: justify\">Per tant, en aquest cap\u00edtol s&#8217;entendr\u00e0 el funcionament d&#8217;una biga, es calcularan les forces internes que hi actuen i es determinaran les <strong>lleis d&#8217;esfor\u00e7os tallants i moments flectors<\/strong>, aix\u00ed com <strong>dibuixar<\/strong>-les gr\u00e0ficament. Se suposar\u00e0 que el sistema de forces que actuen sobre el s\u00f2lid, siga discret o siga continu, est\u00e0 contingut en el pla de simetria d&#8217;aquest. Tamb\u00e9 s&#8217;aprendr\u00e0 a distingir les bigues isost\u00e0tiques de les hiperest\u00e0tiques d&#8217;acord al seu <strong>grau d&#8217;hiperestatisme<\/strong>. L&#8217;<strong>objectiu<\/strong> fonamental \u00e9s la <strong>resoluci\u00f3 d&#8217;una biga<\/strong>, \u00e9s a dir, obtenir les reaccions en els seus suports i els esfor\u00e7os tallants i moments flectors interns d&#8217;aquesta. En aquest estudi caldr\u00e0 saber les <strong>hip\u00f2tesis simplificadores<\/strong> utilitzades en la resoluci\u00f3 i els <strong>m\u00e8todes de resoluci\u00f3<\/strong> tant gr\u00e0fics com anal\u00edtics (<strong>m\u00e8tode de les seccions<\/strong> o <strong>general<\/strong>).<\/p>\n<p style=\"text-align: justify\">Un document amb un resum del contingut te\u00f2ric d&#8217;elasticitat i esfor\u00e7os en elements estructurals es pot descarregar des de l\u2019adre\u00e7a electr\u00f2nica del Repositori Institucional de la Universitat d\u2019Alacant: <a href=\"http:\/\/rua.ua.es\/dspace\/handle\/10045\/22316\">http:\/\/rua.ua.es\/dspace\/handle\/10045\/22316<\/a>. Podeu consultar la presentaci\u00f3 corresponent a la sessi\u00f3 de teoria de bigues isost\u00e0tiques en l\u2019adre\u00e7a electr\u00f2nica <a href=\"http:\/\/hdl.handle.net\/10045\/22396\">http:\/\/hdl.handle.net\/10045\/22396<\/a>.<\/p>\n<p style=\"text-align: justify\"><strong>Bibliografia<\/strong><\/p>\n<p style=\"text-align: justify\">Rodes Roca, J. J., Dur\u00e1 Dom\u00e9nech, A. i Vera Guarinos, J., <em>Fonaments f\u00edsics de les construccions arquitect\u00f2niques<\/em> (Publicacions de la Universitat d\u2019Alacant, Alacant, 2011). Cap\u00edtol 12.<\/p>\n<p style=\"text-align: justify\">Rodes Roca, J. J., <em>Exercicis i problemes dels fonaments f\u00edsics d\u2019arquitectura. I. Vectors lliscants i geometria de masses<\/em> (ECU, Alacant, 2009)<\/p>\n<p style=\"text-align: justify\">Tipler, P. A. i Mosca, G., F\u00edsica per a la ci\u00e8ncia i la tecnologia, Volum 1 (Revert\u00e9, Barcelona, 2010). Cap\u00edtols 1 i 12.<\/p>\n","protected":false},"excerpt":{"rendered":"<p>Tot element sustentant que servisca per a uns fins pr\u00e0ctics cal que es dimensione i es constru\u00efsca de manera que quede assegurada la seua capacitat resistent, amb prou grau de seguretat per a totes les sol\u00b7licitacions que entren en consideraci\u00f3. Aix\u00f2 \u00e9s aplicable tant a un edifici com a un pont, a una grua, a [&hellip;]<\/p>\n","protected":false},"author":2285,"featured_media":0,"parent":41,"menu_order":10,"comment_status":"open","ping_status":"open","template":"","meta":{"footnotes":""},"class_list":["post-380","page","type-page","status-publish","hentry"],"_links":{"self":[{"href":"https:\/\/blogs.ua.es\/jjrr2011\/wp-json\/wp\/v2\/pages\/380","targetHints":{"allow":["GET"]}}],"collection":[{"href":"https:\/\/blogs.ua.es\/jjrr2011\/wp-json\/wp\/v2\/pages"}],"about":[{"href":"https:\/\/blogs.ua.es\/jjrr2011\/wp-json\/wp\/v2\/types\/page"}],"author":[{"embeddable":true,"href":"https:\/\/blogs.ua.es\/jjrr2011\/wp-json\/wp\/v2\/users\/2285"}],"replies":[{"embeddable":true,"href":"https:\/\/blogs.ua.es\/jjrr2011\/wp-json\/wp\/v2\/comments?post=380"}],"version-history":[{"count":9,"href":"https:\/\/blogs.ua.es\/jjrr2011\/wp-json\/wp\/v2\/pages\/380\/revisions"}],"predecessor-version":[{"id":382,"href":"https:\/\/blogs.ua.es\/jjrr2011\/wp-json\/wp\/v2\/pages\/380\/revisions\/382"}],"up":[{"embeddable":true,"href":"https:\/\/blogs.ua.es\/jjrr2011\/wp-json\/wp\/v2\/pages\/41"}],"wp:attachment":[{"href":"https:\/\/blogs.ua.es\/jjrr2011\/wp-json\/wp\/v2\/media?parent=380"}],"curies":[{"name":"wp","href":"https:\/\/api.w.org\/{rel}","templated":true}]}}