{"id":271,"date":"2014-05-22T21:16:40","date_gmt":"2014-05-22T20:16:40","guid":{"rendered":"https:\/\/blogs.ua.es\/jornadasfcs\/?page_id=271"},"modified":"2014-05-22T21:16:40","modified_gmt":"2014-05-22T20:16:40","slug":"trabajos-presentados","status":"publish","type":"page","link":"https:\/\/blogs.ua.es\/jornadasfcs\/trabajos-presentados\/","title":{"rendered":"Trabajos presentados"},"content":{"rendered":"<p><a href=\"https:\/\/docs.google.com\/presentation\/d\/1KKEv41y9E0DLGCve6B8IkfqpQja4xIZmjB0j60rVong\/edit?usp=sharing\">Evaluaci\u00f3n de la calidad en los procedimientos de enfermer\u00eda de los centros concertados para pr\u00e1cticum<\/a><\/p>\n","protected":false},"excerpt":{"rendered":"<p>Evaluaci\u00f3n de la calidad en los procedimientos de enfermer\u00eda de los centros concertados para pr\u00e1cticum<\/p>\n","protected":false},"author":3217,"featured_media":0,"parent":0,"menu_order":0,"comment_status":"open","ping_status":"open","template":"","meta":{"footnotes":""},"class_list":["post-271","page","type-page","status-publish","hentry"],"_links":{"self":[{"href":"https:\/\/blogs.ua.es\/jornadasfcs\/wp-json\/wp\/v2\/pages\/271","targetHints":{"allow":["GET"]}}],"collection":[{"href":"https:\/\/blogs.ua.es\/jornadasfcs\/wp-json\/wp\/v2\/pages"}],"about":[{"href":"https:\/\/blogs.ua.es\/jornadasfcs\/wp-json\/wp\/v2\/types\/page"}],"author":[{"embeddable":true,"href":"https:\/\/blogs.ua.es\/jornadasfcs\/wp-json\/wp\/v2\/users\/3217"}],"replies":[{"embeddable":true,"href":"https:\/\/blogs.ua.es\/jornadasfcs\/wp-json\/wp\/v2\/comments?post=271"}],"version-history":[{"count":1,"href":"https:\/\/blogs.ua.es\/jornadasfcs\/wp-json\/wp\/v2\/pages\/271\/revisions"}],"predecessor-version":[{"id":272,"href":"https:\/\/blogs.ua.es\/jornadasfcs\/wp-json\/wp\/v2\/pages\/271\/revisions\/272"}],"wp:attachment":[{"href":"https:\/\/blogs.ua.es\/jornadasfcs\/wp-json\/wp\/v2\/media?parent=271"}],"curies":[{"name":"wp","href":"https:\/\/api.w.org\/{rel}","templated":true}]}}